{"text_format":"1","workbook":"xlsx","n_sheets":10,"sheets":["Div legend","Saturday","Sunday 3-Lift","Sunday Deadlift","Sunday Bench","Age Factors","mwf","wwf","Classes","Module1"],"not_rendered":{"charts":0,"images":0,"macros":1,"external_links":0,"defined_names":11,"comments":0,"pivot_tables":0},"unopened":[],"bounds":{"document_bytes":16777216,"sheet_cells":100000,"rows_first":2000,"rows_last":500,"rows_between":2000,"halvings":0,"cell_chars":16384,"cell_head_chars":4096},"cells_cut":0,"cells_raw":0,"read":"whole","date_system":"1900"}

{"sheet":"Div legend","index":0,"n_rows":36,"n_cols":2,"rows_kept":36,"cut":false,"hidden":false,"merged":[[0,0,1,1]]}
["Divisions"]
[]
["Abbrev","Description"]
["M-Nov","Men's Novice"]
["M-T2ST","T(16-17) Single Tested"]
["M-T3RT","T(18-19) Raw Tested"]
["M-M3R","M(50-54) Raw"]
["M-M3RT","M(50-54) Raw Tested"]
["M-M4RT","M(55-59) Raw Tested"]
["M-M3R","M(40-44) Raw"]
["M-M2RT","M(45-49) Raw Tested"]
["M-M1RT","M(40-44) Raw Tested"]
["M-OR","Men's Open Raw"]
["M-ORT","Men's Open Raw Tested"]
["M-OS","Open Single Ply"]
["M-OST","Open Single Ply Tested"]
["M-SM S","SubM Single Ply"]
["M-SMST","SubM Single Ply Tested"]
["M-M4M","M(55-59) Multi Ply"]
["M-OM","Open Multi Ply"]
["F-Nov","Women's Novice"]
["F-OR","Women's Open Raw"]
["F-ORT","W Open Raw Tested"]
["F-JRT","WJunior Raw Tested"]
["F-M1RT","W M(40-44) Raw Tested"]
["M-JRT","Men's Junior Raw Tested"]
["M-M4MT","Men's M(55-59)Multi Tested"]
["M-M1R","M(45-49) Raw "]
["M-M2R ","M (55-59) Raw"]
["F-M1R","W M(40-44) Raw "]
["M-T3R","T(18-19) Raw"]
["F-M2RT","W Sub M (33-39) Raw"]
["M-SM2T","M Sub M (33-39) RawTested"]
["M-SM2R","M Sub M (33-39) Raw"]
["M-T4RT","T(13-15) Raw Tested"]
["M-R","Mens (20-24) Raw"]

{"sheet":"Saturday","index":1,"n_rows":21,"n_cols":17,"rows_kept":21,"cut":false,"hidden":false,"merged":[[0,1,0,5]]}
[null,null,null,null,null,null,null,{"$f":"IF(ISBLANK(A1),\"\",G1*2.2046)","v":""},null,{"$f":"IF(ISBLANK(A1),\"\",I1*2.2046)","v":""},null,{"$f":"IF(ISBLANK(A1),\"\",K1*2.2046)","v":""},{"$f":"IF(ISBLANK(A1),\"\",G1+I1+K1)","v":""},{"$f":"IF(ISBLANK(A1),\"\",M1*2.2046)","v":""},{"$f":"IF(ISNUMBER(C1),IF(LEFT(F1,1)=\"M\",VLOOKUP(C1,mwf!A:B,2),VLOOKUP(C1,wwf!A:B,2)),\"\")","v":""},{"$f":"IF(ISNUMBER(B1),VLOOKUP(B1,af,2),\"\")","v":""},{"$f":"IF(ISBLANK(A1),\"\",M1*P1*O1)","v":""}]
["SATURDAY",null,"BWT","BWT","weight ","DIV","Squat","Squat","Bench","Bench","Dead","Dead","Total","Total","WgtFctr","Age Fctr","Coef."]
["Lifter's Name","Age","(kgs.)","(lbs.)","class",null,"(kgs.)","(lbs.)","(kgs.)","(lbs.)","(kgs.)","(lbs.)","(kgs.)","(lbs.)",{"$f":"IF(ISNUMBER(C3),IF(LEFT(F3,1)=\"M\",VLOOKUP(C3,mwf,2),VLOOKUP(C3,wwf,2)),\"\")","v":""},{"$f":"IF(ISNUMBER(B3),VLOOKUP(B3,af,2),\"\")","v":""}]
[null,null,null,{"$f":"IF(ISBLANK(A4),\"\",C4*2.2046)","v":""},null,null,null,{"$f":"IF(ISBLANK(A4),\"\",G4*2.2046)","v":""},null,{"$f":"IF(ISBLANK(A4),\"\",I4*2.2046)","v":""},null,{"$f":"IF(ISBLANK(A4),\"\",K4*2.2046)","v":""},{"$f":"IF(ISBLANK(A4),\"\",G4+I4+K4)","v":""},{"$f":"IF(ISBLANK(A4),\"\",M4*2.2046)","v":""},{"$f":"IF(ISNUMBER(C4),IF(LEFT(F4,1)=\"M\",VLOOKUP(C4,mwf!A:B,2),VLOOKUP(C4,wwf!A:B,2)),\"\")","v":""},{"$f":"IF(ISNUMBER(B4),VLOOKUP(B4,af,2),\"\")","v":""},{"$f":"IF(ISBLANK(A4),\"\",M4*P4*O4)","v":""}]
["Cosette Neely",37,43.8,{"$f":"IF(ISBLANK(A5),\"\",C5*2.2046)","v":96.561480000000003},97,"F-SPO",null,0,92.5,203.9255,null,0,92.5,203.9255,{"$f":"IF(ISNUMBER(C5),IF(LEFT(F5,1)=\"M\",VLOOKUP(C5,mwf!A:B,2),VLOOKUP(C5,wwf!A:B,2)),\"\")","v":1.2621},{"$f":"IF(ISNUMBER(B5),VLOOKUP(B5,af,2),\"\")","v":1},116.74424999999999]
["Kristin Floreno (Open)",33,46.8,103.17528,105,"F-MPO",85,187.39100000000002,52.5,115.7415,90,198.41400000000002,227.5,501.54650000000004,{"$f":"IF(ISNUMBER(C6),IF(LEFT(F6,1)=\"M\",VLOOKUP(C6,mwf!A:B,2),VLOOKUP(C6,wwf!A:B,2)),\"\")","v":1.2019},1,273.43225000000001]
["Kristin Floreno (Sub)",33,46.8,103.17528,105,"F-MPSM",85,187.39100000000002,52.5,115.7415,90,198.41400000000002,227.5,501.54650000000004,{"$f":"IF(ISNUMBER(C7),IF(LEFT(F7,1)=\"M\",VLOOKUP(C7,mwf!A:B,2),VLOOKUP(C7,wwf!A:B,2)),\"\")","v":1.2019},1,273.43225000000001]
["Kerri (Kady) Hurlock",17,50.4,111.11184,114,"F-SPT2",57.5,126.76450000000001,32.5,71.649500000000003,70,154.322,160,352.73599999999999,{"$f":"IF(ISNUMBER(C8),IF(LEFT(F8,1)=\"M\",VLOOKUP(C8,mwf!A:B,2),VLOOKUP(C8,wwf!A:B,2)),\"\")","v":1.1352},1.08,196.16256000000001]
["Caitlin NathalieSullivan",24,74.400000000000006,164.02224000000001,165,"F-MPO",227.5,501.54650000000004,105,231.483,182.5,402.33950000000004,515,1135.3690000000001,{"$f":"IF(ISNUMBER(C9),IF(LEFT(F9,1)=\"M\",VLOOKUP(C9,mwf!A:B,2),VLOOKUP(C9,wwf!A:B,2)),\"\")","v":0.84065000000000012},1,432.93475000000007]
["Joan Hurlock",49,69.2,152.55832000000001,165,"F-SPM2, BP",85,187.39100000000002,57.5,126.76450000000001,105,231.483,247.5,545.63850000000002,{"$f":"IF(ISNUMBER(C10),IF(LEFT(F10,1)=\"M\",VLOOKUP(C10,mwf!A:B,2),VLOOKUP(C10,wwf!A:B,2)),\"\")","v":0.88350000000000006},1.113,243.37553624999998]
["Joan Hurlock",49,69.2,152.55832000000001,165,"F-SPM2, DL",85,187.39100000000002,57.5,126.76450000000001,105,231.483,247.5,545.63850000000002,{"$f":"IF(ISNUMBER(C11),IF(LEFT(F11,1)=\"M\",VLOOKUP(C11,mwf!A:B,2),VLOOKUP(C11,wwf!A:B,2)),\"\")","v":0.88350000000000006},1.113,243.37553624999998]
["Joan Hurlock",49,69.2,152.55832000000001,165,"F-SPM2, PL",85,187.39100000000002,57.5,126.76450000000001,105,231.483,247.5,545.63850000000002,{"$f":"IF(ISNUMBER(C12),IF(LEFT(F12,1)=\"M\",VLOOKUP(C12,mwf!A:B,2),VLOOKUP(C12,wwf!A:B,2)),\"\")","v":0.88350000000000006},1.113,243.37553624999998]
["Krista Ford",48,82.5,181.87950000000001,181,"F-MPM2",237.5,523.59249999999997,110,242.506,192.5,424.38550000000004,540,1190.4840000000002,{"$f":"IF(ISNUMBER(C13),IF(LEFT(F13,1)=\"M\",VLOOKUP(C13,mwf!A:B,2),VLOOKUP(C13,wwf!A:B,2)),\"\")","v":0.78655000000000008},1.097,465.93648900000005]
["Abigail Mass",17,88,194.00480000000002,198,"F-MPT2",182.5,402.33950000000004,87.5,192.9025,132.5,292.10950000000003,402.5,887.3515000000001,{"$f":"IF(ISNUMBER(C14),IF(LEFT(F14,1)=\"M\",VLOOKUP(C14,mwf!A:B,2),VLOOKUP(C14,wwf!A:B,2)),\"\")","v":0.75695000000000001},1.08,329.04616500000003]
["Linda Koos",60,96.8,213.40528,220,"F-MPM5",null,0,47.5,104.71850000000001,null,0,47.5,104.71850000000001,{"$f":"IF(ISNUMBER(C15),IF(LEFT(F15,1)=\"M\",VLOOKUP(C15,mwf!A:B,2),VLOOKUP(C15,wwf!A:B,2)),\"\")","v":0.72485000000000011},1.34,46.136702500000013]
[null,null,null,{"$f":"IF(ISBLANK(A16),\"\",C16*2.2046)","v":""},null,null,null,{"$f":"IF(ISBLANK(A16),\"\",G16*2.2046)","v":""},null,{"$f":"IF(ISBLANK(A16),\"\",I16*2.2046)","v":""},null,{"$f":"IF(ISBLANK(A16),\"\",K16*2.2046)","v":""},{"$f":"IF(ISBLANK(A16),\"\",G16+I16+K16)","v":""},{"$f":"IF(ISBLANK(A16),\"\",M16*2.2046)","v":""},{"$f":"IF(ISNUMBER(C16),IF(LEFT(F16,1)=\"M\",VLOOKUP(C16,mwf!A:B,2),VLOOKUP(C16,wwf!A:B,2)),\"\")","v":""},{"$f":"IF(ISNUMBER(B16),VLOOKUP(B16,af,2),\"\")","v":""},{"$f":"IF(ISBLANK(A16),\"\",M16*P16*O16)","v":""}]
["Jason Gonzales",22,65.2,143.73992000000001,148,"M-SPJR",182.5,{"$f":"IF(ISBLANK(A17),\"\",G17*2.2046)","v":402.33950000000004},137.5,{"$f":"IF(ISBLANK(A17),\"\",I17*2.2046)","v":303.13249999999999},182.5,{"$f":"IF(ISBLANK(A17),\"\",K17*2.2046)","v":402.33950000000004},{"$f":"IF(ISBLANK(A17),\"\",G17+I17+K17)","v":502.5},{"$f":"IF(ISBLANK(A17),\"\",M17*2.2046)","v":1107.8115},{"$f":"IF(ISNUMBER(C17),IF(LEFT(F17,1)=\"M\",VLOOKUP(C17,mwf!A:B,2),VLOOKUP(C17,wwf!A:B,2)),\"\")","v":0.77120000000000011},1.01,{"$f":"IF(ISBLANK(A17),\"\",M17*P17*O17)","v":391.40328000000005}]
["Ed Castaneda",23,81.400000000000006,179.45444000000003,181,"M-SPJR",222.5,{"$f":"IF(ISBLANK(A18),\"\",G18*2.2046)","v":490.52350000000001},137.5,{"$f":"IF(ISBLANK(A18),\"\",I18*2.2046)","v":303.13249999999999},205,{"$f":"IF(ISBLANK(A18),\"\",K18*2.2046)","v":451.94300000000004},{"$f":"IF(ISBLANK(A18),\"\",G18+I18+K18)","v":565},{"$f":"IF(ISBLANK(A18),\"\",M18*2.2046)","v":1245.5990000000002},{"$f":"IF(ISNUMBER(C18),IF(LEFT(F18,1)=\"M\",VLOOKUP(C18,mwf!A:B,2),VLOOKUP(C18,wwf!A:B,2)),\"\")","v":0.65024999999999999},1,{"$f":"IF(ISBLANK(A18),\"\",M18*P18*O18)","v":367.39125000000001}]
["Zach Hallford",18,94.4,208.11424000000002,220,"M-SPT3",277.5,{"$f":"IF(ISBLANK(A19),\"\",G19*2.2046)","v":611.77650000000006},190,{"$f":"IF(ISBLANK(A19),\"\",I19*2.2046)","v":418.87400000000002},232.5,{"$f":"IF(ISBLANK(A19),\"\",K19*2.2046)","v":512.56950000000006},{"$f":"IF(ISBLANK(A19),\"\",G19+I19+K19)","v":700},{"$f":"IF(ISBLANK(A19),\"\",M19*2.2046)","v":1543.22},{"$f":"IF(ISNUMBER(C19),IF(LEFT(F19,1)=\"M\",VLOOKUP(C19,mwf!A:B,2),VLOOKUP(C19,wwf!A:B,2)),\"\")","v":0.59675},1.06,{"$f":"IF(ISBLANK(A19),\"\",M19*P19*O19)","v":442.7885}]
["Zach Henson",22,96.8,213.40528,220,"M-MPJR",372.5,{"$f":"IF(ISBLANK(A20),\"\",G20*2.2046)","v":821.21350000000007},227.5,{"$f":"IF(ISBLANK(A20),\"\",I20*2.2046)","v":501.54650000000004},302.5,{"$f":"IF(ISBLANK(A20),\"\",K20*2.2046)","v":666.89150000000006},{"$f":"IF(ISBLANK(A20),\"\",G20+I20+K20)","v":902.5},{"$f":"IF(ISBLANK(A20),\"\",M20*2.2046)","v":1989.6515000000002},{"$f":"IF(ISNUMBER(C20),IF(LEFT(F20,1)=\"M\",VLOOKUP(C20,mwf!A:B,2),VLOOKUP(C20,wwf!A:B,2)),\"\")","v":0.58965000000000001},1.01,{"$f":"IF(ISBLANK(A20),\"\",M20*P20*O20)","v":537.48071625}]
["Brett Cutler",23,97.6,215.16896,220,"M-SPJR",null,{"$f":"IF(ISBLANK(A21),\"\",G21*2.2046)","v":0},null,{"$f":"IF(ISBLANK(A21),\"\",I21*2.2046)","v":0},255,{"$f":"IF(ISBLANK(A21),\"\",K21*2.2046)","v":562.173},{"$f":"IF(ISBLANK(A21),\"\",G21+I21+K21)","v":255},{"$f":"IF(ISBLANK(A21),\"\",M21*2.2046)","v":562.173},{"$f":"IF(ISNUMBER(C21),IF(LEFT(F21,1)=\"M\",VLOOKUP(C21,mwf!A:B,2),VLOOKUP(C21,wwf!A:B,2)),\"\")","v":0.58745000000000003},1,{"$f":"IF(ISBLANK(A21),\"\",M21*P21*O21)","v":149.79975000000002}]

{"sheet":"Sunday 3-Lift","index":2,"n_rows":49,"n_cols":24,"rows_kept":49,"cut":false,"hidden":false,"merged":[[0,1,0,23],[25,1,25,23]]}
["2015-06-28","APF Equipped Nationals - Sunday Full Power - Kg Results"]
["Name","Age","Div","BWt (Kg)","WtCls (Kg)","Glossbrenner"," Squat  1"," Squat  2"," Squat  3","Best Squat","Bench 1","Bench 2","Bench 3","Best Bench","Sub Total","Deadlift 1","Deadlift 2","Deadlift 3","Best Deadlift","PL Total","Coeff Score","Age  & Coeff","Pl-Div-WtCl","Team"]
["Alan Borden (M3)",51,"M-SPM3",130,140,0.5403,265,287.5,-310,287.5,172.5,182.5,-192.5,182.5,470,-230,230,-245,230,700,378.21,433.80687,"1-M-SPM3-140","TGS Gym"]
["Andrew Buschbom",32,"M-MPO",117,125,0.55404999999999993,337.5,352.5,365,365,200,210,220,220,585,325,-345,null,325,910,504.18549999999993,504.18549999999993,"3-M-MPO-125","Diablo Barbell"]
["Chris A Garcia",58,"M-SPM4",99.2,100,0.58330000000000004,282.5,297.5,-320,297.5,45,null,null,45,342.5,142.5,null,null,142.5,485,282.90050000000002,365.22454550000003,"1-M-SPM4-100"]
["Craig Allen Clites",27,"M-MPO",123.8,125,0.54685000000000006,372.5,392.5,-410,392.5,227.5,257.5,-265,257.5,650,282.5,305,-320,305,955,522.24175000000002,522.24175000000002,"2-M-MPO-125","Trap Haus Barbell Club"]
["Dana Walker",38,"M-MPO",80.2,82.5,0.65670000000000006,320,-335,-335,320,240,255,-272.5,255,575,-252.5,252.5,-275,252.5,827.5,543.41925000000003,543.41925000000003,"2-M-MPO-82.5","Brutal Powerlifting"]
["Dave Hoff",27,"M-MPO",125.4,140,0.54500000000000004,480,510,-537.5,510,-437.5,null,null,0,0,null,null,null,0,0,0,0,0]
["David Woolley",34,"M-MPSM",118,125,0.55300000000000005,-237.5,245,270,270,182.5,190,200,200,470,237.5,250,272.5,272.5,742.5,410.60250000000002,410.60250000000002,"1-M-MPSM-125"]
["Dayan Neely",37,"M-MPO",107.8,110,0.56580000000000008,350,367.5,-377.5,367.5,240,null,null,240,607.5,285,300,310,310,917.5,519.12150000000008,519.12150000000008,"1-M-MPO-110","Diablo Barbell"]
["Dustin Slepicka",28,"M-MPO",181,"SHW",0.50166999999999995,-485,-517.5,-517.5,0,-257.5,null,null,0,0,345,-377.5,null,345,0,0,0,0,"Big Iron Compound"]
["Dustin Timothy Johnson",27,"M-MPO",99,100,0.58379999999999999,332.5,-352.5,352.5,352.5,217.5,-227.5,227.5,227.5,580,-275,-275,275,275,855,499.149,499.149,"1-M-MPO-100","Diablo Barbell"]
["Fred Choate",45,"M-MPM2",88,90,0.61970000000000003,-172.5,-192.5,192.5,192.5,-125,-125,125,125,317.5,172.5,182.5,192.5,192.5,510,316.04700000000003,333.42958500000003,"1-M-MPM2-90","Team Fua Ortiz Powerlifting"]
["Gary Reichert",55,"M-MPM4",70.400000000000006,75,0.72289999999999999,-205,205,-227.5,205,100,142.5,147.5,147.5,352.5,200,237.5,-250,237.5,590,426.51099999999997,522.47597499999995,"1-M-MPM4-75"]
["James Grandick (M2)",46,"M-MPM2",122.6,125,0.54820000000000002,432.5,445,-455,445,330,-345,345,345,790,305,-327.5,327.5,327.5,1117.5,612.61350000000004,654.27121800000009,"1-M-MPM2-125","Big Iron Compound"]
["James Grandick (Open)",46,"M-MPO",122.6,125,0.54820000000000002,432.5,445,-455,445,330,-345,345,345,790,305,-327.5,327.5,327.5,1117.5,612.61350000000004,654.27121800000009,"1-M-MPO-125","Big Iron Compound"]
["Joe Mass",45,"M-MPM2",124.2,125,0.54635,-310,-310,310,310,195,-205,205,205,515,227.5,242.5,250,250,765,417.95774999999998,440.94542624999997,"2-M-MPM2-125","Big Iron Compound"]
["Matt Olsen",25,"M-SPO",158,"SHW",0.51719999999999999,365,385,-400,385,-245,-245,245,245,630,-292.5,292.5,-310,292.5,922.5,477.11700000000002,477.11700000000002,"1-M-SPO-SHW","Absolute Power"]
["Mike Strom",35,"M-MPO",81.599999999999994,82.5,0.64924999999999999,345,365,-372.5,365,275,-292.5,-292.5,275,640,227.5,250,-267.5,250,890,577.83249999999998,577.83249999999998,"1-M-MPO-82.5","Monster Garage Gym"]
["Mitchell Deskis",24,"M-SPO",81.599999999999994,82.5,0.64924999999999999,245,260,277.5,277.5,147.5,157.5,-165,157.5,435,275,285,-295,285,720,467.46,467.46,"1-M-SPO-82.5"]
["Ryan Marble",28,"M-SPO",89,90,0.61570000000000003,252.5,-265,265,265,220,235,245,245,510,-237.5,-237.5,237.5,237.5,747.5,460.23575,460.23575,"1-M-SPO-90","Brutal Powerlifting"]
["Scott Kuderick",41,"M-MPO",90,90,0.61185,-305,305,null,305,160,null,null,160,465,222.5,245,-272.5,245,710,434.4135,438.75763499999999,"1-M-MPO-90","Liberation Garage Barbell"]
["Steve Brock (M1)",44,"M-MPM1",138,140,0.53280000000000005,-422.5,-422.5,-422.5,0,-295,null,null,0,0,null,null,null,0,0,0,0,0,"Monster Garage Gym"]
["Steve Brock (Open)",44,"M-MPO",138,140,0.53280000000000005,-422.5,-422.5,-422.5,0,-295,null,null,0,0,null,null,null,0,0,0,0,0,"Monster Garage Gym"]
[]
[null,"APF Equipped Nationals - Sunday Full Power - Lb Results"]
["Name","Age","Div","BWt (Kg)","WtCls (Kg)","Glossbrenner"," Squat  1"," Squat  2"," Squat  3","Best Squat","Bench 1","Bench 2","Bench 3","Best Bench","Sub Total","Deadlift 1","Deadlift 2","Deadlift 3","Best Deadlift","PL Total","Coeff Score","Age  & Coeff","Pl-Div-WtCl","Team"]
["Alan Borden (M3)",51,"M-SPM3",130,140,0.5403,584.21900000000005,633.82249999999999,-683.42600000000004,633.82249999999999,380.29349999999999,402.33950000000004,-424.38550000000004,402.33950000000004,1036.162,-507.05800000000005,507.05800000000005,-540.12700000000007,507.05800000000005,1543.22,378.21,433.80687,"1-M-SPM3-140","TGS Gym"]
["Andrew Buschbom",32,"M-MPO",117,125,0.55404999999999993,744.05250000000001,777.12150000000008,804.67900000000009,804.67900000000009,440.92,462.96600000000001,485.012,485.012,1289.691,716.495,-760.58699999999999,0,716.495,2006.1860000000001,504.18549999999993,504.18549999999993,"3-M-MPO-125","Diablo Barbell"]
["Chris A Garcia",58,"M-SPM4",99.2,100,0.58330000000000004,622.79950000000008,655.86850000000004,-705.47199999999998,655.86850000000004,99.207000000000008,0,0,99.207000000000008,755.07550000000003,314.15550000000002,0,0,314.15550000000002,1069.231,282.90050000000002,365.22454550000003,"1-M-SPM4-100"]
["Craig Allen Clites",27,"M-MPO",123.8,125,0.54685000000000006,821.21350000000007,865.30550000000005,-903.88600000000008,865.30550000000005,501.54650000000004,567.68450000000007,-584.21900000000005,567.68450000000007,1432.99,622.79950000000008,672.40300000000002,-705.47199999999998,672.40300000000002,2105.393,522.24175000000002,522.24175000000002,"2-M-MPO-125","Trap Haus Barbell Club"]
["Dana Walker",38,"M-MPO",80.2,82.5,0.65670000000000006,705.47199999999998,-738.54100000000005,-738.54100000000005,705.47199999999998,529.10400000000004,562.173,-600.75350000000003,562.173,1267.645,-556.66150000000005,556.66150000000005,-606.26499999999999,556.66150000000005,1824.3065000000001,543.41925000000003,543.41925000000003,"2-M-MPO-82.5","Brutal Powerlifting"]
["Dave Hoff",27,"M-MPO",125.4,140,0.54500000000000004,1058.2080000000001,1124.346,-1184.9725000000001,1124.346,-964.51250000000005,0,0,0,0,0,0,0,0,0,0,0,0]
["David Woolley",34,"M-MPSM",118,125,0.55300000000000005,-523.59249999999997,540.12700000000007,595.24200000000008,595.24200000000008,402.33950000000004,418.87400000000002,440.92,440.92,1036.162,523.59249999999997,551.15,600.75350000000003,600.75350000000003,1636.9155000000001,410.60250000000002,410.60250000000002,"1-M-MPSM-125"]
["Dayan Neely",37,"M-MPO",107.8,110,0.56580000000000008,771.61,810.19050000000004,-832.23650000000009,810.19050000000004,529.10400000000004,0,0,529.10400000000004,1339.2945,628.31100000000004,661.38,683.42600000000004,683.42600000000004,2022.7205000000001,519.12150000000008,519.12150000000008,"1-M-MPO-110","Diablo Barbell"]
["Dustin Slepicka",28,"M-MPO",181,"SHW",0.50166999999999995,-1069.231,-1140.8805,-1140.8805,0,-567.68450000000007,0,0,0,0,760.58699999999999,-832.23650000000009,0,760.58699999999999,0,0,0,0,"Big Iron Compound"]
["Dustin Timothy Johnson",27,"M-MPO",99,100,0.58379999999999999,733.02949999999998,-777.12150000000008,777.12150000000008,777.12150000000008,479.50050000000005,-501.54650000000004,501.54650000000004,501.54650000000004,1278.6680000000001,-606.26499999999999,-606.26499999999999,606.26499999999999,606.26499999999999,1884.933,499.149,499.149,"1-M-MPO-100","Diablo Barbell"]
["Fred Choate",45,"M-MPM2",88,90,0.61970000000000003,-380.29349999999999,-424.38550000000004,424.38550000000004,424.38550000000004,-275.57499999999999,-275.57499999999999,275.57499999999999,275.57499999999999,699.96050000000002,380.29349999999999,402.33950000000004,424.38550000000004,424.38550000000004,1124.346,316.04700000000003,333.42958500000003,"1-M-MPM2-90","Team Fua Ortiz Powerlifting"]
["Gary Reichert",55,"M-MPM4",70.400000000000006,75,0.72289999999999999,-451.94300000000004,451.94300000000004,-501.54650000000004,451.94300000000004,220.46,314.15550000000002,325.17850000000004,325.17850000000004,777.12150000000008,440.92,523.59249999999997,-551.15,523.59249999999997,1300.7140000000002,426.51099999999997,522.47597499999995,"1-M-MPM4-75"]
["James Grandick (M2)",46,"M-MPM2",122.6,125,0.54820000000000002,953.48950000000002,981.04700000000003,-1003.0930000000001,981.04700000000003,727.51800000000003,-760.58699999999999,760.58699999999999,760.58699999999999,1741.634,672.40300000000002,-722.00650000000007,722.00650000000007,722.00650000000007,2463.6405,612.61350000000004,654.27121800000009,"1-M-MPM2-125","Big Iron Compound"]
["James Grandick (Open)",46,"M-MPO",122.6,125,0.54820000000000002,953.48950000000002,981.04700000000003,-1003.0930000000001,981.04700000000003,727.51800000000003,-760.58699999999999,760.58699999999999,760.58699999999999,1741.634,672.40300000000002,-722.00650000000007,722.00650000000007,722.00650000000007,2463.6405,612.61350000000004,654.27121800000009,"1-M-MPO-125","Big Iron Compound"]
["Joe Mass",45,"M-MPM2",124.2,125,0.54635,-683.42600000000004,-683.42600000000004,683.42600000000004,683.42600000000004,429.89700000000005,-451.94300000000004,451.94300000000004,451.94300000000004,1135.3690000000001,501.54650000000004,534.6155,551.15,551.15,1686.519,417.95774999999998,440.94542624999997,"2-M-MPM2-125","Big Iron Compound"]
["Matt Olsen",25,"M-SPO",158,"SHW",0.51719999999999999,804.67900000000009,848.77100000000007,-881.84,848.77100000000007,-540.12700000000007,-540.12700000000007,540.12700000000007,540.12700000000007,1388.8980000000001,-644.84550000000002,644.84550000000002,-683.42600000000004,644.84550000000002,2033.7435,477.11700000000002,477.11700000000002,"1-M-SPO-SHW","Absolute Power"]
["Mike Strom",35,"M-MPO",81.599999999999994,82.5,0.64924999999999999,760.58699999999999,804.67900000000009,-821.21350000000007,804.67900000000009,606.26499999999999,-644.84550000000002,-644.84550000000002,606.26499999999999,1410.944,501.54650000000004,551.15,-589.73050000000001,551.15,1962.0940000000001,577.83249999999998,577.83249999999998,"1-M-MPO-82.5","Monster Garage Gym"]
["Mitchell Deskis",24,"M-SPO",81.599999999999994,82.5,0.64924999999999999,540.12700000000007,573.19600000000003,611.77650000000006,611.77650000000006,325.17850000000004,347.22450000000003,-363.75900000000001,347.22450000000003,959.00100000000009,606.26499999999999,628.31100000000004,-650.35700000000008,628.31100000000004,1587.3120000000001,467.46,467.46,"1-M-SPO-82.5"]
["Ryan Marble",28,"M-SPO",89,90,0.61570000000000003,556.66150000000005,-584.21900000000005,584.21900000000005,584.21900000000005,485.012,518.08100000000002,540.12700000000007,540.12700000000007,1124.346,-523.59249999999997,-523.59249999999997,523.59249999999997,523.59249999999997,1647.9385,460.23575,460.23575,"1-M-SPO-90","Brutal Powerlifting"]
["Scott Kuderick",41,"M-MPO",90,90,0.61185,-672.40300000000002,672.40300000000002,0,672.40300000000002,352.73599999999999,0,0,352.73599999999999,1025.1390000000001,490.52350000000001,540.12700000000007,-600.75350000000003,540.12700000000007,1565.2660000000001,434.4135,438.75763499999999,"1-M-MPO-90","Liberation Garage Barbell"]
["Steve Brock (M1)",44,"M-MPM1",138,140,0.53280000000000005,-931.44350000000009,-931.44350000000009,-931.44350000000009,0,-650.35700000000008,0,0,0,0,0,0,0,0,0,0,0,0,"Monster Garage Gym"]
["Steve Brock (Open)",44,"M-MPO",138,140,0.53280000000000005,-931.44350000000009,-931.44350000000009,-931.44350000000009,0,-650.35700000000008,0,0,0,0,0,0,0,0,0,0,0,0,"Monster Garage Gym"]

{"sheet":"Sunday Deadlift","index":3,"n_rows":31,"n_cols":15,"rows_kept":31,"cut":false,"hidden":false,"merged":[[0,1,0,14],[16,1,16,14]]}
["2015-06-28","APF Equipped Nationals - Sunday Deadlift Only - Kg Results"]
["Name","Age","Div","BWt (Kg)","WtCls (Kg)","Glossbrenner","Deadlift 1","Deadlift 2","Deadlift 3","Deadlift 4","Best Deadlift","Coeff Score","Age  & Coeff","Pl-Div-WtCl","Team"]
["Aaron Chavez",42,"M-SPM1",145,"SHW",0.52695000000000003,287.5,300,-318,null,300,158.08500000000001,161.2467,"1-M-SPM1-SHW"]
["Alan Borden (M3)",51,"M-SPM3",130,140,0.5403,-230,230,-245,null,230,124.26900000000001,142.53654299999999,"1-M-SPM3-140","TGS Gym"]
["Alan Borden (Open)",51,"M-SPO",130,140,0.5403,-230,230,-245,null,230,124.26900000000001,142.53654299999999,"1-M-SPO-140","TGS Gym"]
["Chris McGrail (mp)",36,"M-MPO",82.1,82.5,0.64664999999999995,-300,300,312.5,-320,312.5,202.07812499999997,202.07812499999997,"1-M-MPO-82.5","Brutal Powerlifting"]
["Chris McGrail (sp)",36,"M-SPO",82.1,82.5,0.64664999999999995,-300,300,312.5,-320,312.5,202.07812499999997,202.07812499999997,"1-M-SPO-82.5","Brutal Powerlifting"]
["Dana Walker",38,"M-MPO",80.2,82.5,0.65670000000000006,-252.5,252.5,-275,null,252.5,165.81675000000001,165.81675000000001,"2-M-MPO-82.5","Brutal Powerlifting"]
["Dick Zenzen",63,"M-MPM5",113.8,125,0.55759999999999998,195,210,null,null,210,117.096,166.393416,"1-M-MPM5-125","Zenzen Barbell"]
["Dustin Slepicka",28,"M-MPO",181,"SHW",0.50166999999999995,345,-377.5,null,null,345,173.07614999999998,173.07614999999998,"1-M-MPO-SHW","Big Iron Compound"]
["Greg Ripley",54,"M-SPM3",75,75,0.68855,-190,null,null,null,0,0,0,0,"Motor City Barbell"]
["Jake Jensen",25,"M-SPO",108.4,110,0.56484999999999996,295,-300,-300,null,295,166.63074999999998,166.63074999999998,"1-M-SPO-110"]
["Lance Davis",48,"M-SPM2",109,110,0.56394999999999995,227.5,-250,-250,null,227.5,128.29862499999999,140.74359162499999,"1-M-SPM2-110","Brutal Powerlifting"]
["Michael Deskis",56,"M-SPM4",66,67.5,0.76300000000000001,237.5,-247.5,-247.5,null,237.5,181.21250000000001,225.790775,"1-M-SPM4-67.5"]
["Shayne Day",25,"M-SPO",95.4,100,0.59375,290,-305,-305,null,290,172.1875,172.1875,"1-M-SPO-100"]
[]
[null,"APF Equipped Nationals - Sunday Deadlift Only - Lb Results"]
["Name","Age","Div","BWt (Kg)","WtCls (Kg)","Glossbrenner","Deadlift 1","Deadlift 2","Deadlift 3","Deadlift 4","Best Deadlift","Coeff Score","Age  & Coeff","Pl-Div-WtCl","Team"]
["Aaron Chavez",42,"M-SPM1",145,"SHW",0.52695000000000003,633.82249999999999,661.38,-701.06280000000004,0,661.38,158.08500000000001,161.2467,"1-M-SPM1-SHW"]
["Alan Borden (M3)",51,"M-SPM3",130,140,0.5403,-507.05800000000005,507.05800000000005,-540.12700000000007,0,507.05800000000005,124.26900000000001,142.53654299999999,"1-M-SPM3-140","TGS Gym"]
["Alan Borden (Open)",51,"M-SPO",130,140,0.5403,-507.05800000000005,507.05800000000005,-540.12700000000007,0,507.05800000000005,124.26900000000001,142.53654299999999,"1-M-SPO-140","TGS Gym"]
["Chris McGrail (mp)",36,"M-MPO",82.1,82.5,0.64664999999999995,-661.38,661.38,688.9375,-705.47199999999998,688.9375,202.07812499999997,202.07812499999997,"1-M-MPO-82.5","Brutal Powerlifting"]
["Chris McGrail (sp)",36,"M-SPO",82.1,82.5,0.64664999999999995,-661.38,661.38,688.9375,-705.47199999999998,688.9375,202.07812499999997,202.07812499999997,"1-M-SPO-82.5","Brutal Powerlifting"]
["Dana Walker",38,"M-MPO",80.2,82.5,0.65670000000000006,-556.66150000000005,556.66150000000005,-606.26499999999999,0,556.66150000000005,165.81675000000001,165.81675000000001,"2-M-MPO-82.5","Brutal Powerlifting"]
["Dick Zenzen",63,"M-MPM5",113.8,125,0.55759999999999998,429.89700000000005,462.96600000000001,0,0,462.96600000000001,117.096,166.393416,"1-M-MPM5-125","Zenzen Barbell"]
["Dustin Slepicka",28,"M-MPO",181,"SHW",0.50166999999999995,760.58699999999999,-832.23650000000009,0,0,760.58699999999999,173.07614999999998,173.07614999999998,"1-M-MPO-SHW","Big Iron Compound"]
["Greg Ripley",54,"M-SPM3",75,75,0.68855,-418.87400000000002,0,0,0,0,0,0,0,"Motor City Barbell"]
["Jake Jensen",25,"M-SPO",108.4,110,0.56484999999999996,650.35700000000008,-661.38,-661.38,0,650.35700000000008,166.63074999999998,166.63074999999998,"1-M-SPO-110"]
["Lance Davis",48,"M-SPM2",109,110,0.56394999999999995,501.54650000000004,-551.15,-551.15,0,501.54650000000004,128.29862499999999,140.74359162499999,"1-M-SPM2-110","Brutal Powerlifting"]
["Michael Deskis",56,"M-SPM4",66,67.5,0.76300000000000001,523.59249999999997,-545.63850000000002,-545.63850000000002,0,523.59249999999997,181.21250000000001,225.790775,"1-M-SPM4-67.5"]
["Shayne Day",25,"M-SPO",95.4,100,0.59375,639.33400000000006,-672.40300000000002,-672.40300000000002,0,639.33400000000006,172.1875,172.1875,"1-M-SPO-100"]

{"sheet":"Sunday Bench","index":4,"n_rows":15,"n_cols":15,"rows_kept":15,"cut":false,"hidden":false,"merged":[[0,1,0,14],[8,1,8,14]]}
["2015-06-28","APF Equipped Nationals - Sunday Bench Only - Kg Results"]
["Name","Age","Div","BWt (Kg)","WtCls (Kg)","Glossbrenner","Bench 1","Bench 2","Bench 3","Bench 4","Best Bench","Coeff Score","Age  & Coeff","Pl-Div-WtCl","Team"]
["Dana Walker",38,"M-MPO",80.2,82.5,0.65670000000000006,240,255,-272.5,null,255,167.45850000000002,167.45850000000002,"1-M-MPO-82.5","Brutal Powerlifting"]
["Jay Anderson (Open)",37,"M-SPO",118.2,125,0.55279999999999996,247.5,260,272.5,-285.5,272.5,150.63799999999998,150.63799999999998,"1-M-SPO-125","Brutal Powerlifting"]
["Jay Anderson (SM)",37,"M-SPSM",118.2,125,0.55279999999999996,247.5,260,272.5,-285.5,272.5,150.63799999999998,150.63799999999998,"1-M-SPSM-125","Brutal Powerlifting"]
["Larry Mistric",58,"M-MPM4",109.2,110,0.56364999999999998,222.5,250,-272.5,null,250,140.91249999999999,181.91803749999997,"1-M-MPM4-110","McDaniel's"]
["Michael Deskis",56,"M-SPM4",66,67.5,0.76300000000000001,102.5,107.5,112.5,-117.5,112.5,85.837500000000006,106.95352500000001,"1-M-SPM4-67.5"]
[]
[null,"APF Equipped Nationals - Sunday Bench Only - Lb Results"]
["Name","Age","Div","BWt (Kg)","WtCls (Kg)","Glossbrenner","Bench 1","Bench 2","Bench 3","Bench 4","Best Bench","Coeff Score","Age  & Coeff","Pl-Div-WtCl","Team"]
["Dana Walker",38,"M-MPO",80.2,82.5,0.65670000000000006,529.10400000000004,562.173,-600.75350000000003,0,562.173,167.45850000000002,167.45850000000002,"1-M-MPO-82.5","Brutal Powerlifting"]
["Jay Anderson (Open)",37,"M-SPO",118.2,125,0.55279999999999996,545.63850000000002,573.19600000000003,600.75350000000003,-629.41330000000005,600.75350000000003,150.63799999999998,150.63799999999998,"1-M-SPO-125","Brutal Powerlifting"]
["Jay Anderson (SM)",37,"M-SPSM",118.2,125,0.55279999999999996,545.63850000000002,573.19600000000003,600.75350000000003,-629.41330000000005,600.75350000000003,150.63799999999998,150.63799999999998,"1-M-SPSM-125","Brutal Powerlifting"]
["Larry Mistric",58,"M-MPM4",109.2,110,0.56364999999999998,490.52350000000001,551.15,-600.75350000000003,0,551.15,140.91249999999999,181.91803749999997,"1-M-MPM4-110","McDaniel's"]
["Michael Deskis",56,"M-SPM4",66,67.5,0.76300000000000001,225.97150000000002,236.99450000000002,248.01750000000001,-259.04050000000001,248.01750000000001,85.837500000000006,106.95352500000001,"1-M-SPM4-67.5"]

{"sheet":"Age Factors","index":5,"n_rows":67,"n_cols":2,"rows_kept":67,"cut":false,"hidden":true,"merged":[]}
[0,1]
[14,1.23]
[15,1.18]
[16,1.1299999999999999]
[17,1.08]
[18,1.06]
[20,1.03]
[21,1.02]
[22,1.01]
[23,1]
[24,1]
[25,1]
[26,1]
[27,1]
[28,1]
[29,1]
[30,1]
[31,1]
[32,1]
[33,1]
[34,1]
[35,1]
[36,1]
[37,1]
[38,1]
[39,1]
[40,1]
[41,1.01]
[42,1.02]
[43,1.0309999999999999]
[44,1.0429999999999999]
[45,1.0549999999999999]
[46,1.0680000000000001]
[47,1.0820000000000001]
[48,1.097]
[49,1.113]
[50,1.1299999999999999]
[51,1.147]
[52,1.165]
[53,1.1839999999999999]
[54,1.204]
[55,1.2250000000000001]
[56,1.246]
[57,1.268]
[58,1.2909999999999999]
[59,1.3149999999999999]
[60,1.34]
[61,1.3660000000000001]
[62,1.393]
[63,1.421]
[64,1.45]
[65,1.48]
[66,1.5109999999999999]
[67,1.5429999999999999]
[68,1.5760000000000001]
[69,1.61]
[70,1.645]
[71,1.681]
[72,1.718]
[73,1.756]
[74,1.7949999999999999]
[75,1.835]
[76,1.8759999999999999]
[77,1.9179999999999999]
[78,1.9610000000000001]
[79,2.0049999999999999]
[80,2.0499999999999998]

{"sheet":"mwf","index":6,"n_rows":3031,"n_cols":2,"rows_kept":3031,"cut":false,"hidden":true,"merged":[]}
[0,1.3243499999999999]
[40,1.3243499999999999]
[40.049999999999997,1.3222499999999999]
[40.1,1.3201499999999999]
[40.15,1.3180700000000001]
[40.200000000000003,1.3160000000000001]
[40.25,1.3139000000000001]
[40.299999999999997,1.3118000000000001]
[40.35,1.30972]
[40.4,1.30765]
[40.450000000000003,1.3056000000000001]
[40.5,1.30355]
[40.549999999999997,1.3015000000000001]
[40.6,1.29945]
[40.65,1.29742]
[40.700000000000003,1.2954000000000001]
[40.75,1.2934000000000001]
[40.799999999999997,1.2914000000000001]
[40.85,1.2894000000000001]
[40.9,1.2874000000000001]
[40.950000000000003,1.2854000000000001]
[41,1.2834000000000001]
[41.05,1.28142]
[41.1,1.27945]
[41.15,1.2774700000000001]
[41.2,1.2755000000000001]
[41.25,1.27355]
[41.3,1.2716000000000001]
[41.35,1.2696700000000001]
[41.4,1.2677499999999999]
[41.45,1.2658199999999999]
[41.5,1.2639]
[41.55,1.26197]
[41.6,1.2600500000000001]
[41.65,1.2581500000000001]
[41.7,1.2562500000000001]
[41.75,1.2543500000000001]
[41.8,1.2524500000000001]
[41.85,1.25057]
[41.9,1.2486999999999999]
[41.95,1.24685]
[42,1.2450000000000001]
[42.05,1.24312]
[42.1,1.24125]
[42.15,1.23942]
[42.2,1.2376]
[42.25,1.2357499999999999]
[42.3,1.2339]
[42.35,1.2321]
[42.4,1.2302999999999999]
[42.45,1.22847]
[42.5,1.22665]
[42.55,1.2248700000000001]
[42.6,1.2231000000000001]
[42.65,1.22132]
[42.7,1.2195499999999999]
[42.75,1.21777]
[42.8,1.216]
[42.85,1.2142500000000001]
[42.9,1.2124999999999999]
[42.95,1.21075]
[43,1.2090000000000001]
[43.05,1.2072499999999999]
[43.1,1.2055]
[43.15,1.2037500000000001]
[43.2,1.202]
[43.25,1.2002999999999999]
[43.3,1.1986000000000001]
[43.35,1.1968700000000001]
[43.4,1.1951499999999999]
[43.45,1.1934499999999999]
[43.5,1.1917500000000001]
[43.55,1.1900999999999999]
[43.6,1.18845]
[43.65,1.18675]
[43.7,1.1850499999999999]
[43.75,1.18337]
[43.8,1.1817]
[43.85,1.18005]
[43.9,1.1783999999999999]
[43.95,1.1767700000000001]
[44,1.1751499999999999]
[44.05,1.1735]
[44.1,1.1718500000000001]
[44.15,1.17022]
[44.2,1.1686000000000001]
[44.25,1.1669700000000001]
[44.3,1.1653500000000001]
[44.35,1.1637500000000001]
[44.4,1.16215]
[44.45,1.1605700000000001]
[44.5,1.159]
[44.55,1.1574]
[44.6,1.1557999999999999]
[44.65,1.15422]
[44.7,1.15265]
[44.75,1.15107]
[44.8,1.1495]
[44.85,1.1479699999999999]
[44.9,1.14645]
[44.95,1.1448700000000001]
[45,1.1433]
[45.05,1.14177]
[45.1,1.14025]
[45.15,1.13872]
[45.2,1.1372]
[45.25,1.13567]
[45.3,1.13415]
[45.35,1.13262]
[45.4,1.1311]
[45.45,1.1296200000000001]
[45.5,1.12815]
[45.55,1.12662]
[45.6,1.1251]
[45.65,1.1236200000000001]
[45.7,1.12215]
[45.75,1.1206700000000001]
[45.8,1.1192]
[45.85,1.11775]
[45.9,1.1163000000000001]
[45.95,1.1148500000000001]
[46,1.1133999999999999]
[46.05,1.11195]
[46.1,1.1105]
[46.15,1.10907]
[46.2,1.10765]
[46.25,1.1062000000000001]
[46.3,1.1047500000000001]
[46.35,1.1033200000000001]
[46.4,1.1019000000000001]
[46.45,1.1004700000000001]
[46.5,1.0990500000000001]
[46.55,1.0976699999999999]
[46.6,1.0963000000000001]
[46.65,1.09487]
[46.7,1.09345]
[46.75,1.0920700000000001]
[46.8,1.0907]
[46.85,1.0892999999999999]
[46.9,1.0879000000000001]
[46.95,1.0865499999999999]
[47,1.0851999999999999]
[47.05,1.08382]
[47.1,1.0824499999999999]
[47.15,1.0810999999999999]
[47.2,1.07975]
[47.25,1.0784]
[47.3,1.0770500000000001]
[47.35,1.0757000000000001]
[47.4,1.0743499999999999]
[47.45,1.0730200000000001]
[47.5,1.0717000000000001]
[47.55,1.0704]
[47.6,1.0690999999999999]
[47.65,1.0677700000000001]
[47.7,1.0664500000000001]
[47.75,1.06515]
[47.8,1.06385]
[47.85,1.0625199999999999]
[47.9,1.0611999999999999]
[47.95,1.0599000000000001]
[48,1.0586]
[48.05,1.05732]
[48.1,1.0560499999999999]
[48.15,1.0547500000000001]
[48.2,1.05345]
[48.25,1.0522]
[48.3,1.0509500000000001]
[48.35,1.0496700000000001]
[48.4,1.0484]
[48.45,1.04715]
[48.5,1.0459000000000001]
[48.55,1.0446500000000001]
[48.6,1.0434000000000001]
[48.65,1.04217]
[48.7,1.04095]
[48.75,1.0397000000000001]
[48.8,1.0384500000000001]
[48.85,1.03722]
[48.9,1.036]
[48.95,1.03477]
[49,1.03355]
[49.05,1.0323500000000001]
[49.1,1.03115]
[49.15,1.0299199999999999]
[49.2,1.0286999999999999]
[49.25,1.0275000000000001]
[49.3,1.0263]
[49.35,1.0250999999999999]
[49.4,1.0239]
[49.45,1.0227200000000001]
[49.5,1.02155]
[49.55,1.0203500000000001]
[49.6,1.01915]
[49.65,1.018]
[49.7,1.01685]
[49.75,1.0156700000000001]
[49.8,1.0145]
[49.85,1.01335]
[49.9,1.0122]
[49.95,1.01105]
[50,1.0099]
[50.05,1.00875]
[50.1,1.0076000000000001]
[50.15,1.00647]
[50.2,1.00535]
[50.25,1.0042]
[50.3,1.00305]
[50.35,1.0019199999999999]
[50.4,1.0007999999999999]
[50.45,0.99967000000000006]
[50.5,0.99855000000000005]
[50.55,0.99745000000000006]
[50.6,0.99635000000000007]
[50.65,0.9952200000000001]
[50.7,0.99410000000000009]
[50.75,0.9930000000000001]
[50.8,0.99190000000000011]
[50.85,0.99080000000000013]
[50.9,0.98970000000000014]
[50.95,0.98860000000000003]
[51,0.98750000000000004]
[51.05,0.98642000000000007]
[51.1,0.98535000000000006]
[51.15,0.98430000000000006]
[51.2,0.98325000000000007]
[51.25,0.98215000000000008]
[51.3,0.98105000000000009]
[51.35,0.97997000000000012]
[51.4,0.9789000000000001]
[51.45,0.97785000000000011]
[51.5,0.97680000000000011]
[51.55,0.97575000000000012]
[51.6,0.97470000000000012]
[51.65,0.97367000000000004]
[51.7,0.97265000000000013]
[51.75,0.97160000000000013]
[51.8,0.97055000000000013]
[51.85,0.96950000000000003]
[51.9,0.96845000000000003]
[51.95,0.96742000000000006]
[52,0.96640000000000004]
[52.05,0.96537000000000006]
[52.1,0.96435000000000004]
[52.15,0.96332000000000007]
[52.2,0.96230000000000004]
[52.25,0.96130000000000004]
[52.3,0.96030000000000004]
[52.35,0.95930000000000004]
[52.4,0.95830000000000004]
[52.45,0.95727000000000007]
[52.5,0.95625000000000004]
[52.55,0.95525000000000004]
[52.6,0.95425000000000004]
[52.65,0.95325000000000004]
[52.7,0.95225000000000004]
[52.75,0.95127000000000006]
[52.8,0.95030000000000003]
[52.85,0.94932000000000005]
[52.9,0.94835000000000003]
[52.95,0.94737000000000005]
[53,0.94640000000000013]
[53.05,0.94542000000000004]
[53.1,0.94445000000000012]
[53.15,0.94327000000000005]
[53.2,0.9425]
[53.25,0.94155000000000011]
[53.3,0.9406000000000001]
[53.35,0.9396500000000001]
[53.4,0.93870000000000009]
[53.45,0.93800000000000006]
[53.5,0.93730000000000002]
[53.55,0.93610000000000004]
[53.6,0.93490000000000006]
[53.65,0.93397000000000008]
[53.7,0.93305000000000005]
[53.75,0.93210000000000004]
[53.8,0.93115000000000003]
[53.85,0.93025000000000002]
[53.9,0.92935000000000012]
[53.95,0.92842000000000002]
[54,0.92749999999999999]
[54.05,0.92657000000000012]
[54.1,0.92565000000000008]
[54.15,0.92475000000000007]
[54.2,0.92385000000000006]
[54.25,0.92292000000000007]
[54.3,0.92200000000000004]
[54.35,0.92110000000000003]
[54.4,0.92020000000000013]
[54.45,0.91930000000000012]
[54.5,0.91840000000000011]
[54.55,0.91749999999999998]
[54.6,0.91660000000000008]
[54.65,0.91570000000000007]
[54.7,0.91480000000000006]
[54.75,0.91392000000000007]
[54.8,0.91305000000000003]
[54.85,0.91217000000000004]
[54.9,0.91130000000000011]
[54.95,0.91042000000000012]
[55,0.90955000000000008]
[55.05,0.90867000000000009]
[55.1,0.90780000000000005]
[55.15,0.90692000000000006]
[55.2,0.90605000000000002]
[55.25,0.90520000000000012]
[55.3,0.9043500000000001]
[55.35,0.90350000000000008]
[55.4,0.90265000000000006]
[55.45,0.90180000000000005]
[55.5,0.90095000000000003]
[55.55,0.90010000000000012]
[55.6,0.8992500000000001]
[55.65,0.89842000000000011]
[55.7,0.89760000000000006]
[55.75,0.89672000000000007]
[55.8,0.89585000000000004]
[55.85,0.89502000000000004]
[55.9,0.89420000000000011]
[55.95,0.89337000000000011]
[56,0.89255000000000007]
[56.05,0.89175000000000004]
[56.1,0.89095000000000002]
[56.15,0.89012000000000002]
[56.2,0.88930000000000009]
[56.25,0.88847000000000009]
[56.3,0.88765000000000005]
[56.35,0.88685000000000003]
[56.4,0.88605000000000012]
[56.45,0.88522000000000012]
[56.5,0.88440000000000007]
[56.55,0.88360000000000005]
[56.6,0.88280000000000003]
[56.65,0.88200000000000012]
[56.7,0.88120000000000009]
[56.75,0.88040000000000007]
[56.8,0.87960000000000005]
[56.85,0.87880000000000003]
[56.9,0.87805000000000011]
[56.95,0.87725000000000009]
[57,0.87645000000000006]
[57.05,0.87567000000000006]
[57.1,0.87490000000000012]
[57.15,0.87412000000000012]
[57.2,0.87335000000000007]
[57.25,0.87257000000000007]
[57.3,0.87180000000000002]
[57.35,0.87102000000000002]
[57.4,0.87025000000000008]
[57.45,0.86947000000000008]
[57.5,0.86870000000000003]
[57.55,0.86792000000000002]
[57.6,0.86715000000000009]
[57.65,0.86640000000000006]
[57.7,0.86565000000000003]
[57.75,0.86490000000000011]
[57.8,0.86415000000000008]
[57.85,0.86340000000000006]
[57.9,0.86265000000000003]
[57.95,0.86192000000000002]
[58,0.86120000000000008]
[58.05,0.86042000000000007]
[58.1,0.85965000000000003]
[58.15,0.85892000000000002]
[58.2,0.85820000000000007]
[58.25,0.85747000000000007]
[58.3,0.85675000000000012]
[58.35,0.85602000000000011]
[58.4,0.85530000000000006]
[58.45,0.85455000000000003]
[58.5,0.85380000000000011]
[58.55,0.85307000000000011]
[58.6,0.85235000000000005]
[58.65,0.85165000000000002]
[58.7,0.8509500000000001]
[58.75,0.85022000000000009]
[58.8,0.84950000000000003]
[58.85,0.84877000000000002]
[58.9,0.84805000000000008]
[58.95,0.84735000000000005]
[59,0.84665000000000012]
[59.05,0.84595000000000009]
[59.1,0.84525000000000006]
[59.15,0.84455000000000002]
[59.2,0.8438500000000001]
[59.25,0.84315000000000007]
[59.3,0.84245000000000003]
[59.35,0.84175000000000011]
[59.4,0.84105000000000008]
[59.45,0.84035000000000004]
[59.5,0.83965000000000012]
[59.55,0.8389700000000001]
[59.6,0.83830000000000005]
[59.65,0.83760000000000012]
[59.7,0.83690000000000009]
[59.75,0.83622000000000007]
[59.8,0.83555000000000001]
[59.85,0.83487000000000011]
[59.9,0.83420000000000005]
[59.95,0.83352000000000004]
[60,0.83285000000000009]
[60.05,0.83217000000000008]
[60.1,0.83150000000000002]
[60.15,0.83085000000000009]
[60.2,0.83020000000000005]
[60.25,0.82952000000000004]
[60.3,0.82885000000000009]
[60.35,0.82817000000000007]
[60.4,0.82750000000000001]
[60.45,0.8268700000000001]
[60.5,0.82625000000000004]
[60.55,0.82557000000000003]
[60.6,0.82490000000000008]
[60.65,0.82425000000000004]
[60.7,0.82360000000000011]
[60.75,0.82295000000000007]
[60.8,0.82230000000000003]
[60.85,0.82167000000000012]
[60.9,0.82105000000000006]
[60.95,0.82040000000000002]
[61,0.81975000000000009]
[61.05,0.81910000000000005]
[61.1,0.81845000000000012]
[61.15,0.8178200000000001]
[61.2,0.81720000000000004]
[61.25,0.81655000000000011]
[61.3,0.81590000000000007]
[61.35,0.81527000000000005]
[61.4,0.8146500000000001]
[61.45,0.81402000000000008]
[61.5,0.81340000000000001]
[61.55,0.81280000000000008]
[61.6,0.81220000000000003]
[61.65,0.81157000000000001]
[61.7,0.81095000000000006]
[61.75,0.81032000000000004]
[61.8,0.80970000000000009]
[61.85,0.80907000000000007]
[61.9,0.80845000000000011]
[61.95,0.80785000000000007]
[62,0.80725000000000002]
[62.05,0.80665000000000009]
[62.1,0.80605000000000004]
[62.15,0.80545000000000011]
[62.2,0.80485000000000007]
[62.25,0.80422000000000005]
[62.3,0.80360000000000009]
[62.35,0.80302000000000007]
[62.4,0.80245000000000011]
[62.45,0.80185000000000006]
[62.5,0.80125000000000002]
[62.55,0.80065000000000008]
[62.6,0.80005000000000004]
[62.65,0.7994500000000001]
[62.7,0.79885000000000006]
[62.75,0.79827000000000004]
[62.8,0.79770000000000008]
[62.85,0.79712000000000005]
[62.9,0.79655000000000009]
[62.95,0.79595000000000005]
[63,0.79535000000000011]
[63.05,0.79477000000000009]
[63.1,0.79420000000000002]
[63.15,0.7936200000000001]
[63.2,0.79305000000000003]
[63.25,0.79249999999999998]
[63.3,0.79195000000000004]
[63.35,0.79137000000000002]
[63.4,0.79080000000000006]
[63.45,0.79022000000000003]
[63.5,0.78965000000000007]
[63.55,0.78910000000000002]
[63.6,0.78855000000000008]
[63.65,0.78797000000000006]
[63.7,0.7874000000000001]
[63.75,0.78682000000000007]
[63.8,0.78625]
[63.85,0.78570000000000007]
[63.9,0.78515000000000001]
[63.95,0.7846200000000001]
[64,0.78410000000000002]
[64.05,0.78352000000000011]
[64.099999999999994,0.78295000000000003]
[64.150000000000006,0.7824000000000001]
[64.2,0.78185000000000004]
[64.25,0.78132000000000001]
[64.3,0.78080000000000005]
[64.349999999999994,0.78025000000000011]
[64.400000000000006,0.77970000000000006]
[64.45,0.77915000000000001]
[64.5,0.77860000000000007]
[64.55,0.77805000000000002]
[64.599999999999994,0.77749999999999997]
[64.650000000000006,0.77697000000000005]
[64.7,0.77645000000000008]
[64.75,0.77502000000000004]
[64.8,0.77540000000000009]
[64.849999999999994,0.77485000000000004]
[64.900000000000006,0.7743000000000001]
[64.95,0.77380000000000004]
[65,0.7733000000000001]
[65.05,0.77277000000000007]
[65.099999999999994,0.7722500000000001]
[65.150000000000006,0.77172000000000007]
[65.2,0.77120000000000011]
[65.25,0.77067000000000008]
[65.3,0.77015000000000011]
[65.349999999999994,0.76962000000000008]
[65.400000000000006,0.76910000000000012]
[65.45,0.76857000000000009]
[65.5,0.76805000000000001]
[65.55,0.76755000000000007]
[65.599999999999994,0.76705000000000001]
[65.650000000000006,0.76652000000000009]
[65.7,0.76600000000000001]
[65.75,0.76552000000000009]
[65.8,0.76505000000000001]
[65.849999999999994,0.76452000000000009]
[65.900000000000006,0.76400000000000001]
[65.95,0.76350000000000007]
[66,0.76300000000000001]
[66.05,0.76249999999999996]
[66.099999999999994,0.76200000000000001]
[66.150000000000006,0.76147000000000009]
[66.2,0.76095000000000002]
[66.25,0.76047000000000009]
[66.3,0.76]
[66.349999999999994,0.75950000000000006]
[66.400000000000006,0.75900000000000001]
[66.45,0.75852000000000008]
[66.5,0.75805000000000011]
[66.55,0.75755000000000006]
[66.599999999999994,0.75705000000000011]
[66.650000000000006,0.75657000000000008]
[66.7,0.75610000000000011]
[66.75,0.75560000000000005]
[66.8,0.7551000000000001]
[66.849999999999994,0.75462000000000007]
[66.900000000000006,0.7541500000000001]
[66.95,0.75365000000000004]
[67,0.7531500000000001]
[67.05,0.75267000000000006]
[67.099999999999994,0.75220000000000009]
[67.150000000000006,0.75172000000000005]
[67.2,0.75124999999999997]
[67.25,0.75080000000000002]
[67.3,0.75035000000000007]
[67.349999999999994,0.74985000000000002]
[67.400000000000006,0.74935000000000007]
[67.45,0.74887000000000004]
[67.5,0.74840000000000007]
[67.55,0.74795000000000011]
[67.599999999999994,0.74750000000000005]
[67.650000000000006,0.74702000000000002]
[67.7,0.74655000000000005]
[67.75,0.7461000000000001]
[67.8,0.74565000000000003]
[67.849999999999994,0.74517000000000011]
[67.900000000000006,0.74470000000000003]
[67.95,0.74425000000000008]
[68,0.74380000000000002]
[68.05,0.74332000000000009]
[68.099999999999994,0.74285000000000001]
[68.150000000000006,0.74240000000000006]
[68.2,0.74195000000000011]
[68.25,0.74150000000000005]
[68.3,0.7410500000000001]
[68.349999999999994,0.74062000000000006]
[68.400000000000006,0.74020000000000008]
[68.45,0.73972000000000004]
[68.5,0.73925000000000007]
[68.55,0.73880000000000001]
[68.599999999999994,0.73835000000000006]
[68.650000000000006,0.73790000000000011]
[68.7,0.73745000000000005]
[68.75,0.73702000000000001]
[68.8,0.73660000000000003]
[68.849999999999994,0.73615000000000008]
[68.900000000000006,0.73570000000000002]
[68.95,0.73527000000000009]
[69,0.73485000000000011]
[69.05,0.73440000000000005]
[69.099999999999994,0.7339500000000001]
[69.150000000000006,0.73352000000000006]
[69.2,0.73310000000000008]
[69.25,0.73265000000000002]
[69.3,0.73220000000000007]
[69.349999999999994,0.73177000000000003]
[69.400000000000006,0.73135000000000006]
[69.45,0.73090000000000011]
[69.5,0.73045000000000004]
[69.55,0.73005000000000009]
[69.599999999999994,0.72965000000000002]
[69.650000000000006,0.72922000000000009]
[69.7,0.72880000000000011]
[69.75,0.72835000000000005]
[69.8,0.7279000000000001]
[69.849999999999994,0.72750000000000004]
[69.900000000000006,0.72710000000000008]
[69.95,0.72667000000000004]
[70,0.72624999999999995]
[70.05,0.72582000000000002]
[70.099999999999994,0.72540000000000004]
[70.150000000000006,0.72499999999999998]
[70.2,0.72460000000000002]
[70.25,0.72415000000000007]
[70.3,0.72370000000000001]
[70.349999999999994,0.72330000000000005]
[70.400000000000006,0.7229000000000001]
[70.45,0.72250000000000003]
[70.5,0.72210000000000008]
[70.55,0.72167000000000003]
[70.599999999999994,0.72124999999999995]
[70.650000000000006,0.7208500000000001]
[70.7,0.72045000000000003]
[70.75,0.7200700000000001]
[70.8,0.71970000000000001]
[70.849999999999994,0.71927000000000008]
[70.900000000000006,0.7188500000000001]
[70.95,0.71845000000000003]
[71,0.71805000000000008]
[71.05,0.71765000000000001]
[71.099999999999994,0.71725000000000005]
[71.150000000000006,0.7168500000000001]
[71.2,0.71645000000000003]
[71.25,0.71605000000000008]
[71.3,0.71565000000000001]
[71.349999999999994,0.71525000000000005]
[71.400000000000006,0.7148500000000001]
[71.45,0.71445000000000003]
[71.5,0.71405000000000007]
[71.55,0.71365000000000001]
[71.599999999999994,0.71325000000000005]
[71.650000000000006,0.71287]
[71.7,0.71250000000000002]
[71.75,0.71210000000000007]
[71.8,0.71170000000000011]
[71.849999999999994,0.71132000000000006]
[71.900000000000006,0.71095000000000008]
[71.95,0.71057000000000003]
[72,0.71020000000000005]
[72.05,0.70982000000000001]
[72.099999999999994,0.70945000000000003]
[72.150000000000006,0.70905000000000007]
[72.2,0.70865000000000011]
[72.25,0.70827000000000007]
[72.3,0.70790000000000008]
[72.349999999999994,0.70750000000000002]
[72.400000000000006,0.70710000000000006]
[72.45,0.7067500000000001]
[72.5,0.70640000000000003]
[72.55,0.70602000000000009]
[72.599999999999994,0.70565000000000011]
[72.650000000000006,0.70525000000000004]
[72.7,0.70485000000000009]
[72.75,0.70450000000000002]
[72.8,0.70415000000000005]
[72.849999999999994,0.70377000000000001]
[72.900000000000006,0.70340000000000003]
[72.95,0.70302000000000009]
[73,0.70265]
[73.05,0.70227499999999998]
[73.099999999999994,0.70189999999999997]
[73.150000000000006,0.70152499999999995]
[73.2,0.70114999999999994]
[73.25,0.70079999999999998]
[73.3,0.70045000000000002]
[73.349999999999994,0.70009999999999994]
[73.400000000000006,0.69974999999999998]
[73.45,0.69937499999999997]
[73.5,0.69899999999999995]
[73.55,0.69864999999999999]
[73.599999999999994,0.69829999999999992]
[73.650000000000006,0.69792500000000002]
[73.7,0.69755]
[73.75,0.69719999999999993]
[73.8,0.69684999999999997]
[73.849999999999994,0.69650000000000001]
[73.900000000000006,0.69614999999999994]
[73.95,0.69579999999999997]
[74,0.69545000000000001]
[74.05,0.695075]
[74.099999999999994,0.69469999999999998]
[74.150000000000006,0.69435000000000002]
[74.2,0.69399999999999995]
[74.25,0.69367499999999993]
[74.3,0.69335000000000002]
[74.349999999999994,0.69299999999999995]
[74.400000000000006,0.69264999999999999]
[74.45,0.69229999999999992]
[74.5,0.69194999999999995]
[74.55,0.69159999999999999]
[74.599999999999994,0.69125000000000003]
[74.650000000000006,0.69092500000000001]
[74.7,0.69059999999999999]
[74.75,0.69024999999999992]
[74.8,0.68989999999999996]
[74.849999999999994,0.68955]
[74.900000000000006,0.68919999999999992]
[74.95,0.68887500000000002]
[75,0.68855]
[75.05,0.68819999999999992]
[75.099999999999994,0.68784999999999996]
[75.150000000000006,0.6875]
[75.2,0.68714999999999993]
[75.25,0.68682500000000002]
[75.3,0.6865]
[75.349999999999994,0.68614999999999993]
[75.400000000000006,0.68579999999999997]
[75.45,0.68547499999999995]
[75.5,0.68514999999999993]
[75.55,0.68479999999999996]
[75.599999999999994,0.68445]
[75.650000000000006,0.68414999999999992]
[75.7,0.68384999999999996]
[75.75,0.68352499999999994]
[75.8,0.68319999999999992]
[75.849999999999994,0.68284999999999996]
[75.900000000000006,0.6825]
[75.95,0.68219999999999992]
[76,0.68189999999999995]
[76.05,0.68157499999999993]
[76.099999999999994,0.68125000000000002]
[76.150000000000006,0.68089999999999995]
[76.2,0.68054999999999999]
[76.25,0.68025000000000002]
[76.3,0.67994999999999994]
[76.349999999999994,0.67962499999999992]
[76.400000000000006,0.67930000000000001]
[76.45,0.67894999999999994]
[76.5,0.67859999999999998]
[76.55,0.67830000000000001]
[76.599999999999994,0.67799999999999994]
[76.650000000000006,0.67767499999999992]
[76.7,0.67735000000000001]
[76.75,0.67704999999999993]
[76.8,0.67674999999999996]
[76.849999999999994,0.67642499999999994]
[76.900000000000006,0.67609999999999992]
[76.95,0.67579999999999996]
[77,0.67549999999999999]
[77.05,0.67520000000000002]
[77.099999999999994,0.67489999999999994]
[77.150000000000006,0.67457499999999992]
[77.2,0.67425000000000002]
[77.25,0.67394999999999994]
[77.3,0.67364999999999997]
[77.349999999999994,0.67335]
[77.400000000000006,0.67304999999999993]
[77.45,0.67272500000000002]
[77.5,0.6724]
[77.55,0.67209999999999992]
[77.599999999999994,0.67179999999999995]
[77.650000000000006,0.67149999999999999]
[77.7,0.67120000000000002]
[77.75,0.67089999999999994]
[77.8,0.67059999999999997]
[77.849999999999994,0.67027499999999995]
[77.900000000000006,0.66994999999999993]
[77.95,0.66964999999999997]
[78,0.66935]
[78.05,0.66904999999999992]
[78.099999999999994,0.66874999999999996]
[78.150000000000006,0.66844999999999999]
[78.2,0.66815000000000002]
[78.25,0.667875]
[78.3,0.66759999999999997]
[78.349999999999994,0.6673]
[78.400000000000006,0.66699999999999993]
[78.45,0.66669999999999996]
[78.5,0.66639999999999999]
[78.55,0.66612499999999997]
[78.599999999999994,0.66584999999999994]
[78.650000000000006,0.66552499999999992]
[78.7,0.66520000000000001]
[78.75,0.66489999999999994]
[78.8,0.66459999999999997]
[78.849999999999994,0.66435]
[78.900000000000006,0.66410000000000002]
[78.95,0.66379999999999995]
[79,0.66349999999999998]
[79.05,0.66320000000000001]
[79.099999999999994,0.66289999999999993]
[79.150000000000006,0.66262500000000002]
[79.2,0.66234999999999999]
[79.25,0.66204999999999992]
[79.3,0.66174999999999995]
[79.349999999999994,0.66147499999999992]
[79.400000000000006,0.66120000000000001]
[79.45,0.66089999999999993]
[79.5,0.66059999999999997]
[79.55,0.66032499999999994]
[79.599999999999994,0.66005000000000003]
[79.650000000000006,0.659775]
[79.7,0.65949999999999998]
[79.75,0.65922499999999995]
[79.8,0.65894999999999992]
[79.849999999999994,0.65864999999999996]
[79.900000000000006,0.65834999999999999]
[79.95,0.65807499999999997]
[80,0.65779999999999994]
[80.05,0.65754999999999997]
[80.099999999999994,0.6573]
[80.150000000000006,0.65699999999999992]
[80.2,0.65669999999999995]
[80.25,0.65642499999999993]
[80.3,0.65615000000000001]
[80.349999999999994,0.65589999999999993]
[80.400000000000006,0.65564999999999996]
[80.45,0.65534999999999999]
[80.5,0.65505000000000002]
[80.55,0.654775]
[80.599999999999994,0.65449999999999997]
[80.650000000000006,0.65425]
[80.7,0.65400000000000003]
[80.75,0.653725]
[80.8,0.65344999999999998]
[80.849999999999994,0.65317499999999995]
[80.900000000000006,0.65289999999999992]
[80.95,0.65262500000000001]
[81,0.65234999999999999]
[81.05,0.65210000000000001]
[81.099999999999994,0.65184999999999993]
[81.150000000000006,0.65157500000000002]
[81.2,0.65129999999999999]
[81.25,0.65105000000000002]
[81.3,0.65079999999999993]
[81.349999999999994,0.65052500000000002]
[81.400000000000006,0.65024999999999999]
[81.45,0.65]
[81.5,0.64974999999999994]
[81.55,0.64949999999999997]
[81.599999999999994,0.64924999999999999]
[81.650000000000006,0.64897499999999997]
[81.7,0.64869999999999994]
[81.75,0.64844999999999997]
[81.8,0.6482]
[81.849999999999994,0.64792499999999997]
[81.900000000000006,0.64764999999999995]
[81.95,0.64739999999999998]
[82,0.64715]
[82.05,0.64689999999999992]
[82.1,0.64664999999999995]
[82.15,0.64639999999999997]
[82.2,0.64615]
[82.25,0.64587499999999998]
[82.3,0.64559999999999995]
[82.35,0.64534999999999998]
[82.4,0.64510000000000001]
[82.45,0.64484999999999992]
[82.5,0.64459999999999995]
[82.55,0.64434999999999998]
[82.6,0.64410000000000001]
[82.65,0.64384999999999992]
[82.7,0.64359999999999995]
[82.75,0.64354999999999996]
[82.8,0.6431]
[82.85,0.64284999999999992]
[82.9,0.64259999999999995]
[82.95,0.64234999999999998]
[83,0.6421]
[83.05,0.64184999999999992]
[83.1,0.64159999999999995]
[83.15,0.64134999999999998]
[83.2,0.6411]
[83.25,0.64087499999999997]
[83.3,0.64064999999999994]
[83.35,0.64039999999999997]
[83.4,0.64015]
[83.45,0.63990000000000002]
[83.5,0.63964999999999994]
[83.55,0.63942500000000002]
[83.6,0.63919999999999999]
[83.65,0.63895000000000002]
[83.7,0.63869999999999993]
[83.75,0.63844999999999996]
[83.8,0.63819999999999999]
[83.85,0.63797499999999996]
[83.9,0.63774999999999993]
[83.95,0.63749999999999996]
[84,0.63724999999999998]
[84.05,0.63702499999999995]
[84.1,0.63679999999999992]
[84.15,0.63654999999999995]
[84.2,0.63629999999999998]
[84.25,0.63607499999999995]
[84.3,0.63585000000000003]
[84.35,0.635625]
[84.4,0.63539999999999996]
[84.45,0.63517499999999993]
[84.5,0.63495000000000001]
[84.55,0.63469999999999993]
[84.6,0.63444999999999996]
[84.65,0.63422499999999993]
[84.7,0.63400000000000001]
[84.75,0.63375000000000004]
[84.8,0.63349999999999995]
[84.85,0.63329999999999997]
[84.9,0.6331]
[84.95,0.63285000000000002]
[85,0.63259999999999994]
[85.05,0.63237500000000002]
[85.1,0.63214999999999999]
[85.15,0.63192499999999996]
[85.2,0.63169999999999993]
[85.25,0.63147500000000001]
[85.3,0.63124999999999998]
[85.35,0.63102499999999995]
[85.4,0.63079999999999992]
[85.45,0.630575]
[85.5,0.63034999999999997]
[85.55,0.63012499999999994]
[85.6,0.62990000000000002]
[85.65,0.62967499999999998]
[85.7,0.62944999999999995]
[85.75,0.62922499999999992]
[85.8,0.629]
[85.85,0.62880000000000003]
[85.9,0.62859999999999994]
[85.95,0.62834999999999996]
[86,0.62809999999999999]
[86.05,0.62790000000000001]
[86.1,0.62769999999999992]
[86.15,0.627475]
[86.2,0.62724999999999997]
[86.25,0.62705]
[86.3,0.62685000000000002]
[86.35,0.62659999999999993]
[86.4,0.62634999999999996]
[86.45,0.62614999999999998]
[86.5,0.62595000000000001]
[86.55,0.62572499999999998]
[86.6,0.62549999999999994]
[86.65,0.62529999999999997]
[86.7,0.62509999999999999]
[86.75,0.62487499999999996]
[86.8,0.62464999999999993]
[86.85,0.62444999999999995]
[86.9,0.62424999999999997]
[86.95,0.62404999999999999]
[87,0.62385000000000002]
[87.05,0.62362499999999998]
[87.1,0.62339999999999995]
[87.15,0.62319999999999998]
[87.2,0.623]
[87.25,0.62280000000000002]
[87.3,0.62259999999999993]
[87.35,0.62237500000000001]
[87.4,0.62214999999999998]
[87.45,0.62195]
[87.5,0.62175000000000002]
[87.55,0.62154999999999994]
[87.6,0.62134999999999996]
[87.65,0.62112499999999993]
[87.7,0.62090000000000001]
[87.75,0.62069999999999992]
[87.8,0.62049999999999994]
[87.85,0.62029999999999996]
[87.9,0.62009999999999998]
[87.95,0.61990000000000001]
[88,0.61969999999999992]
[88.05,0.619475]
[88.1,0.61924999999999997]
[88.15,0.61904999999999999]
[88.2,0.61885000000000001]
[88.25,0.61864999999999992]
[88.3,0.61844999999999994]
[88.35,0.61827500000000002]
[88.4,0.61809999999999998]
[88.45,0.6179]
[88.5,0.61770000000000003]
[88.55,0.61750000000000005]
[88.6,0.61729999999999996]
[88.65,0.61707499999999993]
[88.7,0.61685000000000001]
[88.75,0.61664999999999992]
[88.8,0.61644999999999994]
[88.85,0.61624999999999996]
[88.9,0.61604999999999999]
[88.95,0.61587499999999995]
[89,0.61570000000000003]
[89.05,0.61549999999999994]
[89.1,0.61529999999999996]
[89.15,0.61509999999999998]
[89.2,0.6149]
[89.25,0.61472499999999997]
[89.3,0.61454999999999993]
[89.35,0.61434999999999995]
[89.4,0.61414999999999997]
[89.45,0.61395]
[89.5,0.61375000000000002]
[89.55,0.61354999999999993]
[89.6,0.61334999999999995]
[89.65,0.61317500000000003]
[89.7,0.61299999999999999]
[89.75,0.61280000000000001]
[89.8,0.61259999999999992]
[89.85,0.612425]
[89.9,0.61224999999999996]
[89.95,0.61204999999999998]
[90,0.61185]
[90.05,0.61167499999999997]
[90.1,0.61149999999999993]
[90.15,0.61132500000000001]
[90.2,0.61114999999999997]
[90.25,0.61094999999999999]
[90.3,0.61075000000000002]
[90.35,0.61057499999999998]
[90.4,0.61039999999999994]
[90.45,0.61019999999999996]
[90.5,0.61]
[90.55,0.60982499999999995]
[90.6,0.60965000000000003]
[90.65,0.60947499999999999]
[90.7,0.60929999999999995]
[90.75,0.60912500000000003]
[90.8,0.60894999999999999]
[90.85,0.60875000000000001]
[90.9,0.60854999999999992]
[90.95,0.608375]
[91,0.60819999999999996]
[91.05,0.60802499999999993]
[91.1,0.60785]
[91.15,0.60767499999999997]
[91.2,0.60750000000000004]
[91.25,0.60729999999999995]
[91.3,0.60709999999999997]
[91.35,0.60694999999999999]
[91.4,0.60680000000000001]
[91.45,0.60659999999999992]
[91.5,0.60639999999999994]
[91.55,0.60622500000000001]
[91.6,0.60604999999999998]
[91.65,0.60589999999999999]
[91.7,0.60575000000000001]
[91.75,0.60554999999999992]
[91.8,0.60534999999999994]
[91.85,0.60517500000000002]
[91.9,0.60499999999999998]
[91.95,0.60485]
[92,0.60470000000000002]
[92.05,0.60449999999999993]
[92.1,0.60429999999999995]
[92.15,0.60414999999999996]
[92.2,0.60399999999999998]
[92.25,0.60382499999999995]
[92.3,0.60365000000000002]
[92.35,0.60347499999999998]
[92.4,0.60329999999999995]
[92.45,0.60312500000000002]
[92.5,0.60294999999999999]
[92.55,0.6028]
[92.6,0.60265000000000002]
[92.65,0.60247499999999998]
[92.7,0.60229999999999995]
[92.75,0.60212500000000002]
[92.8,0.60194999999999999]
[92.85,0.60177499999999995]
[92.9,0.60160000000000002]
[92.95,0.60144999999999993]
[93,0.60129999999999995]
[93.05,0.60112500000000002]
[93.1,0.60094999999999998]
[93.15,0.6008]
[93.2,0.60065000000000002]
[93.25,0.60047499999999998]
[93.3,0.60029999999999994]
[93.35,0.60012500000000002]
[93.4,0.59994999999999998]
[93.45,0.5998]
[93.5,0.59965000000000002]
[93.55,0.59947499999999998]
[93.6,0.59929999999999994]
[93.65,0.59914999999999996]
[93.7,0.59899999999999998]
[93.75,0.59884999999999999]
[93.8,0.59870000000000001]
[93.85,0.59855000000000003]
[93.9,0.59839999999999993]
[93.95,0.59819999999999995]
[94,0.59799999999999998]
[94.05,0.59784999999999999]
[94.1,0.59770000000000001]
[94.15,0.59755000000000003]
[94.2,0.59739999999999993]
[94.25,0.59724999999999995]
[94.3,0.59709999999999996]
[94.35,0.59692499999999993]
[94.4,0.59675]
[94.45,0.59660000000000002]
[94.5,0.59644999999999992]
[94.55,0.59629999999999994]
[94.6,0.59614999999999996]
[94.65,0.59599999999999997]
[94.7,0.59584999999999999]
[94.75,0.59570000000000001]
[94.8,0.59549999999999992]
[94.85,0.59537499999999999]
[94.9,0.59519999999999995]
[94.95,0.59504999999999997]
[95,0.59489999999999998]
[95.05,0.59475]
[95.1,0.59460000000000002]
[95.15,0.59444999999999992]
[95.2,0.59429999999999994]
[95.25,0.59414999999999996]
[95.3,0.59399999999999997]
[95.35,0.59387499999999993]
[95.4,0.59375]
[95.45,0.59360000000000002]
[95.5,0.59344999999999992]
[95.55,0.59329999999999994]
[95.6,0.59314999999999996]
[95.65,0.59299999999999997]
[95.7,0.59284999999999999]
[95.75,0.5927]
[95.8,0.59255000000000002]
[95.85,0.59239999999999993]
[95.9,0.59224999999999994]
[95.95,0.59209999999999996]
[96,0.59194999999999998]
[96.05,0.59179999999999999]
[96.1,0.59165000000000001]
[96.15,0.59152499999999997]
[96.2,0.59139999999999993]
[96.25,0.59125000000000005]
[96.3,0.59109999999999996]
[96.35,0.59094999999999998]
[96.4,0.59079999999999999]
[96.45,0.59065000000000001]
[96.5,0.59050000000000002]
[96.55,0.59034999999999993]
[96.6,0.59019999999999995]
[96.65,0.59007500000000002]
[96.7,0.58994999999999997]
[96.75,0.58979999999999999]
[96.8,0.58965000000000001]
[96.85,0.58952499999999997]
[96.9,0.58939999999999992]
[96.95,0.58924999999999994]
[97,0.58909999999999996]
[97.05,0.58897500000000003]
[97.1,0.58884999999999998]
[97.15,0.5887]
[97.2,0.58855000000000002]
[97.25,0.58839999999999992]
[97.3,0.58824999999999994]
[97.35,0.58812500000000001]
[97.4,0.58799999999999997]
[97.45,0.58787499999999993]
[97.5,0.58774999999999999]
[97.55,0.58760000000000001]
[97.6,0.58745000000000003]
[97.65,0.58729999999999993]
[97.7,0.58714999999999995]
[97.75,0.58704999999999996]
[97.8,0.58694999999999997]
[97.85,0.58679999999999999]
[97.9,0.58665]
[97.95,0.58650000000000002]
[98,0.58634999999999993]
[98.05,0.58625000000000005]
[98.1,0.58614999999999995]
[98.15,0.58599999999999997]
[98.2,0.58584999999999998]
[98.25,0.58572499999999994]
[98.3,0.58560000000000001]
[98.35,0.58547499999999997]
[98.4,0.58534999999999993]
[98.45,0.58519999999999994]
[98.5,0.58504999999999996]
[98.55,0.58492500000000003]
[98.6,0.58479999999999999]
[98.65,0.58467499999999994]
[98.7,0.58455000000000001]
[98.75,0.58442499999999997]
[98.8,0.58429999999999993]
[98.85,0.584175]
[98.9,0.58404999999999996]
[98.95,0.58392500000000003]
[99,0.58379999999999999]
[99.05,0.58367499999999994]
[99.1,0.58355000000000001]
[99.15,0.58342499999999997]
[99.2,0.58329999999999993]
[99.25,0.583175]
[99.3,0.58304999999999996]
[99.35,0.58292500000000003]
[99.4,0.58279999999999998]
[99.45,0.58267499999999994]
[99.5,0.58255000000000001]
[99.55,0.58242499999999997]
[99.6,0.58229999999999993]
[99.65,0.582175]
[99.7,0.58204999999999996]
[99.75,0.58192500000000003]
[99.8,0.58179999999999998]
[99.85,0.58167499999999994]
[99.9,0.58155000000000001]
[99.95,0.58142499999999997]
[100,0.58129999999999993]
[100.05,0.581175]
[100.1,0.58104999999999996]
[100.15,0.58094999999999997]
[100.2,0.58084999999999998]
[100.25,0.58072499999999994]
[100.3,0.5806]
[100.35,0.58047499999999996]
[100.4,0.58034999999999992]
[100.45,0.58024999999999993]
[100.5,0.58014999999999994]
[100.55,0.57999999999999996]
[100.6,0.57984999999999998]
[100.65,0.57974999999999999]
[100.7,0.57965]
[100.75,0.57955000000000001]
[100.8,0.57945000000000002]
[100.85,0.57929999999999993]
[100.9,0.57914999999999994]
[100.95,0.57904999999999995]
[101,0.57894999999999996]
[101.05,0.57884999999999998]
[101.1,0.57874999999999999]
[101.15,0.57862499999999994]
[101.2,0.57850000000000001]
[101.25,0.57837499999999997]
[101.3,0.57824999999999993]
[101.35,0.57814999999999994]
[101.4,0.57804999999999995]
[101.45,0.57792500000000002]
[101.5,0.57779999999999998]
[101.55,0.57769999999999999]
[101.6,0.5776]
[101.65,0.57750000000000001]
[101.7,0.57740000000000002]
[101.75,0.57729999999999992]
[101.8,0.57719999999999994]
[101.85,0.57704999999999995]
[101.9,0.57689999999999997]
[101.95,0.57679999999999998]
[102,0.57669999999999999]
[102.05,0.5766]
[102.1,0.57650000000000001]
[102.15,0.57640000000000002]
[102.2,0.57629999999999992]
[102.25,0.57617499999999999]
[102.3,0.57604999999999995]
[102.35,0.57594999999999996]
[102.4,0.57584999999999997]
[102.45,0.57574999999999998]
[102.5,0.57565]
[102.55,0.57555000000000001]
[102.6,0.57545000000000002]
[102.65,0.57535000000000003]
[102.7,0.57524999999999993]
[102.75,0.575125]
[102.8,0.57499999999999996]
[102.85,0.57489999999999997]
[102.9,0.57479999999999998]
[102.95,0.57469999999999999]
[103,0.5746]
[103.05,0.57450000000000001]
[103.1,0.57440000000000002]
[103.15,0.57429999999999992]
[103.2,0.57419999999999993]
[103.25,0.57409999999999994]
[103.3,0.57399999999999995]
[103.35,0.57389999999999997]
[103.4,0.57379999999999998]
[103.45,0.57367499999999993]
[103.5,0.57355]
[103.55,0.57345000000000002]
[103.6,0.57335000000000003]
[103.65,0.57324999999999993]
[103.7,0.57314999999999994]
[103.75,0.57304999999999995]
[103.8,0.57294999999999996]
[103.85,0.57284999999999997]
[103.9,0.57274999999999998]
[103.95,0.57264999999999999]
[104,0.57255]
[104.05,0.57247499999999996]
[104.1,0.57240000000000002]
[104.15,0.57229999999999992]
[104.2,0.57219999999999993]
[104.25,0.57209999999999994]
[104.3,0.57199999999999995]
[104.35,0.57189999999999996]
[104.4,0.57179999999999997]
[104.45,0.57169999999999999]
[104.5,0.5716]
[104.55,0.57150000000000001]
[104.6,0.57140000000000002]
[104.65,0.57132499999999997]
[104.7,0.57125000000000004]
[104.75,0.57114999999999994]
[104.8,0.57104999999999995]
[104.85,0.57094999999999996]
[104.9,0.57084999999999997]
[104.95,0.57074999999999998]
[105,0.57064999999999999]
[105.05,0.57057499999999994]
[105.1,0.57050000000000001]
[105.15,0.57040000000000002]
[105.2,0.57030000000000003]
[105.25,0.57019999999999993]
[105.3,0.57009999999999994]
[105.35,0.570025]
[105.4,0.56994999999999996]
[105.45,0.56984999999999997]
[105.5,0.56974999999999998]
[105.55,0.56964999999999999]
[105.6,0.56955]
[105.65,0.56947499999999995]
[105.7,0.56940000000000002]
[105.75,0.56930000000000003]
[105.8,0.56919999999999993]
[105.85,0.56909999999999994]
[105.9,0.56899999999999995]
[105.95,0.56892500000000001]
[106,0.56884999999999997]
[106.05,0.56874999999999998]
[106.1,0.56864999999999999]
[106.15,0.56855]
[106.2,0.56845000000000001]
[106.25,0.56837499999999996]
[106.3,0.56830000000000003]
[106.35,0.56819999999999993]
[106.4,0.56809999999999994]
[106.45,0.568025]
[106.5,0.56794999999999995]
[106.55,0.56787500000000002]
[106.6,0.56779999999999997]
[106.65,0.56772499999999992]
[106.7,0.56764999999999999]
[106.75,0.56755]
[106.8,0.56745000000000001]
[106.85,0.56737499999999996]
[106.9,0.56730000000000003]
[106.95,0.56719999999999993]
[107,0.56709999999999994]
[107.05,0.567025]
[107.1,0.56694999999999995]
[107.15,0.56684999999999997]
[107.2,0.56674999999999998]
[107.25,0.56669999999999998]
[107.3,0.56664999999999999]
[107.35,0.56655]
[107.4,0.56645000000000001]
[107.45,0.56637499999999996]
[107.5,0.56630000000000003]
[107.55,0.56619999999999993]
[107.6,0.56609999999999994]
[107.65,0.566025]
[107.7,0.56594999999999995]
[107.75,0.56587500000000002]
[107.8,0.56579999999999997]
[107.85,0.56572499999999992]
[107.9,0.56564999999999999]
[107.95,0.56557499999999994]
[108,0.5655]
[108.05,0.56540000000000001]
[108.1,0.5353]
[108.15,0.56524999999999992]
[108.2,0.56519999999999992]
[108.25,0.56509999999999994]
[108.3,0.56499999999999995]
[108.35,0.56492500000000001]
[108.4,0.56484999999999996]
[108.45,0.56477500000000003]
[108.5,0.56469999999999998]
[108.55,0.56462499999999993]
[108.6,0.56455]
[108.65,0.56447499999999995]
[108.7,0.56440000000000001]
[108.75,0.56432499999999997]
[108.8,0.56425000000000003]
[108.85,0.56414999999999993]
[108.9,0.56404999999999994]
[108.95,0.56399999999999995]
[109,0.56394999999999995]
[109.05,0.56387500000000002]
[109.1,0.56379999999999997]
[109.15,0.56372499999999992]
[109.2,0.56364999999999998]
[109.25,0.56357499999999994]
[109.3,0.5635]
[109.35,0.56342499999999995]
[109.4,0.56335000000000002]
[109.45,0.56327499999999997]
[109.5,0.56319999999999992]
[109.55,0.56314999999999993]
[109.6,0.56309999999999993]
[109.65,0.56299999999999994]
[109.7,0.56289999999999996]
[109.75,0.56282500000000002]
[109.8,0.56274999999999997]
[109.85,0.56269999999999998]
[109.9,0.56264999999999998]
[109.95,0.56257499999999994]
[110,0.5625]
[110.05,0.56242499999999995]
[110.1,0.56235000000000002]
[110.15,0.56227499999999997]
[110.2,0.56219999999999992]
[110.25,0.56212499999999999]
[110.3,0.56204999999999994]
[110.35,0.561975]
[110.4,0.56189999999999996]
[110.45,0.56184999999999996]
[110.5,0.56179999999999997]
[110.55,0.56172500000000003]
[110.6,0.56164999999999998]
[110.65,0.56159999999999999]
[110.7,0.56154999999999999]
[110.75,0.56145]
[110.8,0.56135000000000002]
[110.85,0.56127499999999997]
[110.9,0.56119999999999992]
[110.95,0.56114999999999993]
[111,0.56109999999999993]
[111.05,0.561025]
[111.1,0.56094999999999995]
[111.15,0.56089999999999995]
[111.2,0.56084999999999996]
[111.25,0.56077500000000002]
[111.3,0.56069999999999998]
[111.35,0.56064999999999998]
[111.4,0.56059999999999999]
[111.45,0.56052499999999994]
[111.5,0.56045]
[111.55,0.56040000000000001]
[111.6,0.56035000000000001]
[111.65,0.56027499999999997]
[111.7,0.56019999999999992]
[111.75,0.56012499999999998]
[111.8,0.56004999999999994]
[111.85,0.559975]
[111.9,0.55989999999999995]
[111.95,0.55982500000000002]
[112,0.55974999999999997]
[112.05,0.55969999999999998]
[112.1,0.55964999999999998]
[112.15,0.55957499999999993]
[112.2,0.5595]
[112.25,0.55945]
[112.3,0.55940000000000001]
[112.35,0.55932499999999996]
[112.4,0.55925000000000002]
[112.45,0.55919999999999992]
[112.5,0.55914999999999992]
[112.55,0.55907499999999999]
[112.6,0.55899999999999994]
[112.65,0.55894999999999995]
[112.7,0.55889999999999995]
[112.75,0.55882500000000002]
[112.8,0.55874999999999997]
[112.85,0.55869999999999997]
[112.9,0.55864999999999998]
[112.95,0.55859999999999999]
[113,0.55854999999999999]
[113.05,0.55847499999999994]
[113.1,0.55840000000000001]
[113.15,0.55835000000000001]
[113.2,0.55830000000000002]
[113.25,0.55822499999999997]
[113.3,0.55814999999999992]
[113.35,0.55809999999999993]
[113.4,0.55804999999999993]
[113.45,0.55799999999999994]
[113.5,0.55794999999999995]
[113.55,0.55789999999999995]
[113.6,0.55784999999999996]
[113.65,0.55777500000000002]
[113.7,0.55769999999999997]
[113.75,0.55764999999999998]
[113.8,0.55759999999999998]
[113.85,0.55754999999999999]
[113.9,0.5575]
[113.95,0.55742499999999995]
[114,0.55735000000000001]
[114.05,0.55730000000000002]
[114.1,0.55725000000000002]
[114.15,0.55717499999999998]
[114.2,0.55709999999999993]
[114.25,0.55704999999999993]
[114.3,0.55699999999999994]
[114.35,0.55694999999999995]
[114.4,0.55689999999999995]
[114.45,0.55682500000000001]
[114.5,0.55674999999999997]
[114.55,0.55669999999999997]
[114.6,0.55664999999999998]
[114.65,0.55659999999999998]
[114.7,0.55654999999999999]
[114.75,0.55649999999999999]
[114.8,0.55645]
[114.85,0.55640000000000001]
[114.9,0.55635000000000001]
[114.95,0.55630000000000002]
[115,0.55625000000000002]
[115.05,0.55617499999999997]
[115.1,0.55609999999999993]
[115.15,0.55604999999999993]
[115.2,0.55599999999999994]
[115.25,0.555925]
[115.3,0.55584999999999996]
[115.35,0.55579999999999996]
[115.4,0.55574999999999997]
[115.45,0.55569999999999997]
[115.5,0.55564999999999998]
[115.55,0.55562500000000004]
[115.6,0.55559999999999998]
[115.65,0.55552499999999994]
[115.7,0.55545]
[115.75,0.5554]
[115.8,0.55535000000000001]
[115.85,0.55530000000000002]
[115.9,0.55525000000000002]
[115.95,0.55517499999999997]
[116,0.55509999999999993]
[116.05,0.55504999999999993]
[116.1,0.55500000000000005]
[116.15,0.55494999999999994]
[116.2,0.55489999999999995]
[116.25,0.55482500000000001]
[116.3,0.55474999999999997]
[116.35,0.55472500000000002]
[116.4,0.55469999999999997]
[116.45,0.55464999999999998]
[116.5,0.55459999999999998]
[116.55,0.55454999999999999]
[116.6,0.55449999999999999]
[116.65,0.55442499999999995]
[116.7,0.55435000000000001]
[116.75,0.55430000000000001]
[116.8,0.55425000000000002]
[116.85,0.55420000000000003]
[116.9,0.55414999999999992]
[116.95,0.55409999999999993]
[117,0.55404999999999993]
[117.05,0.55399999999999994]
[117.1,0.55394999999999994]
[117.15,0.55389999999999995]
[117.2,0.55384999999999995]
[117.25,0.55379999999999996]
[117.3,0.55374999999999996]
[117.35,0.55369999999999997]
[117.4,0.55364999999999998]
[117.45,0.55357499999999993]
[117.5,0.55349999999999999]
[117.55,0.55345]
[117.6,0.5534]
[117.65,0.55335000000000001]
[117.7,0.55330000000000001]
[117.75,0.55327499999999996]
[117.8,0.55325000000000002]
[117.85,0.55320000000000003]
[117.9,0.55314999999999992]
[117.95,0.55307499999999998]
[118,0.55299999999999994]
[118.05,0.55294999999999994]
[118.1,0.55289999999999995]
[118.15,0.55284999999999995]
[118.2,0.55279999999999996]
[118.25,0.55274999999999996]
[118.3,0.55269999999999997]
[118.35,0.55264999999999997]
[118.4,0.55259999999999998]
[118.45,0.55252499999999993]
[118.5,0.55245]
[118.55,0.55242499999999994]
[118.6,0.5524]
[118.65,0.55235000000000001]
[118.7,0.55230000000000001]
[118.75,0.55225000000000002]
[118.8,0.55220000000000002]
[118.85,0.55215000000000003]
[118.9,0.55209999999999992]
[118.95,0.55204999999999993]
[119,0.55199999999999994]
[119.05,0.551925]
[119.1,0.55184999999999995]
[119.15,0.55179999999999996]
[119.2,0.55174999999999996]
[119.25,0.55169999999999997]
[119.3,0.51164999999999994]
[119.35,0.55159999999999998]
[119.4,0.55154999999999998]
[119.45,0.55149999999999999]
[119.5,0.55145]
[119.55,0.55142499999999994]
[119.6,0.5514]
[119.65,0.55135000000000001]
[119.7,0.55130000000000001]
[119.75,0.55122499999999997]
[119.8,0.55115000000000003]
[119.85,0.55109999999999992]
[119.9,0.55104999999999993]
[119.95,0.55099999999999993]
[120,0.55094999999999994]
[120.05,0.55089999999999995]
[120.1,0.55084999999999995]
[120.15,0.55079999999999996]
[120.2,0.55074999999999996]
[120.25,0.55069999999999997]
[120.3,0.55064999999999997]
[120.35,0.55059999999999998]
[120.4,0.55054999999999998]
[120.45,0.55049999999999999]
[120.5,0.55044999999999999]
[120.55,0.5504]
[120.6,0.55035000000000001]
[120.65,0.55030000000000001]
[120.7,0.55025000000000002]
[120.75,0.55017499999999997]
[120.8,0.55009999999999992]
[120.85,0.55004999999999993]
[120.9,0.55000000000000004]
[120.95,0.54994999999999994]
[121,0.54989999999999994]
[121.05,0.54984999999999995]
[121.1,0.54979999999999996]
[121.15,0.54974999999999996]
[121.2,0.54969999999999997]
[121.25,0.54964999999999997]
[121.3,0.54959999999999998]
[121.35,0.54954999999999998]
[121.4,0.54949999999999999]
[121.45,0.54944999999999999]
[121.5,0.5494]
[121.55,0.54935]
[121.6,0.54930000000000001]
[121.65,0.54925000000000002]
[121.7,0.54920000000000002]
[121.75,0.54912499999999997]
[121.8,0.54904999999999993]
[121.85,0.54899999999999993]
[121.9,0.54894999999999994]
[121.95,0.54889999999999994]
[122,0.54884999999999995]
[122.05,0.54879999999999995]
[122.1,0.54874999999999996]
[122.15,0.54869999999999997]
[122.2,0.54864999999999997]
[122.25,0.54859999999999998]
[122.3,0.54854999999999998]
[122.35,0.54849999999999999]
[122.4,0.54844999999999999]
[122.45,0.54837499999999995]
[122.5,0.54830000000000001]
[122.55,0.54825000000000002]
[122.6,0.54820000000000002]
[122.65,0.54815000000000003]
[122.7,0.54809999999999992]
[122.75,0.54804999999999993]
[122.8,0.54799999999999993]
[122.85,0.54794999999999994]
[122.9,0.54789999999999994]
[122.95,0.54782500000000001]
[123,0.54774999999999996]
[123.05,0.54769999999999996]
[123.1,0.54764999999999997]
[123.15,0.54759999999999998]
[123.2,0.54754999999999998]
[123.25,0.54749999999999999]
[123.3,0.54744999999999999]
[123.35,0.54737499999999994]
[123.4,0.54730000000000001]
[123.45,0.54725000000000001]
[123.5,0.54720000000000002]
[123.55,0.54715000000000003]
[123.6,0.54710000000000003]
[123.65,0.54702499999999998]
[123.7,0.54694999999999994]
[123.75,0.54689999999999994]
[123.8,0.54684999999999995]
[123.85,0.54679999999999995]
[123.9,0.54674999999999996]
[123.95,0.54667500000000002]
[124,0.54659999999999997]
[124.05,0.54654999999999998]
[124.1,0.54649999999999999]
[124.15,0.54642499999999994]
[124.2,0.54635]
[124.25,0.54630000000000001]
[124.3,0.54625000000000001]
[124.35,0.54620000000000002]
[124.4,0.54615000000000002]
[124.45,0.54607499999999998]
[124.5,0.54599999999999993]
[124.55,0.54594999999999994]
[124.6,0.54589999999999994]
[124.65,0.545825]
[124.7,0.54574999999999996]
[124.75,0.54569999999999996]
[124.8,0.54564999999999997]
[124.85,0.54557499999999992]
[124.9,0.54549999999999998]
[124.95,0.54544999999999999]
[125,0.5454]
[125.05,0.54537999999999998]
[125.1,0.54535999999999996]
[125.15,0.54530499999999993]
[125.2,0.54525000000000001]
[125.25,0.54519499999999999]
[125.3,0.54513999999999996]
[125.35,0.54508499999999993]
[125.4,0.54503000000000001]
[125.45,0.54497499999999999]
[125.5,0.54491999999999996]
[125.55,0.54486499999999993]
[125.6,0.54481000000000002]
[125.65,0.54475499999999999]
[125.7,0.54469999999999996]
[125.75,0.54464499999999993]
[125.8,0.54459000000000002]
[125.85,0.54453499999999999]
[125.9,0.54447999999999996]
[125.95,0.54442499999999994]
[126,0.54437000000000002]
[126.05,0.54431499999999999]
[126.1,0.54425999999999997]
[126.15,0.54422999999999999]
[126.2,0.54420000000000002]
[126.25,0.54414499999999999]
[126.3,0.54408999999999996]
[126.35,0.54403499999999994]
[126.4,0.54398000000000002]
[126.45,0.54392499999999999]
[126.5,0.54386999999999996]
[126.55,0.54381499999999994]
[126.6,0.54376000000000002]
[126.65,0.54370499999999999]
[126.7,0.54364999999999997]
[126.75,0.54359499999999994]
[126.8,0.54354000000000002]
[126.85,0.543485]
[126.9,0.54342999999999997]
[126.95,0.54339999999999999]
[127,0.54337000000000002]
[127.05,0.54331499999999999]
[127.1,0.54325999999999997]
[127.15,0.54320499999999994]
[127.2,0.54315000000000002]
[127.25,0.54309499999999999]
[127.3,0.54303999999999997]
[127.35,0.54298499999999994]
[127.4,0.54293000000000002]
[127.45,0.542875]
[127.5,0.54281999999999997]
[127.55,0.54276499999999994]
[127.6,0.54271000000000003]
[127.65,0.54267999999999994]
[127.7,0.54264999999999997]
[127.75,0.54259499999999994]
[127.8,0.54254000000000002]
[127.85,0.54248499999999999]
[127.9,0.54242999999999997]
[127.95,0.54237499999999994]
[128,0.54232000000000002]
[128.05000000000001,0.542265]
[128.1,0.54220999999999997]
[128.15,0.54215499999999994]
[128.19999999999999,0.54210000000000003]
[128.25,0.54206999999999994]
[128.30000000000001,0.54203999999999997]
[128.35,0.54198499999999994]
[128.4,0.54193000000000002]
[128.44999999999999,0.59187500000000004]
[128.5,0.54181999999999997]
[128.55000000000001,0.54176499999999994]
[128.6,0.54171000000000002]
[128.65,0.541655]
[128.69999999999999,0.54159999999999997]
[128.75,0.54154499999999994]
[128.80000000000001,0.54149000000000003]
[128.85,0.54145999999999994]
[128.9,0.54142999999999997]
[128.94999999999999,0.54137499999999994]
[129,0.54132000000000002]
[129.05000000000001,0.541265]
[129.1,0.54120999999999997]
[129.15,0.54115499999999994]
[129.19999999999999,0.54110000000000003]
[129.25,0.541045]
[129.30000000000001,0.54098999999999997]
[129.35,0.54096]
[129.4,0.54093000000000002]
[129.44999999999999,0.54087499999999999]
[129.5,0.54081999999999997]
[129.55000000000001,0.54076499999999994]
[129.6,0.54071000000000002]
[129.65,0.540655]
[129.69999999999999,0.54059999999999997]
[129.75,0.54056999999999999]
[129.80000000000001,0.54054000000000002]
[129.85,0.54048499999999999]
[129.9,0.54042999999999997]
[129.94999999999999,0.54037499999999994]
[130,0.54032000000000002]
[130.05000000000001,0.540265]
[130.1,0.54020999999999997]
[130.15,0.54015499999999994]
[130.19999999999999,0.54010000000000002]
[130.25,0.54006999999999994]
[130.30000000000001,0.54003999999999996]
[130.35,0.53998499999999994]
[130.4,0.53993000000000002]
[130.44999999999999,0.53987499999999999]
[130.5,0.53981999999999997]
[130.55000000000001,0.53976499999999994]
[130.6,0.53971000000000002]
[130.65,0.53967999999999994]
[130.69999999999999,0.53964999999999996]
[130.75,0.53959499999999994]
[130.80000000000001,0.53954000000000002]
[130.85,0.53948499999999999]
[130.9,0.53942999999999997]
[130.94999999999999,0.53937500000000005]
[131,0.53932000000000002]
[131.05000000000001,0.53926499999999999]
[131.1,0.53920999999999997]
[131.15,0.53917999999999999]
[131.19999999999999,0.53915000000000002]
[131.25,0.53909499999999999]
[131.30000000000001,0.53903999999999996]
[131.35,0.53898499999999994]
[131.4,0.53893000000000002]
[131.44999999999999,0.53887499999999999]
[131.5,0.53881999999999997]
[131.55000000000001,0.53878999999999999]
[131.6,0.53876000000000002]
[131.65,0.53870499999999999]
[131.69999999999999,0.53864999999999996]
[131.75,0.53859499999999993]
[131.80000000000001,0.53854000000000002]
[131.85,0.53850999999999993]
[131.9,0.53847999999999996]
[131.94999999999999,0.53842499999999993]
[132,0.53837000000000002]
[132.05000000000001,0.53831499999999999]
[132.1,0.53825999999999996]
[132.15,0.53820499999999993]
[132.19999999999999,0.53815000000000002]
[132.25,0.53811999999999993]
[132.30000000000001,0.53808999999999996]
[132.35,0.53803499999999993]
[132.4,0.53798000000000001]
[132.44999999999999,0.53792499999999999]
[132.5,0.53786999999999996]
[132.55000000000001,0.53781499999999993]
[132.6,0.53776000000000002]
[132.65,0.53772999999999993]
[132.69999999999999,0.53769999999999996]
[132.75,0.43764500000000001]
[132.80000000000001,0.53759000000000001]
[132.85,0.53753499999999999]
[132.9,0.53747999999999996]
[132.94999999999999,0.53744999999999998]
[133,0.53742000000000001]
[133.05000000000001,0.53736499999999998]
[133.1,0.53730999999999995]
[133.15,0.53725499999999993]
[133.19999999999999,0.53720000000000001]
[133.25,0.53714499999999998]
[133.30000000000001,0.53708999999999996]
[133.35,0.53705999999999998]
[133.4,0.53703000000000001]
[133.44999999999999,0.53697499999999998]
[133.5,0.53691999999999995]
[133.55000000000001,0.53686499999999993]
[133.6,0.53681000000000001]
[133.65,0.53677999999999992]
[133.69999999999999,0.53674999999999995]
[133.75,0.53669499999999992]
[133.80000000000001,0.53664000000000001]
[133.85,0.53658499999999998]
[133.9,0.53652999999999995]
[133.94999999999999,0.53649999999999998]
[134,0.53647]
[134.05000000000001,0.53641499999999998]
[134.1,0.53635999999999995]
[134.15,0.53630499999999992]
[134.19999999999999,0.53625]
[134.25,0.53619499999999998]
[134.30000000000001,0.53613999999999995]
[134.35,0.53610999999999998]
[134.4,0.53608]
[134.44999999999999,0.53602499999999997]
[134.5,0.53596999999999995]
[134.55000000000001,0.53591500000000003]
[134.6,0.53586]
[134.65,0.53583000000000003]
[134.69999999999999,0.53579999999999994]
[134.75,0.53574500000000003]
[134.80000000000001,0.53569]
[134.85,0.53563499999999997]
[134.9,0.53557999999999995]
[134.94999999999999,0.53554999999999997]
[135,0.53552]
[135.05000000000001,0.53546700000000003]
[135.1,0.53541499999999997]
[135.15,0.535362]
[135.19999999999999,0.53530999999999995]
[135.25,0.53528199999999992]
[135.30000000000001,0.53525499999999993]
[135.35,0.53520199999999996]
[135.4,0.53515000000000001]
[135.44999999999999,0.53509699999999993]
[135.5,0.53504499999999999]
[135.55000000000001,0.53501699999999996]
[135.6,0.53498999999999997]
[135.65,0.534937]
[135.69999999999999,0.53488499999999994]
[135.75,0.53483199999999997]
[135.80000000000001,0.53477999999999992]
[135.85,0.53475200000000001]
[135.9,0.53472500000000001]
[135.94999999999999,0.53467199999999993]
[136,0.53461999999999998]
[136.05000000000001,0.53456700000000001]
[136.1,0.53451499999999996]
[136.15,0.53448699999999993]
[136.19999999999999,0.53445999999999994]
[136.25,0.53440699999999997]
[136.30000000000001,0.53435500000000002]
[136.35,0.53430199999999994]
[136.4,0.53425]
[136.44999999999999,0.53422199999999997]
[136.5,0.53419499999999998]
[136.55000000000001,0.53414200000000001]
[136.6,0.53408999999999995]
[136.65,0.53406199999999993]
[136.69999999999999,0.53403499999999993]
[136.75,0.53398199999999996]
[136.80000000000001,0.53393000000000002]
[136.85,0.53387699999999993]
[136.9,0.53382499999999999]
[136.94999999999999,0.53379699999999997]
[137,0.53376999999999997]
[137.05000000000001,0.53372200000000003]
[137.1,0.53367500000000001]
[137.15,0.53361700000000001]
[137.19999999999999,0.53355999999999992]
[137.25,0.53353200000000001]
[137.30000000000001,0.53350500000000001]
[137.35,0.53345199999999993]
[137.4,0.53339999999999999]
[137.44999999999999,0.53334700000000002]
[137.5,0.53329499999999996]
[137.55000000000001,0.53326699999999994]
[137.6,0.53323999999999994]
[137.65,0.53318699999999997]
[137.69999999999999,0.53313500000000003]
[137.75,0.533107]
[137.80000000000001,0.53308]
[137.85,0.53302700000000003]
[137.9,0.53297499999999998]
[137.94999999999999,0.53292200000000001]
[138,0.53286999999999995]
[138.05000000000001,0.53284199999999993]
[138.1,0.53281499999999993]
[138.15,0.53276199999999996]
[138.19999999999999,0.53271000000000002]
[138.25,0.53265699999999994]
[138.30000000000001,0.532605]
[138.35,0.53257699999999997]
[138.4,0.53254999999999997]
[138.44999999999999,0.532497]
[138.5,0.53244499999999995]
[138.55000000000001,0.53241700000000003]
[138.6,0.53239000000000003]
[138.65,0.53233699999999995]
[138.69999999999999,0.53228500000000001]
[138.75,0.53223199999999993]
[138.80000000000001,0.53217999999999999]
[138.85,0.53215199999999996]
[138.9,0.53212499999999996]
[138.94999999999999,0.53207199999999999]
[139,0.53201999999999994]
[139.05000000000001,0.531057]
[139.1,0.53191500000000003]
[139.15,0.531887]
[139.19999999999999,0.53186]
[139.25,0.53180700000000003]
[139.30000000000001,0.53175499999999998]
[139.35,0.53172699999999995]
[139.4,0.53169999999999995]
[139.44999999999999,0.53164699999999998]
[139.5,0.53159499999999993]
[139.55000000000001,0.53154199999999996]
[139.6,0.53149000000000002]
[139.65,0.53146199999999999]
[139.69999999999999,0.53143499999999999]
[139.75,0.53138200000000002]
[139.80000000000001,0.53132999999999997]
[139.85,0.53130199999999994]
[139.9,0.53127499999999994]
[139.94999999999999,0.53122199999999997]
[140,0.53117000000000003]
[140.05000000000001,0.53111699999999995]
[140.1,0.53106500000000001]
[140.15,0.53103699999999998]
[140.19999999999999,0.53100999999999998]
[140.25,0.53095700000000001]
[140.30000000000001,0.53090499999999996]
[140.35,0.53087699999999993]
[140.4,0.53084999999999993]
[140.44999999999999,0.53079699999999996]
[140.5,0.53074500000000002]
[140.55000000000001,0.53069199999999994]
[140.6,0.53064]
[140.65,0.53061199999999997]
[140.69999999999999,0.53058499999999997]
[140.75,0.530532]
[140.80000000000001,0.53047999999999995]
[140.85,0.53045199999999992]
[140.9,0.53042499999999992]
[140.94999999999999,0.53037199999999995]
[141,0.53032000000000001]
[141.05000000000001,0.53029199999999999]
[141.1,0.53026499999999999]
[141.15,0.53021200000000002]
[141.19999999999999,0.53015999999999996]
[141.25,0.53010699999999999]
[141.30000000000001,0.53005499999999994]
[141.35,0.53002700000000003]
[141.4,0.53]
[141.44999999999999,0.52994699999999995]
[141.5,0.529895]
[141.55000000000001,0.52986699999999998]
[141.6,0.52983999999999998]
[141.65,0.52978700000000001]
[141.69999999999999,0.52973499999999996]
[141.75,0.52970699999999993]
[141.80000000000001,0.52967999999999993]
[141.85,0.52962699999999996]
[141.9,0.52957500000000002]
[141.94999999999999,0.52952199999999994]
[142,0.52947]
[142.05000000000001,0.52944199999999997]
[142.1,0.52941499999999997]
[142.15,0.529362]
[142.19999999999999,0.52930999999999995]
[142.25,0.52928200000000003]
[142.30000000000001,0.52925500000000003]
[142.35,0.52920199999999995]
[142.4,0.52915000000000001]
[142.44999999999999,0.52909699999999993]
[142.5,0.52904499999999999]
[142.55000000000001,0.52901699999999996]
[142.6,0.52898999999999996]
[142.65,0.52893699999999999]
[142.69999999999999,0.52888499999999994]
[142.75,0.52885700000000002]
[142.80000000000001,0.52883000000000002]
[142.85,0.52877699999999994]
[142.9,0.528725]
[142.94999999999999,0.52869699999999997]
[143,0.52866999999999997]
[143.05000000000001,0.528617]
[143.1,0.52856499999999995]
[143.15,0.52853699999999992]
[143.19999999999999,0.52850999999999992]
[143.25,0.52845699999999995]
[143.30000000000001,0.52840500000000001]
[143.35,0.52835199999999993]
[143.4,0.52829999999999999]
[143.44999999999999,0.52827199999999996]
[143.5,0.52824499999999996]
[143.55000000000001,0.52819199999999999]
[143.6,0.52813999999999994]
[143.65,0.52811200000000003]
[143.69999999999999,0.52807999999999999]
[143.75,0.52803199999999995]
[143.80000000000001,0.52798]
[143.85,0.52795199999999998]
[143.9,0.52792499999999998]
[143.94999999999999,0.52787200000000001]
[144,0.52781999999999996]
[144.05000000000001,0.52776699999999999]
[144.1,0.52771499999999993]
[144.15,0.52768700000000002]
[144.19999999999999,0.52766000000000002]
[144.25,0.52760699999999994]
[144.30000000000001,0.527555]
[144.35,0.52752699999999997]
[144.4,0.52749999999999997]
[144.44999999999999,0.527447]
[144.5,0.52739499999999995]
[144.55000000000001,0.52736700000000003]
[144.6,0.52734000000000003]
[144.65,0.52728699999999995]
[144.69999999999999,0.52723500000000001]
[144.75,0.52720699999999998]
[144.80000000000001,0.52717999999999998]
[144.85,0.52712700000000001]
[144.9,0.52707499999999996]
[144.94999999999999,0.52705000000000002]
[145,0.52702499999999997]
[145.05000000000001,0.52697499999999997]
[145.1,0.52692499999999998]
[145.15,0.52687499999999998]
[145.19999999999999,0.52682499999999999]
[145.25,0.52679999999999993]
[145.30000000000001,0.52677499999999999]
[145.35,0.526725]
[145.4,0.526675]
[145.44999999999999,0.52664999999999995]
[145.5,0.52662500000000001]
[145.55000000000001,0.52657500000000002]
[145.6,0.52652500000000002]
[145.65,0.52649999999999997]
[145.69999999999999,0.52647500000000003]
[145.75,0.52642499999999992]
[145.80000000000001,0.52637499999999993]
[145.85,0.52634999999999998]
[145.9,0.52632499999999993]
[145.94999999999999,0.52627499999999994]
[146,0.52622499999999994]
[146.05000000000001,0.5262]
[146.1,0.52617499999999995]
[146.15,0.52612499999999995]
[146.19999999999999,0.52607499999999996]
[146.25,0.52602499999999996]
[146.30000000000001,0.52597499999999997]
[146.35,0.52595000000000003]
[146.4,0.52592499999999998]
[146.44999999999999,0.52587499999999998]
[146.5,0.52582499999999999]
[146.55000000000001,0.52579999999999993]
[146.6,0.52577499999999999]
[146.65,0.525725]
[146.69999999999999,0.525675]
[146.75,0.52564999999999995]
[146.80000000000001,0.52562500000000001]
[146.85,0.52557500000000001]
[146.9,0.52552500000000002]
[146.94999999999999,0.52549999999999997]
[147,0.52547500000000003]
[147.05000000000001,0.52542500000000003]
[147.1,0.52537499999999993]
[147.15,0.52534999999999998]
[147.19999999999999,0.52532499999999993]
[147.25,0.52527499999999994]
[147.30000000000001,0.52522499999999994]
[147.35,0.5252]
[147.4,0.52517499999999995]
[147.44999999999999,0.52512499999999995]
[147.5,0.52507499999999996]
[147.55000000000001,0.52505000000000002]
[147.6,0.52502499999999996]
[147.65,0.52497499999999997]
[147.69999999999999,0.52492499999999997]
[147.75,0.52487499999999998]
[147.80000000000001,0.52482499999999999]
[147.85,0.52479999999999993]
[147.9,0.52477499999999999]
[147.94999999999999,0.524725]
[148,0.524675]
[148.05000000000001,0.52464999999999995]
[148.1,0.52462500000000001]
[148.15,0.52457500000000001]
[148.19999999999999,0.52452500000000002]
[148.25,0.52449999999999997]
[148.30000000000001,0.52447500000000002]
[148.35,0.52442500000000003]
[148.4,0.52437500000000004]
[148.44999999999999,0.52434999999999998]
[148.5,0.52432499999999993]
[148.55000000000001,0.52427499999999994]
[148.6,0.52422499999999994]
[148.65,0.5242]
[148.69999999999999,0.52417499999999995]
[148.75,0.52412499999999995]
[148.80000000000001,0.52407499999999996]
[148.85,0.52405000000000002]
[148.9,0.52402499999999996]
[148.94999999999999,0.52397499999999997]
[149,0.52392499999999997]
[149.05000000000001,0.52389999999999992]
[149.1,0.52387499999999998]
[149.15,0.52382499999999999]
[149.19999999999999,0.52377499999999999]
[149.25,0.52375000000000005]
[149.30000000000001,0.523725]
[149.35,0.523675]
[149.4,0.52362500000000001]
[149.44999999999999,0.52359999999999995]
[149.5,0.52357500000000001]
[149.55000000000001,0.52352500000000002]
[149.6,0.52347500000000002]
[149.65,0.52344999999999997]
[149.69999999999999,0.52342500000000003]
[149.75,0.52337499999999992]
[149.80000000000001,0.52332499999999993]
[149.85,0.52327499999999993]
[149.9,0.52322499999999994]
[149.94999999999999,0.5232]
[150,0.52317499999999995]
[150.05000000000001,0.52312499999999995]
[150.1,0.52307499999999996]
[150.15,0.52305000000000001]
[150.19999999999999,0.52302499999999996]
[150.25,0.52297499999999997]
[150.30000000000001,0.52292499999999997]
[150.35,0.52290000000000003]
[150.4,0.52287499999999998]
[150.44999999999999,0.52282499999999998]
[150.5,0.52277499999999999]
[150.55000000000001,0.52274999999999994]
[150.6,0.522725]
[150.65,0.522675]
[150.69999999999999,0.52262500000000001]
[150.75,0.52259999999999995]
[150.80000000000001,0.52257500000000001]
[150.85,0.52252500000000002]
[150.9,0.52247500000000002]
[150.94999999999999,0.52244999999999997]
[151,0.52242500000000003]
[151.05000000000001,0.52237499999999992]
[151.1,0.52232499999999993]
[151.15,0.52229999999999999]
[151.19999999999999,0.52227499999999993]
[151.25,0.52222499999999994]
[151.30000000000001,0.52217499999999994]
[151.35,0.52215]
[151.4,0.52212499999999995]
[151.44999999999999,0.52207499999999996]
[151.5,0.52202499999999996]
[151.55000000000001,0.52200000000000002]
[151.6,0.52197499999999997]
[151.65,0.52192499999999997]
[151.69999999999999,0.52187499999999998]
[151.75,0.52184999999999993]
[151.80000000000001,0.52182499999999998]
[151.85,0.52177499999999999]
[151.9,0.52172499999999999]
[151.94999999999999,0.52169999999999994]
[152,0.521675]
[152.05000000000001,0.52162500000000001]
[152.1,0.52157500000000001]
[152.15,0.52154999999999996]
[152.19999999999999,0.52152500000000002]
[152.25,0.52147500000000002]
[152.30000000000001,0.52142500000000003]
[152.35,0.52139999999999997]
[152.4,0.52137499999999992]
[152.44999999999999,0.52132499999999993]
[152.5,0.52127499999999993]
[152.55000000000001,0.52124999999999999]
[152.6,0.52122499999999994]
[152.65,0.52117499999999994]
[152.69999999999999,0.52112499999999995]
[152.75,0.52110000000000001]
[152.80000000000001,0.52107499999999995]
[152.85,0.52102499999999996]
[152.9,0.52097499999999997]
[152.94999999999999,0.52095000000000002]
[153,0.52092499999999997]
[153.05000000000001,0.52087499999999998]
[153.1,0.52082499999999998]
[153.15,0.52077499999999999]
[153.19999999999999,0.52072499999999999]
[153.25,0.52069999999999994]
[153.30000000000001,0.520675]
[153.35,0.520625]
[153.4,0.52057500000000001]
[153.44999999999999,0.52054999999999996]
[153.5,0.52052500000000002]
[153.55000000000001,0.52047500000000002]
[153.6,0.52042500000000003]
[153.65,0.52039999999999997]
[153.69999999999999,0.52037499999999992]
[153.75,0.52032499999999993]
[153.80000000000001,0.52027499999999993]
[153.85,0.52024999999999999]
[153.9,0.52022499999999994]
[153.94999999999999,0.52017499999999994]
[154,0.52012499999999995]
[154.05000000000001,0.52010000000000001]
[154.1,0.52007499999999995]
[154.15,0.52002499999999996]
[154.19999999999999,0.51997499999999997]
[154.25,0.51995000000000002]
[154.30000000000001,0.51992499999999997]
[154.35,0.51987499999999998]
[154.4,0.51982499999999998]
[154.44999999999999,0.51979999999999993]
[154.5,0.51977499999999999]
[154.55000000000001,0.51972499999999999]
[154.6,0.519675]
[154.65,0.51964999999999995]
[154.69999999999999,0.519625]
[154.75,0.51957500000000001]
[154.80000000000001,0.51952500000000001]
[154.85,0.51949999999999996]
[154.9,0.51947500000000002]
[154.94999999999999,0.51942500000000003]
[155,0.51937500000000003]
[155.05000000000001,0.51935199999999992]
[155.1,0.51932999999999996]
[155.15,0.51928200000000002]
[155.19999999999999,0.519235]
[155.25,0.51921200000000001]
[155.30000000000001,0.51918999999999993]
[155.35,0.51914199999999999]
[155.4,0.51909499999999997]
[155.44999999999999,0.51907199999999998]
[155.5,0.51905000000000001]
[155.55000000000001,0.51900199999999996]
[155.6,0.51895499999999994]
[155.65,0.51893199999999995]
[155.69999999999999,0.51890999999999998]
[155.75,0.51886199999999993]
[155.80000000000001,0.51881500000000003]
[155.85,0.51879200000000003]
[155.9,0.51876999999999995]
[155.94999999999999,0.51872200000000002]
[156,0.518675]
[156.05000000000001,0.518652]
[156.1,0.51862999999999992]
[156.15,0.51858199999999999]
[156.19999999999999,0.51853499999999997]
[156.25,0.51851199999999997]
[156.30000000000001,0.51849000000000001]
[156.35,0.51844199999999996]
[156.4,0.51839499999999994]
[156.44999999999999,0.51837199999999994]
[156.5,0.51834999999999998]
[156.55000000000001,0.51830199999999993]
[156.6,0.51825500000000002]
[156.65,0.51823200000000003]
[156.69999999999999,0.51820999999999995]
[156.75,0.51816200000000001]
[156.80000000000001,0.51811499999999999]
[156.85,0.518092]
[156.9,0.51807000000000003]
[156.94999999999999,0.51802199999999998]
[157,0.51797499999999996]
[157.05000000000001,0.51795199999999997]
[157.1,0.51793]
[157.15,0.51788199999999995]
[157.19999999999999,0.51783499999999993]
[157.25,0.51781199999999994]
[157.30000000000001,0.51778999999999997]
[157.35,0.51774199999999992]
[157.4,0.51769500000000002]
[157.44999999999999,0.51767200000000002]
[157.5,0.51764999999999994]
[157.55000000000001,0.51760200000000001]
[157.6,0.51755499999999999]
[157.65,0.51753199999999999]
[157.69999999999999,0.51751000000000003]
[157.75,0.51746199999999998]
[157.80000000000001,0.51741499999999996]
[157.85,0.51739199999999996]
[157.9,0.51737]
[157.94999999999999,0.51732199999999995]
[158,0.51727499999999993]
[158.05000000000001,0.51725199999999993]
[158.1,0.51722999999999997]
[158.15,0.51718200000000003]
[158.19999999999999,0.51713500000000001]
[158.25,0.51711200000000002]
[158.30000000000001,0.51708999999999994]
[158.35,0.517042]
[158.4,0.51699499999999998]
[158.44999999999999,0.51697199999999999]
[158.5,0.51695000000000002]
[158.55000000000001,0.51690199999999997]
[158.6,0.51685499999999995]
[158.65,0.51683199999999996]
[158.69999999999999,0.51680999999999999]
[158.75,0.51676199999999994]
[158.80000000000001,0.51671499999999992]
[158.85,0.51669199999999993]
[158.9,0.51666999999999996]
[158.94999999999999,0.51662200000000003]
[159,0.51657500000000001]
[159.05000000000001,0.51655200000000001]
[159.1,0.51652999999999993]
[159.15,0.516482]
[159.19999999999999,0.51643499999999998]
[159.25,0.51641199999999998]
[159.30000000000001,0.51639000000000002]
[159.35,0.51634199999999997]
[159.4,0.51629499999999995]
[159.44999999999999,0.51627199999999995]
[159.5,0.51624999999999999]
[159.55000000000001,0.51620199999999994]
[159.6,0.51615500000000003]
[159.65,0.51613199999999992]
[159.69999999999999,0.51610999999999996]
[159.75,0.51606200000000002]
[159.80000000000001,0.516015]
[159.85,0.51599200000000001]
[159.9,0.51596999999999993]
[159.94999999999999,0.51592199999999999]
[160,0.51587499999999997]
[160.05000000000001,0.51585199999999998]
[160.1,0.51583000000000001]
[160.15,0.51578199999999996]
[160.19999999999999,0.51573499999999994]
[160.25,0.51571199999999995]
[160.30000000000001,0.51568999999999998]
[160.35,0.51564199999999993]
[160.4,0.51559500000000003]
[160.44999999999999,0.51557200000000003]
[160.5,0.51554999999999995]
[160.55000000000001,0.51550200000000002]
[160.6,0.515455]
[160.65,0.515432]
[160.69999999999999,0.51540999999999992]
[160.75,0.51536199999999999]
[160.80000000000001,0.51531499999999997]
[160.85,0.51529199999999997]
[160.9,0.51527000000000001]
[160.94999999999999,0.51522199999999996]
[161,0.51517499999999994]
[161.05000000000001,0.51515199999999994]
[161.1,0.51512999999999998]
[161.15,0.51508199999999993]
[161.19999999999999,0.51503500000000002]
[161.25,0.51501200000000003]
[161.30000000000001,0.51498999999999995]
[161.35,0.51494200000000001]
[161.4,0.51489499999999999]
[161.44999999999999,0.514872]
[161.5,0.51485000000000003]
[161.55000000000001,0.51480199999999998]
[161.6,0.51475499999999996]
[161.65,0.51473199999999997]
[161.69999999999999,0.51471]
[161.75,0.51466199999999995]
[161.80000000000001,0.51461499999999993]
[161.85,0.514567]
[161.9,0.51451999999999998]
[161.94999999999999,0.51449699999999998]
[162,0.51447500000000002]
[162.05000000000001,0.51442699999999997]
[162.1,0.51437999999999995]
[162.15,0.51435699999999995]
[162.19999999999999,0.51433499999999999]
[162.25,0.51428699999999994]
[162.30000000000001,0.51424000000000003]
[162.35,0.51421699999999992]
[162.4,0.51419499999999996]
[162.44999999999999,0.51414700000000002]
[162.5,0.5141]
[162.55000000000001,0.51407700000000001]
[162.6,0.51405499999999993]
[162.65,0.51400699999999999]
[162.69999999999999,0.51395999999999997]
[162.75,0.51393699999999998]
[162.80000000000001,0.51391500000000001]
[162.85,0.51386699999999996]
[162.9,0.51381999999999994]
[162.94999999999999,0.51379699999999995]
[163,0.51377499999999998]
[163.05000000000001,0.51372699999999993]
[163.1,0.51368000000000003]
[163.15,0.51365700000000003]
[163.19999999999999,0.51363499999999995]
[163.25,0.51358700000000002]
[163.30000000000001,0.51354]
[163.35,0.513517]
[163.4,0.51349499999999992]
[163.44999999999999,0.51344699999999999]
[163.5,0.51339999999999997]
[163.55000000000001,0.51337699999999997]
[163.6,0.51335500000000001]
[163.65,0.51330699999999996]
[163.69999999999999,0.51325999999999994]
[163.75,0.51323699999999994]
[163.80000000000001,0.51321499999999998]
[163.85,0.51316699999999993]
[163.9,0.51312000000000002]
[163.95,0.51309700000000003]
[164,0.51307499999999995]
[164.05,0.51302700000000001]
[164.1,0.51297999999999999]
[164.15,0.512957]
[164.2,0.51293500000000003]
[164.25,0.51288699999999998]
[164.3,0.51283999999999996]
[164.35,0.51281699999999997]
[164.4,0.512795]
[164.45,0.51274699999999995]
[164.5,0.51269999999999993]
[164.55,0.51267699999999994]
[164.6,0.51265499999999997]
[164.65,0.51260699999999992]
[164.7,0.51256000000000002]
[164.75,0.51253700000000002]
[164.8,0.51251499999999994]
[164.85,0.51246700000000001]
[164.9,0.51241999999999999]
[164.95,0.51239699999999999]
[165,0.51237500000000002]
[165.05,0.51232999999999995]
[165.1,0.51228499999999999]
[165.15,0.51226499999999997]
[165.2,0.51224499999999995]
[165.25,0.51219999999999999]
[165.3,0.51215500000000003]
[165.35,0.51213500000000001]
[165.4,0.51211499999999999]
[165.45,0.51207000000000003]
[165.5,0.51202499999999995]
[165.55,0.51200499999999993]
[165.6,0.51198500000000002]
[165.65,0.51193999999999995]
[165.7,0.51189499999999999]
[165.75,0.51187499999999997]
[165.8,0.51185499999999995]
[165.85,0.51180999999999999]
[165.9,0.51176500000000003]
[165.95,0.51174500000000001]
[166,0.51172499999999999]
[166.05,0.51168000000000002]
[166.1,0.51163499999999995]
[166.15,0.51161499999999993]
[166.2,0.51159500000000002]
[166.25,0.51154999999999995]
[166.3,0.51150499999999999]
[166.35,0.51148499999999997]
[166.4,0.51146499999999995]
[166.45,0.51141999999999999]
[166.5,0.51137500000000002]
[166.55,0.511355]
[166.6,0.51133499999999998]
[166.65,0.51129000000000002]
[166.7,0.51124499999999995]
[166.75,0.51122499999999993]
[166.8,0.51120500000000002]
[166.85,0.51115999999999995]
[166.9,0.51111499999999999]
[166.95,0.51109499999999997]
[167,0.51107499999999995]
[167.05,0.51102999999999998]
[167.1,0.51098500000000002]
[167.15,0.510965]
[167.2,0.51094499999999998]
[167.25,0.51090000000000002]
[167.3,0.51085499999999995]
[167.35,0.51083499999999993]
[167.4,0.51081500000000002]
[167.45,0.51076999999999995]
[167.5,0.51072499999999998]
[167.55,0.51070499999999996]
[167.6,0.51068499999999994]
[167.65,0.51063999999999998]
[167.7,0.51059500000000002]
[167.75,0.510575]
[167.8,0.51055499999999998]
[167.85,0.51051000000000002]
[167.9,0.51046499999999995]
[167.95,0.51044499999999993]
[168,0.51042500000000002]
[168.05,0.51037999999999994]
[168.1,0.51033499999999998]
[168.15,0.51031499999999996]
[168.2,0.51029499999999994]
[168.25,0.51024999999999998]
[168.3,0.51020500000000002]
[168.35,0.510185]
[168.4,0.51016499999999998]
[168.45,0.51012000000000002]
[168.5,0.51007499999999995]
[168.55,0.51005499999999993]
[168.6,0.51003500000000002]
[168.65,0.50998999999999994]
[168.7,0.50994499999999998]
[168.75,0.50992499999999996]
[168.8,0.50990499999999994]
[168.85,0.50985999999999998]
[168.9,0.50981500000000002]
[168.95,0.50976999999999995]
[169,0.50972499999999998]
[169.05,0.50970499999999996]
[169.1,0.50968499999999994]
[169.15,0.50963999999999998]
[169.2,0.50959500000000002]
[169.25,0.509575]
[169.3,0.50955499999999998]
[169.35,0.50951000000000002]
[169.4,0.50946499999999995]
[169.45,0.50944499999999993]
[169.5,0.50942500000000002]
[169.55,0.50937999999999994]
[169.6,0.50933499999999998]
[169.65,0.50931499999999996]
[169.7,0.50929499999999994]
[169.75,0.50924999999999998]
[169.8,0.50920500000000002]
[169.85,0.509185]
[169.9,0.50916499999999998]
[169.95,0.50912000000000002]
[170,0.50907499999999994]
[170.05,0.50905499999999992]
[170.1,0.50903500000000002]
[170.15,0.50898999999999994]
[170.2,0.50894499999999998]
[170.25,0.50892499999999996]
[170.3,0.50890499999999994]
[170.35,0.50885999999999998]
[170.4,0.50881500000000002]
[170.45,0.508795]
[170.5,0.50877499999999998]
[170.55,0.50873000000000002]
[170.6,0.50868499999999994]
[170.65,0.50866499999999992]
[170.7,0.50864500000000001]
[170.75,0.50859999999999994]
[170.8,0.50855499999999998]
[170.85,0.50853499999999996]
[170.9,0.50851499999999994]
[170.95,0.50846999999999998]
[171,0.50842500000000002]
[171.05,0.508405]
[171.1,0.50838499999999998]
[171.15,0.50834000000000001]
[171.2,0.50829499999999994]
[171.25,0.50827500000000003]
[171.3,0.50825500000000001]
[171.35,0.50820999999999994]
[171.4,0.50816499999999998]
[171.45,0.50814499999999996]
[171.5,0.50812500000000005]
[171.55,0.50807999999999998]
[171.6,0.50803500000000001]
[171.65,0.50801499999999999]
[171.7,0.50799499999999997]
[171.75,0.50795000000000001]
[171.8,0.50790499999999994]
[171.85,0.50788500000000003]
[171.9,0.50786500000000001]
[171.95,0.50781999999999994]
[172,0.50777499999999998]
[172.05,0.50775499999999996]
[172.1,0.50773499999999994]
[172.15,0.50768999999999997]
[172.2,0.50764500000000001]
[172.25,0.50762499999999999]
[172.3,0.50760499999999997]
[172.35,0.50756000000000001]
[172.4,0.50751499999999994]
[172.45,0.50749500000000003]
[172.5,0.50747500000000001]
[172.55,0.50742999999999994]
[172.6,0.50738499999999997]
[172.65,0.50736499999999995]
[172.7,0.50734499999999993]
[172.75,0.50729999999999997]
[172.8,0.50725500000000001]
[172.85,0.50723499999999999]
[172.9,0.50721499999999997]
[172.95,0.50717000000000001]
[173,0.50712499999999994]
[173.05,0.50710500000000003]
[173.1,0.50708500000000001]
[173.15,0.50703999999999994]
[173.2,0.50699499999999997]
[173.25,0.50697499999999995]
[173.3,0.50695499999999993]
[173.35,0.50690999999999997]
[173.4,0.50686500000000001]
[173.45,0.50684499999999999]
[173.5,0.50682499999999997]
[173.55,0.50678000000000001]
[173.6,0.50673499999999994]
[173.65,0.50671500000000003]
[173.7,0.50669500000000001]
[173.75,0.50664999999999993]
[173.8,0.50660499999999997]
[173.85,0.50658499999999995]
[173.9,0.50656499999999993]
[173.95,0.50651999999999997]
[174,0.50647500000000001]
[174.05,0.50645499999999999]
[174.1,0.50643499999999997]
[174.15,0.50639000000000001]
[174.2,0.50634499999999993]
[174.25,0.50632500000000003]
[174.3,0.50630500000000001]
[174.35,0.50625999999999993]
[174.4,0.50621499999999997]
[174.45,0.50619499999999995]
[174.5,0.50617499999999993]
[174.55,0.50612999999999997]
[174.6,0.50608500000000001]
[174.65,0.50606499999999999]
[174.7,0.50604499999999997]
[174.75,0.50600000000000001]
[174.8,0.50595499999999993]
[174.85,0.50593500000000002]
[174.9,0.505915]
[174.95,0.50586999999999993]
[175,0.50583499999999992]
[175.05,0.50580000000000003]
[175.1,0.50576500000000002]
[175.15,0.50573000000000001]
[175.2,0.50569500000000001]
[175.25,0.50566]
[175.3,0.50562499999999999]
[175.35,0.50558999999999998]
[175.4,0.50555499999999998]
[175.45,0.50551999999999997]
[175.5,0.50548499999999996]
[175.55,0.50544999999999995]
[175.6,0.50541499999999995]
[175.65,0.50537999999999994]
[175.7,0.50534499999999993]
[175.75,0.50530999999999993]
[175.8,0.50527500000000003]
[175.85,0.50524000000000002]
[175.9,0.50520500000000002]
[175.95,0.50517000000000001]
[176,0.505135]
[176.05,0.50509999999999999]
[176.1,0.50506499999999999]
[176.15,0.50502999999999998]
[176.2,0.50499499999999997]
[176.25,0.50495999999999996]
[176.3,0.50492499999999996]
[176.35,0.50488999999999995]
[176.4,0.50485499999999994]
[176.45,0.50481999999999994]
[176.5,0.50478499999999993]
[176.55,0.50475000000000003]
[176.6,0.50471500000000002]
[176.65,0.50468000000000002]
[176.7,0.50464500000000001]
[176.75,0.50461]
[176.8,0.504575]
[176.85,0.50453999999999999]
[176.9,0.50450499999999998]
[176.95,0.50446999999999997]
[177,0.50443499999999997]
[177.05,0.50439999999999996]
[177.1,0.50436499999999995]
[177.15,0.50432999999999995]
[177.2,0.50429499999999994]
[177.25,0.50425999999999993]
[177.3,0.50422499999999992]
[177.35,0.50419000000000003]
[177.4,0.50415500000000002]
[177.45,0.50412000000000001]
[177.5,0.50408500000000001]
[177.55,0.50405]
[177.6,0.50401499999999999]
[177.65,0.50397999999999998]
[177.7,0.50394499999999998]
[177.75,0.50390999999999997]
[177.8,0.50387499999999996]
[177.85,0.50383999999999995]
[177.9,0.50380499999999995]
[177.95,0.50376999999999994]
[178,0.50373499999999993]
[178.05,0.50369999999999993]
[178.1,0.50366500000000003]
[178.15,0.50363000000000002]
[178.2,0.50359500000000001]
[178.25,0.50356000000000001]
[178.3,0.503525]
[178.35,0.50348999999999999]
[178.4,0.50345499999999999]
[178.45,0.50341999999999998]
[178.5,0.50338499999999997]
[178.55,0.50334999999999996]
[178.6,0.50327999999999995]
[178.65,0.50324499999999994]
[178.7,0.50320999999999994]
[178.75,0.50317499999999993]
[178.8,0.50314000000000003]
[178.85,0.50310500000000002]
[178.9,0.50307000000000002]
[178.95,0.50303500000000001]
[179,0.503]
[179.05,0.502965]
[179.1,0.50292999999999999]
[179.15,0.50289499999999998]
[179.2,0.50285999999999997]
[179.25,0.50282499999999997]
[179.3,0.50278999999999996]
[179.35,0.50275499999999995]
[179.4,0.50271999999999994]
[179.45,0.50268499999999994]
[179.5,0.50264999999999993]
[179.55,0.50261499999999992]
[179.6,0.50258000000000003]
[179.65,0.50254500000000002]
[179.7,0.50251000000000001]
[179.75,0.502475]
[179.8,0.50244]
[179.85,0.50240499999999999]
[179.9,0.50236999999999998]
[179.95,0.50233499999999998]
[180,0.50229999999999997]
[180.05,0.50226499999999996]
[180.1,0.50222999999999995]
[180.15,0.50219499999999995]
[180.2,0.50215999999999994]
[180.25,0.50212499999999993]
[180.3,0.50208999999999993]
[180.35,0.50205500000000003]
[180.4,0.50202000000000002]
[180.45,0.50198500000000001]
[180.5,0.50195000000000001]
[180.55,0.501915]
[180.6,0.50187999999999999]
[180.65,0.50184499999999999]
[180.7,0.50180999999999998]
[180.75,0.50177499999999997]
[180.8,0.50173999999999996]
[180.85,0.50170499999999996]
[180.9,0.50166999999999995]
[180.95,0.50163499999999994]
[181,0.50159999999999993]
[181.05,0.50156499999999993]
[181.1,0.50153000000000003]
[181.15,0.50149500000000002]
[181.2,0.50146000000000002]
[181.25,0.50142500000000001]
[181.3,0.50139]
[181.35,0.501355]
[181.4,0.50131999999999999]
[181.45,0.50128499999999998]
[181.5,0.50124999999999997]
[181.55,0.50121499999999997]
[181.6,0.50117999999999996]
[181.65,0.50114499999999995]
[181.7,0.50110999999999994]
[181.75,0.50107499999999994]
[181.8,0.50103999999999993]
[181.85,0.50100499999999992]
[181.9,0.50097000000000003]
[181.95,0.50093500000000002]
[182,0.50090000000000001]
[182.05,0.500865]
[182.1,0.50083]
[182.15,0.50079499999999999]
[182.2,0.50075999999999998]
[182.25,0.50072499999999998]
[182.3,0.50068999999999997]
[182.35,0.50065499999999996]
[182.4,0.50061999999999995]
[182.45,0.50058499999999995]
[182.5,0.50054999999999994]
[182.55,0.50051499999999993]
[182.6,0.50048499999999996]
[182.65,0.50045499999999998]
[182.7,0.50041999999999998]
[182.75,0.50038499999999997]
[182.8,0.50034999999999996]
[182.85,0.50031499999999995]
[182.9,0.50027999999999995]
[182.95,0.50024499999999994]
[183,0.50020999999999993]
[183.05,0.50017499999999993]
[183.1,0.50014000000000003]
[183.15,0.50010500000000002]
[183.2,0.50007000000000001]
[183.25,0.50003500000000001]
[183.3,0.5]
[183.35,0.49996499999999999]
[183.4,0.49992999999999999]
[183.45,0.49989499999999998]
[183.5,0.49985999999999997]
[183.55,0.49982499999999996]
[183.6,0.49978999999999996]
[183.65,0.499755]
[183.7,0.49972]
[183.75,0.49968499999999999]
[183.8,0.49964999999999998]
[183.85,0.49961499999999998]
[183.9,0.49957999999999997]
[183.95,0.49954499999999996]
[184,0.49950999999999995]
[184.05,0.499475]
[184.1,0.49944]
[184.15,0.49940499999999999]
[184.2,0.49936999999999998]
[184.25,0.49933499999999997]
[184.3,0.49929999999999997]
[184.35,0.49926499999999996]
[184.4,0.49922999999999995]
[184.45,0.499195]
[184.5,0.49915999999999999]
[184.55,0.49912499999999999]
[184.6,0.49908999999999998]
[184.65,0.49905499999999997]
[184.7,0.49901999999999996]
[184.75,0.49898499999999996]
[184.8,0.49895]
[184.85,0.498915]
[184.9,0.49889999999999995]
[184.95,0.498865]
[185,0.49883499999999997]
[185.05,0.498805]
[185.1,0.49877499999999997]
[185.15,0.49874499999999999]
[185.2,0.49871499999999996]
[185.25,0.49868499999999999]
[185.3,0.49865499999999996]
[185.35,0.49862499999999998]
[185.4,0.49859499999999995]
[185.45,0.49856499999999998]
[185.5,0.49853499999999995]
[185.55,0.49850499999999998]
[185.6,0.498475]
[185.65,0.49844499999999997]
[185.7,0.498415]
[185.75,0.49838499999999997]
[185.8,0.49835499999999999]
[185.85,0.49832499999999996]
[185.9,0.49829499999999999]
[185.95,0.49826499999999996]
[186,0.49823499999999998]
[186.05,0.49820499999999995]
[186.1,0.49817499999999998]
[186.15,0.498145]
[186.2,0.49811499999999997]
[186.25,0.498085]
[186.3,0.49805499999999997]
[186.35,0.498025]
[186.4,0.49799499999999997]
[186.45,0.49796499999999999]
[186.5,0.49793499999999996]
[186.55,0.49790499999999999]
[186.6,0.49787499999999996]
[186.65,0.49784499999999998]
[186.7,0.49781499999999995]
[186.75,0.49778499999999998]
[186.8,0.497755]
[186.85,0.49772499999999997]
[186.9,0.497695]
[186.95,0.49766499999999997]
[187,0.49763499999999999]
[187.05,0.49760499999999996]
[187.1,0.49757499999999999]
[187.15,0.49754499999999996]
[187.2,0.49751499999999999]
[187.25,0.49748499999999996]
[187.3,0.49745499999999998]
[187.35,0.49742499999999995]
[187.4,0.49739499999999998]
[187.45,0.497365]
[187.5,0.49733499999999997]
[187.55,0.497305]
[187.6,0.49727499999999997]
[187.65,0.49724499999999999]
[187.7,0.49721499999999996]
[187.75,0.49718499999999999]
[187.8,0.49715499999999996]
[187.85,0.49712499999999998]
[187.9,0.49709499999999995]
[187.95,0.49706499999999998]
[188,0.497035]
[188.05,0.49700499999999997]
[188.1,0.496975]
[188.15,0.49694499999999997]
[188.2,0.496915]
[188.25,0.49688499999999997]
[188.3,0.49685499999999999]
[188.35,0.49682499999999996]
[188.4,0.49679499999999999]
[188.45,0.49676499999999996]
[188.5,0.49673499999999998]
[188.55,0.49670499999999995]
[188.6,0.49667499999999998]
[188.65,0.496645]
[188.7,0.49661499999999997]
[188.75,0.496585]
[188.8,0.49655499999999997]
[188.85,0.49652499999999999]
[188.9,0.49649499999999996]
[188.95,0.49646499999999999]
[189,0.496415]
[189.05,0.49638499999999997]
[189.1,0.49635499999999999]
[189.15,0.49632499999999996]
[189.2,0.49629499999999999]
[189.25,0.49626499999999996]
[189.3,0.49623499999999998]
[189.35,0.49620499999999995]
[189.4,0.49617499999999998]
[189.45,0.496145]
[189.5,0.49611499999999997]
[189.55,0.496085]
[189.6,0.49605499999999997]
[189.65,0.49602499999999999]
[189.7,0.49599499999999996]
[189.75,0.49596499999999999]
[189.8,0.49593499999999996]
[189.85,0.49590499999999998]
[189.9,0.49587499999999995]
[189.95,0.49584499999999998]
[190,0.49581499999999995]
[190.05,0.49578499999999998]
[190.1,0.495755]
[190.15,0.49572499999999997]
[190.2,0.495695]
[190.25,0.49566499999999997]
[190.3,0.49563499999999999]
[190.35,0.49560499999999996]
[190.4,0.49557499999999999]
[190.45,0.49554499999999996]
[190.5,0.49551499999999998]
[190.55,0.49548499999999995]
[190.6,0.49545499999999998]
[190.65,0.495425]
[190.7,0.49539499999999997]
[190.75,0.495365]
[190.8,0.49533499999999997]
[190.85,0.495305]
[190.9,0.49527499999999997]
[190.95,0.49524499999999999]
[191,0.49521499999999996]
[191.05,0.49518499999999999]
[191.1,0.49515499999999996]
[191.15,0.49512499999999998]
[191.2,0.49509499999999995]
[191.25,0.49506499999999998]
[191.3,0.495035]
[191.35,0.49500499999999997]
[191.4,0.494975]
[191.45,0.49494499999999997]

{"sheet":"wwf","index":7,"n_rows":2211,"n_cols":2,"rows_kept":2211,"cut":false,"hidden":true,"merged":[]}
[0,1.3437000000000001]
[40,1.3437000000000001]
[40.049999999999997,1.3426]
[40.1,1.3414999999999999]
[40.15,1.3404]
[40.200000000000003,1.3392999999999999]
[40.25,1.3381000000000001]
[40.299999999999997,1.337]
[40.35,1.3359000000000001]
[40.4,1.3348]
[40.450000000000003,1.3336999999999999]
[40.5,1.3326]
[40.549999999999997,1.3315000000000001]
[40.6,1.3305]
[40.65,1.3294000000000001]
[40.700000000000003,1.3283]
[40.75,1.3271999999999999]
[40.799999999999997,1.3261000000000001]
[40.85,1.325]
[40.9,1.3239000000000001]
[40.950000000000003,1.3228]
[41,1.3217000000000001]
[41.05,1.3206]
[41.1,1.3195000000000001]
[41.15,1.3184]
[41.2,1.3174000000000001]
[41.25,1.3163]
[41.3,1.3151999999999999]
[41.35,1.3141]
[41.4,1.3129999999999999]
[41.45,1.3119000000000001]
[41.5,1.3109]
[41.55,1.3098000000000001]
[41.6,1.3087]
[41.65,1.3076000000000001]
[41.7,1.3065]
[41.75,1.3054000000000001]
[41.8,1.3043]
[41.85,1.3033000000000001]
[41.9,1.3022]
[41.95,1.3010999999999999]
[42,1.3001]
[42.05,1.2989999999999999]
[42.1,1.2979000000000001]
[42.15,1.2968999999999999]
[42.2,1.2958000000000001]
[42.25,1.2947]
[42.3,1.2936000000000001]
[42.35,1.2926]
[42.4,1.2915000000000001]
[42.45,1.2904]
[42.5,1.2894000000000001]
[42.55,1.2883]
[42.6,1.2873000000000001]
[42.65,1.2862]
[42.7,1.2850999999999999]
[42.75,1.2841]
[42.8,1.2829999999999999]
[42.85,1.282]
[42.9,1.2808999999999999]
[42.95,1.2799]
[43,1.2787999999999999]
[43.05,1.2777000000000001]
[43.1,1.2766999999999999]
[43.15,1.2756000000000001]
[43.2,1.2746]
[43.25,1.2736000000000001]
[43.3,1.2725]
[43.35,1.2715000000000001]
[43.4,1.2704]
[43.45,1.2694000000000001]
[43.5,1.2684]
[43.55,1.2673000000000001]
[43.6,1.2662]
[43.65,1.2652000000000001]
[43.7,1.2642]
[43.75,1.2631000000000001]
[43.8,1.2621]
[43.85,1.2610000000000001]
[43.9,1.26]
[43.95,1.2589999999999999]
[44,1.258]
[44.05,1.2568999999999999]
[44.1,1.2559]
[44.15,1.2547999999999999]
[44.2,1.2538]
[44.25,1.2528000000000001]
[44.3,1.2518]
[44.35,1.2507999999999999]
[44.4,1.2497]
[44.45,1.2486999999999999]
[44.5,1.2477]
[44.55,1.2466999999999999]
[44.6,1.2457]
[44.65,1.2445999999999999]
[44.7,1.2436]
[44.75,1.2425999999999999]
[44.8,1.2416]
[44.85,1.2405999999999999]
[44.9,1.2396]
[44.95,1.2383999999999999]
[45,1.2373000000000001]
[45.05,1.2363999999999999]
[45.1,1.2355]
[45.15,1.2344999999999999]
[45.2,1.2335]
[45.25,1.2324999999999999]
[45.3,1.2315]
[45.35,1.2304999999999999]
[45.4,1.2295]
[45.45,1.2284999999999999]
[45.5,1.2275]
[45.55,1.2264999999999999]
[45.6,1.2255]
[45.65,1.2244999999999999]
[45.7,1.2235]
[45.75,1.2224999999999999]
[45.8,1.2215]
[45.85,1.2204999999999999]
[45.9,1.2195]
[45.95,1.2184999999999999]
[46,1.2175]
[46.05,1.2164999999999999]
[46.1,1.2156]
[46.15,1.2145999999999999]
[46.2,1.2136]
[46.25,1.2126000000000001]
[46.3,1.2116]
[46.35,1.2105999999999999]
[46.4,1.2097]
[46.45,1.2086999999999999]
[46.5,1.2077]
[46.55,1.2067000000000001]
[46.6,1.2058]
[46.65,1.2048000000000001]
[46.7,1.2038]
[46.75,1.2028000000000001]
[46.8,1.2019]
[46.85,1.2009000000000001]
[46.9,1.2]
[46.95,1.1990000000000001]
[47,1.198]
[47.05,1.1970000000000001]
[47.1,1.1960999999999999]
[47.15,1.1951000000000001]
[47.2,1.1941999999999999]
[47.25,1.1932]
[47.3,1.1921999999999999]
[47.35,1.1913]
[47.4,1.1903999999999999]
[47.45,1.1894]
[47.5,1.1884000000000001]
[47.55,1.1875]
[47.6,1.1865000000000001]
[47.65,1.1856]
[47.7,1.1846000000000001]
[47.75,1.1837]
[47.8,1.1827000000000001]
[47.85,1.1818]
[47.9,1.1809000000000001]
[47.95,1.1798999999999999]
[48,1.179]
[48.05,1.1779999999999999]
[48.1,1.1771]
[48.15,1.1760999999999999]
[48.2,1.1752]
[48.25,1.1743000000000001]
[48.3,1.1733]
[48.35,1.1724000000000001]
[48.4,1.1715]
[48.45,1.1705000000000001]
[48.5,1.1696]
[48.55,1.1687000000000001]
[48.6,1.1677999999999999]
[48.65,1.1668000000000001]
[48.7,1.1658999999999999]
[48.75,1.165]
[48.8,1.1640999999999999]
[48.85,1.1631]
[48.9,1.1621999999999999]
[48.95,1.1613]
[49,1.1604000000000001]
[49.05,1.1594]
[49.1,1.1585000000000001]
[49.15,1.1576]
[49.2,1.1568000000000001]
[49.25,1.1557999999999999]
[49.3,1.1549]
[49.35,1.1539999999999999]
[49.4,1.1531]
[49.45,1.1522000000000001]
[49.5,1.1513]
[49.55,1.1504000000000001]
[49.6,1.1495]
[49.65,1.1486000000000001]
[49.7,1.1476999999999999]
[49.75,1.1468]
[49.8,1.1458999999999999]
[49.85,1.145]
[49.9,1.1440999999999999]
[49.95,1.1432]
[50,1.1423000000000001]
[50.05,1.1414]
[50.1,1.1405000000000001]
[50.15,1.1395999999999999]
[50.2,1.1388]
[50.25,1.1378999999999999]
[50.3,1.137]
[50.35,1.1360999999999999]
[50.4,1.1352]
[50.45,1.1343000000000001]
[50.5,1.1334]
[50.55,1.1325000000000001]
[50.6,1.1316999999999999]
[50.65,1.1308]
[50.7,1.1299000000000001]
[50.75,1.129]
[50.8,1.1282000000000001]
[50.85,1.1273]
[50.9,1.1264000000000001]
[50.95,1.1254999999999999]
[51,1.1247]
[51.05,1.1237999999999999]
[51.1,1.123]
[51.15,1.1221000000000001]
[51.2,1.1212]
[51.25,1.1203000000000001]
[51.3,1.1194999999999999]
[51.35,1.1186]
[51.4,1.1177999999999999]
[51.45,1.1169]
[51.5,1.1161000000000001]
[51.55,1.1152]
[51.6,1.1144000000000001]
[51.65,1.1134999999999999]
[51.7,1.1126]
[51.75,1.1118000000000001]
[51.8,1.111]
[51.85,1.1101000000000001]
[51.9,1.1093]
[51.95,1.1084000000000001]
[52,1.1075999999999999]
[52.05,1.1067]
[52.1,1.1059000000000001]
[52.15,1.105]
[52.2,1.1042000000000001]
[52.25,1.1032999999999999]
[52.3,1.1025]
[52.35,1.1016999999999999]
[52.4,1.1009]
[52.45,1.1000000000000001]
[52.5,1.0992]
[52.55,1.0983000000000001]
[52.6,1.0974999999999999]
[52.65,1.0967]
[52.7,1.0959000000000001]
[52.75,1.0951]
[52.8,1.0942000000000001]
[52.85,1.0933999999999999]
[52.9,1.0926]
[52.95,1.0918000000000001]
[53,1.091]
[53.05,1.0901000000000001]
[53.1,1.0892999999999999]
[53.15,1.0885]
[53.2,1.0876999999999999]
[53.25,1.0869]
[53.3,1.0861000000000001]
[53.35,1.0851999999999999]
[53.4,1.0844]
[53.45,1.0836000000000001]
[53.5,1.0828]
[53.55,1.0820000000000001]
[53.6,1.0811999999999999]
[53.65,1.0804]
[53.7,1.0796000000000001]
[53.75,1.0788]
[53.8,1.0780000000000001]
[53.85,1.0771999999999999]
[53.9,1.0764]
[53.95,1.0756000000000001]
[54,1.0748]
[54.05,1.0740000000000001]
[54.1,1.0731999999999999]
[54.15,1.0724]
[54.2,1.0716000000000001]
[54.25,1.0708]
[54.3,1.0701000000000001]
[54.35,1.0691999999999999]
[54.4,1.0684]
[54.45,1.0676000000000001]
[54.5,1.0669]
[54.55,1.0661]
[54.6,1.0652999999999999]
[54.65,1.0645]
[54.7,1.0638000000000001]
[54.75,1.0629999999999999]
[54.8,1.0622]
[54.85,1.0613999999999999]
[54.9,1.0606]
[54.95,1.0598000000000001]
[55,1.0590999999999999]
[55.05,1.0583]
[55.1,1.0575000000000001]
[55.15,1.0568]
[55.2,1.0561]
[55.25,1.0552999999999999]
[55.3,1.0545]
[55.35,1.0537000000000001]
[55.4,1.0529999999999999]
[55.45,1.0522]
[55.5,1.0514000000000001]
[55.55,1.0507]
[55.6,1.05]
[55.65,1.0491999999999999]
[55.7,1.0484]
[55.75,1.0477000000000001]
[55.8,1.0468999999999999]
[55.85,1.0462]
[55.9,1.0454000000000001]
[55.95,1.0446]
[56,1.0439000000000001]
[56.05,1.0430999999999999]
[56.1,1.0424]
[56.15,1.0417000000000001]
[56.2,1.0409999999999999]
[56.25,1.0402]
[56.3,1.0394000000000001]
[56.35,1.0387]
[56.4,1.038]
[56.45,1.0371999999999999]
[56.5,1.0365]
[56.55,1.0357000000000001]
[56.6,1.0349999999999999]
[56.65,1.0342]
[56.7,1.0335000000000001]
[56.75,1.0326]
[56.8,1.0321]
[56.85,1.0313000000000001]
[56.9,1.0306]
[56.95,1.0299]
[57,1.0291999999999999]
[57.05,1.0284]
[57.1,1.0277000000000001]
[57.15,1.0269999999999999]
[57.2,1.0263]
[57.25,1.0255000000000001]
[57.3,1.0247999999999999]
[57.35,1.0241]
[57.4,1.0234000000000001]
[57.45,1.0226999999999999]
[57.5,1.022]
[57.55,1.0212000000000001]
[57.6,1.0205]
[57.65,1.0198]
[57.7,1.0190999999999999]
[57.75,1.0184]
[57.8,1.0177]
[57.85,1.0169999999999999]
[57.9,1.0163]
[57.95,1.0156000000000001]
[58,1.0148999999999999]
[58.05,1.0142]
[58.1,1.0135000000000001]
[58.15,1.0126999999999999]
[58.2,1.012]
[58.25,1.0113000000000001]
[58.3,1.0106999999999999]
[58.35,1.01]
[58.4,1.0093000000000001]
[58.45,1.0085999999999999]
[58.5,1.0079]
[58.55,1.0072000000000001]
[58.6,1.0065]
[58.65,1.0058]
[58.7,1.0051000000000001]
[58.75,1.0044]
[58.8,1.0037]
[58.85,1.0029999999999999]
[58.9,1.0024]
[58.95,1.0017]
[59,1.0009999999999999]
[59.05,1.0003]
[59.1,0.99970000000000003]
[59.15,0.99902000000000013]
[59.2,0.99835000000000007]
[59.25,0.99765000000000004]
[59.3,0.99695000000000011]
[59.35,0.9962700000000001]
[59.4,0.99560000000000004]
[59.45,0.99492000000000003]
[59.5,0.99425000000000008]
[59.55,0.99332000000000009]
[59.6,0.99295000000000011]
[59.65,0.9922700000000001]
[59.7,0.99160000000000004]
[59.75,0.99095000000000011]
[59.8,0.99030000000000007]
[59.85,0.98960000000000004]
[59.9,0.98890000000000011]
[59.95,0.98825000000000007]
[60,0.98760000000000003]
[60.05,0.98692000000000013]
[60.1,0.98624999999999996]
[60.15,0.98560000000000003]
[60.2,0.9849500000000001]
[60.25,0.98432000000000008]
[60.3,0.98370000000000013]
[60.35,0.98305000000000009]
[60.4,0.98240000000000005]
[60.45,0.98175000000000012]
[60.5,0.98110000000000008]
[60.55,0.98042000000000007]
[60.6,0.97975000000000012]
[60.65,0.97910000000000008]
[60.7,0.97845000000000004]
[60.75,0.97780000000000011]
[60.8,0.97715000000000007]
[60.85,0.97652000000000005]
[60.9,0.9759000000000001]
[60.95,0.97525000000000006]
[61,0.97460000000000013]
[61.05,0.97397000000000011]
[61.1,0.97335000000000005]
[61.15,0.97272000000000003]
[61.2,0.97210000000000008]
[61.25,0.97145000000000004]
[61.3,0.97080000000000011]
[61.35,0.97015000000000007]
[61.4,0.96950000000000003]
[61.45,0.96890000000000009]
[61.5,0.96830000000000005]
[61.55,0.96765000000000012]
[61.6,0.96700000000000008]
[61.65,0.96637000000000006]
[61.7,0.96575000000000011]
[61.75,0.96512000000000009]
[61.8,0.96450000000000002]
[61.85,0.96387000000000012]
[61.9,0.96325000000000005]
[61.95,0.96265000000000012]
[62,0.96205000000000007]
[62.05,0.96142000000000005]
[62.1,0.9608000000000001]
[62.15,0.96017000000000008]
[62.2,0.95955000000000013]
[62.25,0.95895000000000008]
[62.3,0.95835000000000004]
[62.35,0.95772000000000013]
[62.4,0.95710000000000006]
[62.45,0.95650000000000013]
[62.5,0.95590000000000008]
[62.55,0.95530000000000004]
[62.6,0.9547000000000001]
[62.65,0.95410000000000006]
[62.7,0.95350000000000013]
[62.75,0.95287000000000011]
[62.8,0.95225000000000004]
[62.85,0.95167000000000013]
[62.9,0.95110000000000006]
[62.95,0.95047000000000004]
[63,0.94985000000000008]
[63.05,0.94925000000000004]
[63.1,0.9486500000000001]
[63.15,0.94805000000000006]
[63.2,0.94745000000000013]
[63.25,0.94685000000000008]
[63.3,0.94625000000000004]
[63.35,0.9456500000000001]
[63.4,0.94505000000000006]
[63.45,0.94447000000000003]
[63.5,0.94390000000000007]
[63.55,0.94332000000000005]
[63.6,0.94275000000000009]
[63.65,0.94215000000000004]
[63.7,0.94155000000000011]
[63.75,0.94097000000000008]
[63.8,0.94040000000000012]
[63.85,0.93980000000000008]
[63.9,0.93920000000000003]
[63.95,0.93862000000000012]
[64,0.93805000000000005]
[64.05,0.93770000000000009]
[64.099999999999994,0.93735000000000013]
[64.150000000000006,0.9365500000000001]
[64.2,0.93575000000000008]
[64.25,0.93517000000000006]
[64.3,0.9346000000000001]
[64.349999999999994,0.93402000000000007]
[64.400000000000006,0.93345000000000011]
[64.45,0.93287000000000009]
[64.5,0.93230000000000013]
[64.55,0.9317200000000001]
[64.599999999999994,0.93115000000000003]
[64.650000000000006,0.93057000000000012]
[64.7,0.93]
[64.75,0.92945000000000011]
[64.8,0.92890000000000006]
[64.849999999999994,0.92832000000000003]
[64.900000000000006,0.92775000000000007]
[64.95,0.92720000000000002]
[65,0.92665000000000008]
[65.05,0.92607000000000006]
[65.099999999999994,0.9255000000000001]
[65.150000000000006,0.92495000000000005]
[65.2,0.92440000000000011]
[65.25,0.92382000000000009]
[65.3,0.92325000000000013]
[65.349999999999994,0.9227200000000001]
[65.400000000000006,0.92220000000000013]
[65.45,0.92165000000000008]
[65.5,0.92110000000000003]
[65.55,0.92052000000000012]
[65.599999999999994,0.91995000000000005]
[65.650000000000006,0.91940000000000011]
[65.7,0.91885000000000006]
[65.75,0.91832000000000003]
[65.8,0.91780000000000006]
[65.849999999999994,0.91722000000000004]
[65.900000000000006,0.91665000000000008]
[65.95,0.91612000000000005]
[66,0.91560000000000008]
[66.05,0.91505000000000003]
[66.099999999999994,0.91450000000000009]
[66.150000000000006,0.91397000000000006]
[66.2,0.9134500000000001]
[66.25,0.91290000000000004]
[66.3,0.91235000000000011]
[66.349999999999994,0.91182000000000007]
[66.400000000000006,0.91130000000000011]
[66.45,0.91075000000000006]
[66.5,0.91020000000000012]
[66.55,0.90967000000000009]
[66.599999999999994,0.90915000000000012]
[66.650000000000006,0.90860000000000007]
[66.7,0.90805000000000002]
[66.75,0.9075200000000001]
[66.8,0.90700000000000003]
[66.849999999999994,0.90647000000000011]
[66.900000000000006,0.90595000000000003]
[66.95,0.90542000000000011]
[67,0.90490000000000004]
[67.05,0.90437000000000012]
[67.099999999999994,0.90385000000000004]
[67.150000000000006,0.90332000000000012]
[67.2,0.90280000000000005]
[67.25,0.90227000000000013]
[67.3,0.90175000000000005]
[67.349999999999994,0.90125]
[67.400000000000006,0.90075000000000005]
[67.45,0.89995000000000003]
[67.5,0.89995000000000003]
[67.55,0.89867000000000008]
[67.599999999999994,0.89820000000000011]
[67.650000000000006,0.89775000000000005]
[67.7,0.8973000000000001]
[67.75,0.89682000000000006]
[67.8,0.89635000000000009]
[67.849999999999994,0.89587000000000006]
[67.900000000000006,0.89540000000000008]
[67.95,0.89495000000000002]
[68,0.89450000000000007]
[68.05,0.89402000000000004]
[68.099999999999994,0.89355000000000007]
[68.150000000000006,0.89307000000000003]
[68.2,0.89260000000000006]
[68.25,0.89215000000000011]
[68.3,0.89170000000000005]
[68.349999999999994,0.89122000000000012]
[68.400000000000006,0.89075000000000004]
[68.45,0.89030000000000009]
[68.5,0.88985000000000003]
[68.55,0.88940000000000008]
[68.599999999999994,0.88895000000000002]
[68.650000000000006,0.88850000000000007]
[68.7,0.88805000000000012]
[68.75,0.88760000000000006]
[68.8,0.88715000000000011]
[68.849999999999994,0.88670000000000004]
[68.900000000000006,0.88624999999999998]
[68.95,0.88577000000000006]
[69,0.88530000000000009]
[69.05,0.88485000000000003]
[69.099999999999994,0.88440000000000007]
[69.150000000000006,0.88395000000000012]
[69.2,0.88350000000000006]
[69.25,0.88307000000000002]
[69.3,0.88265000000000005]
[69.349999999999994,0.8822000000000001]
[69.400000000000006,0.88175000000000003]
[69.45,0.88130000000000008]
[69.5,0.88085000000000002]
[69.55,0.88040000000000007]
[69.599999999999994,0.87995000000000012]
[69.650000000000006,0.87952000000000008]
[69.7,0.8791000000000001]
[69.75,0.87865000000000004]
[69.8,0.87820000000000009]
[69.849999999999994,0.87775000000000003]
[69.900000000000006,0.87730000000000008]
[69.95,0.87687000000000004]
[70,0.87645000000000006]
[70.05,0.87602000000000002]
[70.099999999999994,0.87560000000000004]
[70.150000000000006,0.87515000000000009]
[70.2,0.87470000000000003]
[70.25,0.8742700000000001]
[70.3,0.87385000000000013]
[70.349999999999994,0.87342000000000009]
[70.400000000000006,0.87300000000000011]
[70.45,0.87257000000000007]
[70.5,0.87215000000000009]
[70.55,0.87170000000000003]
[70.599999999999994,0.87124999999999997]
[70.650000000000006,0.87082000000000004]
[70.7,0.87040000000000006]
[70.75,0.86997000000000002]
[70.8,0.86955000000000005]
[70.849999999999994,0.86912000000000011]
[70.900000000000006,0.86870000000000003]
[70.95,0.8682700000000001]
[71,0.86785000000000012]
[71.05,0.86742000000000008]
[71.099999999999994,0.8670000000000001]
[71.150000000000006,0.86660000000000004]
[71.2,0.86620000000000008]
[71.25,0.86575000000000002]
[71.3,0.86530000000000007]
[71.349999999999994,0.86490000000000011]
[71.400000000000006,0.86450000000000005]
[71.45,0.86410000000000009]
[71.5,0.86370000000000002]
[71.55,0.86327000000000009]
[71.599999999999994,0.86285000000000012]
[71.650000000000006,0.86245000000000005]
[71.7,0.86205000000000009]
[71.75,0.86162000000000005]
[71.8,0.86120000000000008]
[71.849999999999994,0.86077000000000004]
[71.900000000000006,0.86035000000000006]
[71.95,0.8599500000000001]
[72,0.85955000000000004]
[72.05,0.85912000000000011]
[72.099999999999994,0.85870000000000002]
[72.150000000000006,0.85830000000000006]
[72.2,0.85790000000000011]
[72.25,0.85752000000000006]
[72.3,0.85715000000000008]
[72.349999999999994,0.85672000000000004]
[72.400000000000006,0.85630000000000006]
[72.45,0.85590000000000011]
[72.5,0.85550000000000004]
[72.55,0.85510000000000008]
[72.599999999999994,0.85470000000000002]
[72.650000000000006,0.85427000000000008]
[72.7,0.85385000000000011]
[72.75,0.85345000000000004]
[72.8,0.85305000000000009]
[72.849999999999994,0.85267000000000004]
[72.900000000000006,0.85230000000000006]
[72.95,0.8519000000000001]
[73,0.85150000000000003]
[73.05,0.85110000000000008]
[73.099999999999994,0.85070000000000012]
[73.150000000000006,0.85030000000000006]
[73.2,0.8499000000000001]
[73.25,0.84950000000000003]
[73.3,0.84910000000000008]
[73.349999999999994,0.84872000000000003]
[73.400000000000006,0.84835000000000005]
[73.45,0.84795000000000009]
[73.5,0.84755000000000003]
[73.55,0.84717000000000009]
[73.599999999999994,0.84680000000000011]
[73.650000000000006,0.84642000000000006]
[73.7,0.84605000000000008]
[73.75,0.84565000000000012]
[73.8,0.84525000000000006]
[73.849999999999994,0.8448500000000001]
[73.900000000000006,0.84445000000000003]
[73.95,0.84405000000000008]
[74,0.84365000000000012]
[74.05,0.84327000000000008]
[74.099999999999994,0.84290000000000009]
[74.150000000000006,0.84252000000000005]
[74.2,0.84215000000000007]
[74.25,0.84177000000000002]
[74.3,0.84140000000000004]
[74.349999999999994,0.8410200000000001]
[74.400000000000006,0.84065000000000012]
[74.45,0.84027000000000007]
[74.5,0.83990000000000009]
[74.55,0.83950000000000002]
[74.599999999999994,0.83910000000000007]
[74.650000000000006,0.83872000000000002]
[74.7,0.83835000000000004]
[74.75,0.8379700000000001]
[74.8,0.83760000000000012]
[74.849999999999994,0.83722000000000008]
[74.900000000000006,0.83685000000000009]
[74.95,0.83647000000000005]
[75,0.83610000000000007]
[75.05,0.83572000000000002]
[75.099999999999994,0.83535000000000004]
[75.150000000000006,0.83499999999999996]
[75.2,0.83465000000000011]
[75.25,0.83430000000000004]
[75.3,0.83395000000000008]
[75.349999999999994,0.83357000000000003]
[75.400000000000006,0.83320000000000005]
[75.45,0.83282000000000012]
[75.5,0.83245000000000002]
[75.55,0.83207000000000009]
[75.599999999999994,0.83170000000000011]
[75.650000000000006,0.83135000000000003]
[75.7,0.83100000000000007]
[75.75,0.83062000000000002]
[75.8,0.83025000000000004]
[75.849999999999994,0.82987000000000011]
[75.900000000000006,0.82950000000000002]
[75.95,0.82917000000000007]
[76,0.82885000000000009]
[76.05,0.82847000000000004]
[76.099999999999994,0.82810000000000006]
[76.150000000000006,0.8277500000000001]
[76.2,0.82740000000000002]
[76.25,0.82702000000000009]
[76.3,0.82665000000000011]
[76.349999999999994,0.82630000000000003]
[76.400000000000006,0.82595000000000007]
[76.45,0.82560000000000011]
[76.5,0.82525000000000004]
[76.55,0.82490000000000008]
[76.599999999999994,0.82455000000000012]
[76.650000000000006,0.82417000000000007]
[76.7,0.82380000000000009]
[76.75,0.82347000000000004]
[76.8,0.82315000000000005]
[76.849999999999994,0.82280000000000009]
[76.900000000000006,0.82245000000000001]
[76.95,0.82207000000000008]
[77,0.8217000000000001]
[77.05,0.82137000000000004]
[77.099999999999994,0.82105000000000006]
[77.150000000000006,0.8207000000000001]
[77.2,0.82035000000000002]
[77.25,0.82]
[77.3,0.8196500000000001]
[77.349999999999994,0.81932000000000005]
[77.400000000000006,0.81900000000000006]
[77.45,0.81862000000000001]
[77.5,0.81825000000000003]
[77.55,0.81790000000000007]
[77.599999999999994,0.81755000000000011]
[77.650000000000006,0.81722000000000006]
[77.7,0.81690000000000007]
[77.75,0.81655000000000011]
[77.8,0.81620000000000004]
[77.849999999999994,0.8158700000000001]
[77.900000000000006,0.81555000000000011]
[77.95,0.81520000000000004]
[78,0.81485000000000007]
[78.05,0.81450000000000011]
[78.099999999999994,0.81415000000000004]
[78.150000000000006,0.8138200000000001]
[78.2,0.81350000000000011]
[78.25,0.81317000000000006]
[78.3,0.81285000000000007]
[78.349999999999994,0.81252000000000002]
[78.400000000000006,0.81220000000000003]
[78.45,0.8115500000000001]
[78.5,0.81150000000000011]
[78.55,0.81117000000000006]
[78.599999999999994,0.81085000000000007]
[78.650000000000006,0.81050000000000011]
[78.7,0.81015000000000004]
[78.75,0.80985000000000007]
[78.8,0.8095500000000001]
[78.849999999999994,0.80922000000000005]
[78.900000000000006,0.80890000000000006]
[78.95,0.8085500000000001]
[79,0.80820000000000003]
[79.05,0.80790000000000006]
[79.099999999999994,0.8076000000000001]
[79.150000000000006,0.80725000000000002]
[79.2,0.80690000000000006]
[79.25,0.80657000000000012]
[79.3,0.80625000000000002]
[79.349999999999994,0.80592000000000008]
[79.400000000000006,0.80560000000000009]
[79.45,0.80527000000000004]
[79.5,0.80495000000000005]
[79.55,0.80465000000000009]
[79.599999999999994,0.80435000000000012]
[79.650000000000006,0.80400000000000005]
[79.7,0.80365000000000009]
[79.75,0.80335000000000012]
[79.8,0.80305000000000004]
[79.849999999999994,0.8027200000000001]
[79.900000000000006,0.80240000000000011]
[79.95,0.80207000000000006]
[80,0.80175000000000007]
[80.05,0.80145000000000011]
[80.099999999999994,0.80115000000000003]
[80.150000000000006,0.80082000000000009]
[80.2,0.8005000000000001]
[80.25,0.80017000000000005]
[80.3,0.79985000000000006]
[80.349999999999994,0.79955000000000009]
[80.400000000000006,0.79925000000000002]
[80.45,0.79895000000000005]
[80.5,0.79865000000000008]
[80.55,0.79832000000000003]
[80.599999999999994,0.79800000000000004]
[80.650000000000006,0.7976700000000001]
[80.7,0.79735000000000011]
[80.75,0.79705000000000004]
[80.8,0.79675000000000007]
[80.849999999999994,0.7964500000000001]
[80.900000000000006,0.79615000000000002]
[80.95,0.79585000000000006]
[81,0.79555000000000009]
[81.05,0.79525000000000001]
[81.099999999999994,0.79495000000000005]
[81.150000000000006,0.7946200000000001]
[81.2,0.79430000000000012]
[81.25,0.79400000000000004]
[81.3,0.79370000000000007]
[81.349999999999994,0.79340000000000011]
[81.400000000000006,0.79310000000000003]
[81.45,0.79280000000000006]
[81.5,0.79249999999999998]
[81.55,0.79220000000000002]
[81.599999999999994,0.79190000000000005]
[81.650000000000006,0.79160000000000008]
[81.7,0.79130000000000011]
[81.75,0.79100000000000004]
[81.8,0.79070000000000007]
[81.849999999999994,0.79037000000000002]
[81.900000000000006,0.79005000000000003]
[81.95,0.78975000000000006]
[82,0.7894500000000001]
[82.05,0.78917000000000004]
[82.1,0.78890000000000005]
[82.15,0.78860000000000008]
[82.2,0.78830000000000011]
[82.25,0.78800000000000003]
[82.3,0.78770000000000007]
[82.35,0.7874000000000001]
[82.4,0.78710000000000002]
[82.45,0.78682000000000007]
[82.5,0.78655000000000008]
[82.55,0.78625]
[82.6,0.78595000000000004]
[82.65,0.78565000000000007]
[82.7,0.7853500000000001]
[82.75,0.78507000000000005]
[82.8,0.78480000000000005]
[82.85,0.78450000000000009]
[82.9,0.78420000000000012]
[82.95,0.78392000000000006]
[83,0.78365000000000007]
[83.05,0.7833500000000001]
[83.1,0.78305000000000002]
[83.15,0.78277000000000008]
[83.2,0.78249999999999997]
[83.25,0.78220000000000012]
[83.3,0.78190000000000004]
[83.35,0.78162000000000009]
[83.4,0.7813500000000001]
[83.45,0.78105000000000002]
[83.5,0.78075000000000006]
[83.55,0.78047000000000011]
[83.6,0.78020000000000012]
[83.65,0.77990000000000004]
[83.7,0.77960000000000007]
[83.75,0.77932000000000001]
[83.8,0.77905000000000002]
[83.85,0.77880000000000005]
[83.9,0.77855000000000008]
[83.95,0.77825000000000011]
[84,0.77795000000000003]
[84.05,0.77767000000000008]
[84.1,0.77740000000000009]
[84.15,0.77712000000000003]
[84.2,0.77685000000000004]
[84.25,0.77657000000000009]
[84.3,0.7763000000000001]
[84.35,0.77600000000000002]
[84.4,0.77570000000000006]
[84.45,0.77542000000000011]
[84.5,0.77515000000000012]
[84.55,0.77490000000000003]
[84.6,0.77465000000000006]
[84.65,0.77437000000000011]
[84.7,0.77410000000000001]
[84.75,0.77382000000000006]
[84.8,0.77355000000000007]
[84.85,0.77327000000000001]
[84.9,0.77300000000000002]
[84.95,0.77272000000000007]
[85,0.77245000000000008]
[85.05,0.77220000000000011]
[85.1,0.77195000000000003]
[85.15,0.77167000000000008]
[85.2,0.77140000000000009]
[85.25,0.77112000000000003]
[85.3,0.77085000000000004]
[85.35,0.77057000000000009]
[85.4,0.7703000000000001]
[85.45,0.77005000000000001]
[85.5,0.76980000000000004]
[85.55,0.76952000000000009]
[85.6,0.7692500000000001]
[85.65,0.76897000000000004]
[85.7,0.76870000000000005]
[85.75,0.76845000000000008]
[85.8,0.7682000000000001]
[85.85,0.76792000000000005]
[85.9,0.76765000000000005]
[85.95,0.76737000000000011]
[86,0.76710000000000012]
[86.05,0.76685000000000003]
[86.1,0.76660000000000006]
[86.15,0.76635000000000009]
[86.2,0.76610000000000011]
[86.25,0.76582000000000006]
[86.3,0.76555000000000006]
[86.35,0.76530000000000009]
[86.4,0.76505000000000001]
[86.45,0.76477000000000006]
[86.5,0.76450000000000007]
[86.55,0.7642500000000001]
[86.6,0.76400000000000001]
[86.65,0.76375000000000004]
[86.7,0.76350000000000007]
[86.75,0.76322000000000001]
[86.8,0.76295000000000002]
[86.85,0.76272000000000006]
[86.9,0.76249999999999996]
[86.95,0.76222000000000001]
[87,0.76195000000000002]
[87.05,0.76170000000000004]
[87.1,0.76145000000000007]
[87.15,0.7612000000000001]
[87.2,0.76095000000000002]
[87.25,0.76067000000000007]
[87.3,0.76040000000000008]
[87.35,0.76017000000000001]
[87.4,0.75995000000000001]
[87.45,0.75967000000000007]
[87.5,0.75940000000000007]
[87.55,0.75917000000000001]
[87.6,0.75895000000000001]
[87.65,0.75867000000000007]
[87.7,0.75840000000000007]
[87.75,0.75817000000000001]
[87.8,0.75795000000000001]
[87.85,0.75770000000000004]
[87.9,0.75745000000000007]
[87.95,0.7572000000000001]
[88,0.75695000000000001]
[88.05,0.75670000000000004]
[88.1,0.75645000000000007]
[88.15,0.75622000000000011]
[88.2,0.75600000000000012]
[88.25,0.75572000000000006]
[88.3,0.75545000000000007]
[88.35,0.75522000000000011]
[88.4,0.755]
[88.45,0.75475000000000003]
[88.5,0.75450000000000006]
[88.55,0.75425000000000009]
[88.6,0.75400000000000011]
[88.65,0.75375000000000003]
[88.7,0.75350000000000006]
[88.75,0.75327000000000011]
[88.8,0.75305000000000011]
[88.85,0.75282000000000004]
[88.9,0.75260000000000005]
[88.95,0.7523200000000001]
[89,0.75205000000000011]
[89.05,0.75182000000000004]
[89.1,0.75160000000000005]
[89.15,0.75137000000000009]
[89.2,0.7511500000000001]
[89.25,0.75090000000000001]
[89.3,0.75065000000000004]
[89.35,0.75042000000000009]
[89.4,0.75020000000000009]
[89.45,0.74995000000000012]
[89.5,0.74970000000000003]
[89.55,0.74947000000000008]
[89.6,0.74925000000000008]
[89.65,0.74897000000000002]
[89.7,0.74870000000000003]
[89.75,0.74850000000000005]
[89.8,0.74830000000000008]
[89.85,0.74807000000000001]
[89.9,0.74785000000000001]
[89.95,0.74770000000000003]
[90,0.74755000000000005]
[90.05,0.74737000000000009]
[90.1,0.74720000000000009]
[90.15,0.74700000000000011]
[90.2,0.74680000000000002]
[90.25,0.74662000000000006]
[90.3,0.74645000000000006]
[90.35,0.74624999999999997]
[90.4,0.7460500000000001]
[90.45,0.74587000000000003]
[90.5,0.74570000000000003]
[90.55,0.74552000000000007]
[90.6,0.74535000000000007]
[90.65,0.74515000000000009]
[90.7,0.74495000000000011]
[90.75,0.74477000000000004]
[90.8,0.74460000000000004]
[90.85,0.74445000000000006]
[90.9,0.74430000000000007]
[90.95,0.74410000000000009]
[91,0.74390000000000001]
[91.05,0.74372000000000005]
[91.1,0.74355000000000004]
[91.15,0.74335000000000007]
[91.2,0.74315000000000009]
[91.25,0.74297000000000002]
[91.3,0.74280000000000002]
[91.35,0.74265000000000003]
[91.4,0.74250000000000005]
[91.45,0.74230000000000007]
[91.5,0.74210000000000009]
[91.55,0.74192000000000002]
[91.6,0.74175000000000002]
[91.65,0.74160000000000004]
[91.7,0.74145000000000005]
[91.75,0.74124999999999996]
[91.8,0.7410500000000001]
[91.85,0.74087000000000003]
[91.9,0.74070000000000003]
[91.95,0.74055000000000004]
[92,0.74040000000000006]
[92.05,0.74020000000000008]
[92.1,0.74]
[92.15,0.73985000000000001]
[92.2,0.73970000000000002]
[92.25,0.73952000000000007]
[92.3,0.73935000000000006]
[92.35,0.73915000000000008]
[92.4,0.73895000000000011]
[92.45,0.73880000000000001]
[92.5,0.73865000000000003]
[92.55,0.73847000000000007]
[92.6,0.73830000000000007]
[92.65,0.73812000000000011]
[92.7,0.73795000000000011]
[92.75,0.73777000000000004]
[92.8,0.73760000000000003]
[92.85,0.73745000000000005]
[92.9,0.73730000000000007]
[92.95,0.73712000000000011]
[93,0.7369500000000001]
[93.05,0.73677000000000004]
[93.1,0.73660000000000003]
[93.15,0.73645000000000005]
[93.2,0.73630000000000007]
[93.25,0.73612000000000011]
[93.3,0.7359500000000001]
[93.35,0.73577000000000004]
[93.4,0.73560000000000003]
[93.45,0.73545000000000005]
[93.5,0.73530000000000006]
[93.55,0.73512000000000011]
[93.6,0.7349500000000001]
[93.65,0.73477000000000003]
[93.7,0.73460000000000003]
[93.75,0.73445000000000005]
[93.8,0.73430000000000006]
[93.85,0.73412000000000011]
[93.9,0.7339500000000001]
[93.95,0.73380000000000001]
[94,0.73365000000000002]
[94.05,0.73347000000000007]
[94.1,0.73330000000000006]
[94.15,0.7331200000000001]
[94.2,0.7329500000000001]
[94.25,0.73280000000000001]
[94.3,0.73265000000000002]
[94.35,0.73250000000000004]
[94.4,0.73235000000000006]
[94.45,0.7321700000000001]
[94.5,0.7320000000000001]
[94.55,0.73185000000000011]
[94.6,0.73170000000000002]
[94.65,0.73152000000000006]
[94.7,0.73135000000000006]
[94.75,0.73120000000000007]
[94.8,0.73105000000000009]
[94.85,0.73087000000000002]
[94.9,0.73070000000000002]
[94.95,0.73055000000000003]
[95,0.73040000000000005]
[95.05,0.73025000000000007]
[95.1,0.73010000000000008]
[95.15,0.7299500000000001]
[95.2,0.7298]
[95.25,0.72962000000000005]
[95.3,0.72945000000000004]
[95.35,0.72930000000000006]
[95.4,0.72915000000000008]
[95.45,0.72900000000000009]
[95.5,0.72885000000000011]
[95.55,0.72870000000000001]
[95.6,0.72855000000000003]
[95.65,0.72840000000000005]
[95.7,0.72825000000000006]
[95.75,0.72807000000000011]
[95.8,0.7279000000000001]
[95.85,0.72775000000000001]
[95.9,0.72760000000000002]
[95.95,0.72745000000000004]
[96,0.72730000000000006]
[96.05,0.72715000000000007]
[96.1,0.72700000000000009]
[96.15,0.72685000000000011]
[96.2,0.72670000000000001]
[96.25,0.72652000000000005]
[96.3,0.72635000000000005]
[96.35,0.72620000000000007]
[96.4,0.72605000000000008]
[96.45,0.7259000000000001]
[96.5,0.72575000000000001]
[96.55,0.72560000000000002]
[96.6,0.72545000000000004]
[96.65,0.72530000000000006]
[96.7,0.72515000000000007]
[96.75,0.72499999999999998]
[96.8,0.72485000000000011]
[96.85,0.72467000000000004]
[96.9,0.72450000000000003]
[96.95,0.72437000000000007]
[97,0.72425000000000006]
[97.05,0.72410000000000008]
[97.1,0.72395000000000009]
[97.15,0.72380000000000011]
[97.2,0.72365000000000002]
[97.25,0.72350000000000003]
[97.3,0.72335000000000005]
[97.35,0.72320000000000007]
[97.4,0.72305000000000008]
[97.45,0.7229000000000001]
[97.5,0.72275000000000011]
[97.55,0.72260000000000002]
[97.6,0.72245000000000004]
[97.65,0.72230000000000005]
[97.7,0.72215000000000007]
[97.75,0.72200000000000009]
[97.8,0.7218500000000001]
[97.85,0.72172000000000003]
[97.9,0.72160000000000002]
[97.95,0.72145000000000004]
[98,0.72130000000000005]
[98.05,0.72115000000000007]
[98.1,0.72100000000000009]
[98.15,0.7208500000000001]
[98.2,0.72070000000000001]
[98.25,0.72055000000000002]
[98.3,0.72040000000000004]
[98.35,0.72025000000000006]
[98.4,0.72010000000000007]
[98.45,0.71997000000000011]
[98.5,0.7198500000000001]
[98.55,0.71970000000000001]
[98.6,0.71955000000000002]
[98.65,0.71942000000000006]
[98.7,0.71930000000000005]
[98.75,0.71915000000000007]
[98.8,0.71900000000000008]
[98.85,0.7188500000000001]
[98.9,0.71870000000000001]
[98.95,0.71857000000000004]
[99,0.71845000000000003]
[99.05,0.71827000000000008]
[99.1,0.71810000000000007]
[99.15,0.71797000000000011]
[99.2,0.7178500000000001]
[99.25,0.7177]
[99.3,0.71755000000000002]
[99.35,0.71742000000000006]
[99.4,0.71730000000000005]
[99.45,0.71715000000000007]
[99.5,0.71700000000000008]
[99.55,0.71687000000000001]
[99.6,0.71675000000000011]
[99.65,0.71660000000000001]
[99.7,0.71645000000000003]
[99.75,0.71632000000000007]
[99.8,0.71620000000000006]
[99.85,0.71605000000000008]
[99.9,0.71590000000000009]
[99.95,0.71577000000000002]
[100,0.71565000000000001]
[100.05,0.71550000000000002]
[100.1,0.71535000000000004]
[100.15,0.71522000000000008]
[100.2,0.71510000000000007]
[100.25,0.71495000000000009]
[100.3,0.7148000000000001]
[100.35,0.71465000000000001]
[100.4,0.71450000000000002]
[100.45,0.71437000000000006]
[100.5,0.71425000000000005]
[100.55,0.71410000000000007]
[100.6,0.71395000000000008]
[100.65,0.71382000000000001]
[100.7,0.71370000000000011]
[100.75,0.71357000000000004]
[100.8,0.71345000000000003]
[100.85,0.71330000000000005]
[100.9,0.71315000000000006]
[100.95,0.7130200000000001]
[101,0.71290000000000009]
[101.05,0.71277000000000001]
[101.1,0.71265000000000001]
[101.15,0.71250000000000002]
[101.2,0.71235000000000004]
[101.25,0.71222000000000008]
[101.3,0.71210000000000007]
[101.35,0.7119700000000001]
[101.4,0.71185000000000009]
[101.45,0.71172000000000002]
[101.5,0.71160000000000001]
[101.55,0.71145000000000003]
[101.6,0.71130000000000004]
[101.65,0.71117000000000008]
[101.7,0.71105000000000007]
[101.75,0.71092000000000011]
[101.8,0.7108000000000001]
[101.85,0.71067000000000002]
[101.9,0.71055000000000001]
[101.95,0.71040000000000003]
[102,0.71025000000000005]
[102.05,0.71012000000000008]
[102.1,0.71]
[102.15,0.70987000000000011]
[102.2,0.7097500000000001]
[102.25,0.70962000000000003]
[102.3,0.70950000000000002]
[102.35,0.70937000000000006]
[102.4,0.70925000000000005]
[102.45,0.70910000000000006]
[102.5,0.70895000000000008]
[102.55,0.70882000000000001]
[102.6,0.70870000000000011]
[102.65,0.70857000000000003]
[102.7,0.70845000000000002]
[102.75,0.70832000000000006]
[102.8,0.70820000000000005]
[102.85,0.70807000000000009]
[102.9,0.70795000000000008]
[102.95,0.70782]
[103,0.70770000000000011]
[103.05,0.70757000000000003]
[103.1,0.70745000000000002]
[103.15,0.70730000000000004]
[103.2,0.70715000000000006]
[103.25,0.70702000000000009]
[103.3,0.70690000000000008]
[103.35,0.70677000000000001]
[103.4,0.70665000000000011]
[103.45,0.70652000000000004]
[103.5,0.70640000000000003]
[103.55,0.70627000000000006]
[103.6,0.70615000000000006]
[103.65,0.70602000000000009]
[103.7,0.70590000000000008]
[103.75,0.70577000000000001]
[103.8,0.70565000000000011]
[103.85,0.70552000000000004]
[103.9,0.70540000000000003]
[103.95,0.70527000000000006]
[104,0.70515000000000005]
[104.05,0.70502000000000009]
[104.1,0.70490000000000008]
[104.15,0.70480000000000009]
[104.2,0.7047000000000001]
[104.25,0.70457000000000003]
[104.3,0.70445000000000002]
[104.35,0.70432000000000006]
[104.4,0.70420000000000005]
[104.45,0.70407000000000008]
[104.5,0.70395000000000008]
[104.55,0.70382000000000011]
[104.6,0.7037000000000001]
[104.65,0.70357000000000003]
[104.7,0.70345000000000002]
[104.75,0.70332000000000006]
[104.8,0.70320000000000005]
[104.85,0.70307000000000008]
[104.9,0.70295000000000007]
[104.95,0.70282000000000011]
[105,0.7027000000000001]
[105.05,0.70257000000000003]
[105.1,0.70245000000000002]
[105.15,0.70235000000000003]
[105.2,0.70225000000000004]
[105.25,0.70212000000000008]
[105.3,0.70200000000000007]
[105.35,0.7018700000000001]
[105.4,0.7017500000000001]
[105.45,0.70165000000000011]
[105.5,0.70155000000000001]
[105.55,0.70142000000000004]
[105.6,0.70130000000000003]
[105.65,0.70117000000000007]
[105.7,0.70105000000000006]
[105.75,0.7009200000000001]
[105.8,0.70080000000000009]
[105.85,0.70067000000000002]
[105.9,0.70055000000000001]
[105.95,0.70042000000000004]
[106,0.70030000000000003]
[106.05,0.70020000000000004]
[106.1,0.70010000000000006]
[106.15,0.69997000000000009]
[106.2,0.69985000000000008]
[106.25,0.69972000000000001]
[106.3,0.69960000000000011]
[106.35,0.69950000000000001]
[106.4,0.69940000000000002]
[106.45,0.69927000000000006]
[106.5,0.69915000000000005]
[106.55,0.69905000000000006]
[106.6,0.69895000000000007]
[106.65,0.69882000000000011]
[106.7,0.6987000000000001]
[106.75,0.69857000000000002]
[106.8,0.69845000000000002]
[106.85,0.69832000000000005]
[106.9,0.69820000000000004]
[106.95,0.69807000000000008]
[107,0.69795000000000007]
[107.05,0.69785000000000008]
[107.1,0.69775000000000009]
[107.15,0.6976500000000001]
[107.2,0.69755]
[107.25,0.69742000000000004]
[107.3,0.69730000000000003]
[107.35,0.69717000000000007]
[107.4,0.69705000000000006]
[107.45,0.69695000000000007]
[107.5,0.69685000000000008]
[107.55,0.69672000000000001]
[107.6,0.69660000000000011]
[107.65,0.69647000000000003]
[107.7,0.69635000000000002]
[107.75,0.69627000000000006]
[107.8,0.69620000000000004]
[107.85,0.69607000000000008]
[107.9,0.69595000000000007]
[107.95,0.69582000000000011]
[108,0.6957000000000001]
[108.05,0.69557000000000002]
[108.1,0.69545000000000001]
[108.15,0.69535000000000002]
[108.2,0.69525000000000003]
[108.25,0.69512000000000007]
[108.3,0.69499999999999995]
[108.35,0.69490000000000007]
[108.4,0.69480000000000008]
[108.45,0.6947000000000001]
[108.5,0.69460000000000011]
[108.55,0.69447000000000003]
[108.6,0.69435000000000002]
[108.65,0.69425000000000003]
[108.7,0.69415000000000004]
[108.75,0.69402000000000008]
[108.8,0.69390000000000007]
[108.85,0.69377000000000011]
[108.9,0.6936500000000001]
[108.95,0.69357000000000002]
[109,0.69350000000000001]
[109.05,0.69337000000000004]
[109.1,0.69325000000000003]
[109.15,0.69312000000000007]
[109.2,0.69300000000000006]
[109.25,0.69290000000000007]
[109.3,0.69280000000000008]
[109.35,0.69267000000000001]
[109.4,0.69255000000000011]
[109.45,0.69247000000000003]
[109.5,0.69240000000000002]
[109.55,0.69227000000000005]
[109.6,0.69215000000000004]
[109.65,0.69202000000000008]
[109.7,0.69190000000000007]
[109.75,0.69180000000000008]
[109.8,0.69170000000000009]
[109.85,0.6916000000000001]
[109.9,0.6915]
[109.95,0.69142000000000003]
[110,0.69135000000000002]
[110.05,0.69127000000000005]
[110.1,0.69120000000000004]
[110.15,0.69112000000000007]
[110.2,0.69105000000000005]
[110.25,0.69097000000000008]
[110.3,0.69090000000000007]
[110.35,0.6908200000000001]
[110.4,0.69075000000000009]
[110.45,0.69067000000000001]
[110.5,0.6906000000000001]
[110.55,0.69052000000000002]
[110.6,0.69045000000000001]
[110.65,0.69037000000000004]
[110.7,0.69030000000000002]
[110.75,0.69022000000000006]
[110.8,0.69015000000000004]
[110.85,0.69010000000000005]
[110.9,0.69005000000000005]
[110.95,0.68995000000000006]
[111,0.68985000000000007]
[111.05,0.68980000000000008]
[111.1,0.68975000000000009]
[111.15,0.68967000000000001]
[111.2,0.6896000000000001]
[111.25,0.68952000000000002]
[111.3,0.68945000000000001]
[111.35,0.68937000000000004]
[111.4,0.68930000000000002]
[111.45,0.68922000000000005]
[111.5,0.68915000000000004]
[111.55,0.68907000000000007]
[111.6,0.68900000000000006]
[111.65,0.68895000000000006]
[111.7,0.68890000000000007]
[111.75,0.68880000000000008]
[111.8,0.68870000000000009]
[111.85,0.6886500000000001]
[111.9,0.6886000000000001]
[111.95,0.68855000000000011]
[112,0.6885]
[112.05,0.68840000000000001]
[112.1,0.68830000000000002]
[112.15,0.68825000000000003]
[112.2,0.68820000000000003]
[112.25,0.68810000000000004]
[112.3,0.68800000000000006]
[112.35,0.68795000000000006]
[112.4,0.68790000000000007]
[112.45,0.6878200000000001]
[112.5,0.68775000000000008]
[112.55,0.68767]
[112.6,0.6876000000000001]
[112.65,0.68752000000000002]
[112.7,0.68745000000000001]
[112.75,0.68740000000000001]
[112.8,0.68735000000000002]
[112.85,0.68727000000000005]
[112.9,0.68720000000000003]
[112.95,0.68712000000000006]
[113,0.68705000000000005]
[113.05,0.68697000000000008]
[113.1,0.68690000000000007]
[113.15,0.6868200000000001]
[113.2,0.68675000000000008]
[113.25,0.68670000000000009]
[113.3,0.68665000000000009]
[113.35,0.68657000000000001]
[113.4,0.68650000000000011]
[113.45,0.68642000000000003]
[113.5,0.68635000000000002]
[113.55,0.68630000000000002]
[113.6,0.68625000000000003]
[113.65,0.68617000000000006]
[113.7,0.68610000000000004]
[113.75,0.68602000000000007]
[113.8,0.68595000000000006]
[113.85,0.68590000000000007]
[113.9,0.68585000000000007]
[113.95,0.68575000000000008]
[114,0.68565000000000009]
[114.05,0.6856000000000001]
[114.1,0.6855500000000001]
[114.15,0.68547000000000002]
[114.2,0.68540000000000001]
[114.25,0.68532000000000004]
[114.3,0.68525000000000003]
[114.35,0.68520000000000003]
[114.4,0.68515000000000004]
[114.45,0.68507000000000007]
[114.5,0.68500000000000005]
[114.55,0.68492000000000008]
[114.6,0.68485000000000007]
[114.65,0.68480000000000008]
[114.7,0.68475000000000008]
[114.75,0.68467]
[114.8,0.6846000000000001]
[114.85,0.68452000000000002]
[114.9,0.68445]
[114.95,0.68440000000000001]
[115,0.68435000000000001]
[115.05,0.68427000000000004]
[115.1,0.68420000000000003]
[115.15,0.68412000000000006]
[115.2,0.68405000000000005]
[115.25,0.68397000000000008]
[115.3,0.68390000000000006]
[115.35,0.68385000000000007]
[115.4,0.68380000000000007]
[115.45,0.68372000000000011]
[115.5,0.68365000000000009]
[115.55,0.68357000000000001]
[115.6,0.68350000000000011]
[115.65,0.68345]
[115.7,0.68340000000000001]
[115.75,0.68335000000000001]
[115.8,0.68330000000000002]
[115.85,0.68320000000000003]
[115.9,0.68310000000000004]
[115.95,0.68305000000000005]
[116,0.68300000000000005]
[116.05,0.68295000000000006]
[116.1,0.68290000000000006]
[116.15,0.68280000000000007]
[116.2,0.68270000000000008]
[116.25,0.68265000000000009]
[116.3,0.6826000000000001]
[116.35,0.6825500000000001]
[116.4,0.6825]
[116.45,0.68242000000000003]
[116.5,0.68235000000000001]
[116.55,0.68227000000000004]
[116.6,0.68220000000000003]
[116.65,0.68215000000000003]
[116.7,0.68210000000000004]
[116.75,0.68202000000000007]
[116.8,0.68195000000000006]
[116.85,0.68187000000000009]
[116.9,0.68180000000000007]
[116.95,0.68175000000000008]
[117,0.68170000000000008]
[117.05,0.68162]
[117.1,0.6815500000000001]
[117.15,0.68150000000000011]
[117.2,0.68145000000000011]
[117.25,0.68137000000000003]
[117.3,0.68130000000000002]
[117.35,0.68122000000000005]
[117.4,0.68115000000000003]
[117.45,0.68110000000000004]
[117.5,0.68105000000000004]
[117.55,0.68100000000000005]
[117.6,0.68095000000000006]
[117.65,0.68085000000000007]
[117.7,0.68075000000000008]
[117.75,0.68070000000000008]
[117.8,0.68065000000000009]
[117.85,0.68060000000000009]
[117.9,0.6805500000000001]
[117.95,0.68047000000000002]
[118,0.6804]
[118.05,0.68035000000000001]
[118.1,0.68030000000000002]
[118.15,0.68022000000000005]
[118.2,0.68015000000000003]
[118.25,0.68007000000000006]
[118.3,0.68]
[118.35,0.67995000000000005]
[118.4,0.67990000000000006]
[118.45,0.67985000000000007]
[118.5,0.67980000000000007]
[118.55,0.67970000000000008]
[118.6,0.67960000000000009]
[118.65,0.6795500000000001]
[118.7,0.6795000000000001]
[118.75,0.67945000000000011]
[118.8,0.6794]
[118.85,0.67932000000000003]
[118.9,0.67925000000000002]
[118.95,0.67920000000000003]
[119,0.67915000000000003]
[119.05,0.67907000000000006]
[119.1,0.67900000000000005]
[119.15,0.67892000000000008]
[119.2,0.67885000000000006]
[119.25,0.67880000000000007]
[119.3,0.67874999999999996]
[119.35,0.67870000000000008]
[119.4,0.67865000000000009]
[119.45,0.67857000000000001]
[119.5,0.6785000000000001]
[119.55,0.67842000000000002]
[119.6,0.67835000000000001]
[119.65,0.67830000000000001]
[119.7,0.67825000000000002]
[119.75,0.67817000000000005]
[119.8,0.67810000000000004]
[119.85,0.67805000000000004]
[119.9,0.67800000000000005]
[119.95,0.67795000000000005]
[120,0.67790000000000006]
[120.05,0.67780000000000007]
[120.1,0.67770000000000008]
[120.15,0.67765000000000009]
[120.2,0.67760000000000009]
[120.25,0.6775500000000001]
[120.3,0.67749999999999999]
[120.35,0.67742000000000002]
[120.4,0.67735000000000001]
[120.45,0.67730000000000001]
[120.5,0.67725000000000002]
[120.55,0.67717000000000005]
[120.6,0.67710000000000004]
[120.65,0.67702000000000007]
[120.7,0.67695000000000005]
[120.75,0.67690000000000006]
[120.8,0.67685000000000006]
[120.85,0.67680000000000007]
[120.9,0.67675000000000007]
[120.95,0.6766700000000001]
[121,0.67660000000000009]
[121.05,0.6765500000000001]
[121.1,0.6765000000000001]
[121.15,0.67642000000000002]
[121.2,0.67635000000000001]
[121.25,0.67627000000000004]
[121.3,0.67620000000000002]
[121.35,0.67615000000000003]
[121.4,0.67610000000000003]
[121.45,0.67605000000000004]
[121.5,0.67600000000000005]
[121.55,0.67592000000000008]
[121.6,0.67585000000000006]
[121.65,0.67580000000000007]
[121.7,0.67575000000000007]
[121.75,0.6756700000000001]
[121.8,0.67560000000000009]
[121.85,0.67555000000000009]
[121.9,0.6755000000000001]
[121.95,0.67542000000000002]
[122,0.67535000000000001]
[122.05,0.67530000000000001]
[122.1,0.67525000000000002]
[122.15,0.67520000000000002]
[122.2,0.67515000000000003]
[122.25,0.67507000000000006]
[122.3,0.67500000000000004]
[122.35,0.67495000000000005]
[122.4,0.67490000000000006]
[122.45,0.67482000000000009]
[122.5,0.67475000000000007]
[122.55,0.6746700000000001]
[122.6,0.67460000000000009]
[122.65,0.67455000000000009]
[122.7,0.6745000000000001]
[122.75,0.6744500000000001]
[122.8,0.67440000000000011]
[122.85,0.67432000000000003]
[122.9,0.67425000000000002]
[122.95,0.67420000000000002]
[123,0.67415000000000003]
[123.05,0.67407000000000006]
[123.1,0.67400000000000004]
[123.15,0.67395000000000005]
[123.2,0.67390000000000005]
[123.25,0.67382000000000009]
[123.3,0.67374999999999996]
[123.35,0.67370000000000008]
[123.4,0.67365000000000008]
[123.45,0.67360000000000009]
[123.5,0.67355000000000009]
[123.55,0.67347000000000001]
[123.6,0.67340000000000011]
[123.65,0.67335]
[123.7,0.67330000000000001]
[123.75,0.67325000000000002]
[123.8,0.67320000000000002]
[123.85,0.67310000000000003]
[123.9,0.67300000000000004]
[123.95,0.67295000000000005]
[124,0.67290000000000005]
[124.05,0.67285000000000006]
[124.1,0.67280000000000006]
[124.15,0.67275000000000007]
[124.2,0.67270000000000008]
[124.25,0.67262000000000011]
[124.3,0.67255000000000009]
[124.35,0.67249999999999999]
[124.4,0.6724500000000001]
[124.45,0.67240000000000011]
[124.5,0.67235]
[124.55,0.67225000000000001]
[124.6,0.67215000000000003]
[124.65,0.67210000000000003]
[124.7,0.67205000000000004]
[124.75,0.67200000000000004]
[124.8,0.67195000000000005]
[124.85,0.67187000000000008]
[124.9,0.67180000000000006]
[124.95,0.67175000000000007]
[125,0.67170000000000007]
[125.05,0.67165000000000008]
[125.1,0.67160000000000009]
[125.15,0.67155000000000009]
[125.2,0.6715000000000001]
[125.25,0.67142000000000002]
[125.3,0.67135]
[125.35,0.67127000000000003]
[125.4,0.67120000000000002]
[125.45,0.67115000000000002]
[125.5,0.67110000000000003]
[125.55,0.67102000000000006]
[125.6,0.67095000000000005]
[125.65,0.67090000000000005]
[125.7,0.67085000000000006]
[125.75,0.67080000000000006]
[125.8,0.67075000000000007]
[125.85,0.67070000000000007]
[125.9,0.67065000000000008]
[125.95,0.67057]
[126,0.6705000000000001]
[126.05,0.6704500000000001]
[126.1,0.67040000000000011]
[126.15,0.67035]
[126.2,0.67030000000000001]
[126.25,0.67020000000000002]
[126.3,0.67010000000000003]
[126.35,0.67005000000000003]
[126.4,0.67]
[126.45,0.66995000000000005]
[126.5,0.66990000000000005]
[126.55,0.66985000000000006]
[126.6,0.66980000000000006]
[126.65,0.66972000000000009]
[126.7,0.66965000000000008]
[126.75,0.66960000000000008]
[126.8,0.66955000000000009]
[126.85,0.6695000000000001]
[126.9,0.6694500000000001]
[126.95,0.66937000000000002]
[127,0.66930000000000001]
[127.05,0.66922000000000004]
[127.1,0.66915000000000002]
[127.15,0.66910000000000003]
[127.2,0.66905000000000003]
[127.25,0.66900000000000004]
[127.3,0.66895000000000004]
[127.35,0.66887000000000008]
[127.4,0.66880000000000006]
[127.45,0.66874999999999996]
[127.5,0.66870000000000007]
[127.55,0.66865000000000008]
[127.6,0.66860000000000008]
[127.65,0.66852]
[127.7,0.6684500000000001]
[127.75,0.66840000000000011]
[127.8,0.66835]
[127.85,0.66830000000000001]
[127.9,0.66825000000000001]
[127.95,0.66817000000000004]
[128,0.66810000000000003]
[128.05000000000001,0.66802000000000006]
[128.1,0.66795000000000004]
[128.15,0.66790000000000005]
[128.19999999999999,0.66785000000000005]
[128.25,0.66780000000000006]
[128.30000000000001,0.66775000000000007]
[128.35,0.66770000000000007]
[128.4,0.66765000000000008]
[128.44999999999999,0.66757000000000011]
[128.5,0.66749999999999998]
[128.55000000000001,0.6674500000000001]
[128.6,0.6674000000000001]
[128.65,0.66735000000000011]
[128.69999999999999,0.6673]
[128.75,0.66722000000000004]
[128.80000000000001,0.66715000000000002]
[128.85,0.66707000000000005]
[128.9,0.66700000000000004]
[128.94999999999999,0.66695000000000004]
[129,0.66690000000000005]
[129.05000000000001,0.66685000000000005]
[129.1,0.66680000000000006]
[129.15,0.66672000000000009]
[129.19999999999999,0.66665000000000008]
[129.25,0.66660000000000008]
[129.30000000000001,0.66655000000000009]
[129.35,0.66650000000000009]
[129.4,0.6664500000000001]
[129.44999999999999,0.6664000000000001]
[129.5,0.66635000000000011]
[129.55000000000001,0.66627000000000003]
[129.6,0.66620000000000001]
[129.65,0.66615000000000002]
[129.69999999999999,0.66610000000000003]
[129.75,0.66605000000000003]
[129.80000000000001,0.66600000000000004]
[129.85,0.66592000000000007]
[129.9,0.66585000000000005]
[129.94999999999999,0.66577000000000008]
[130,0.66570000000000007]
[130.05000000000001,0.66565000000000007]
[130.1,0.66560000000000008]
[130.15,0.66555000000000009]
[130.19999999999999,0.66550000000000009]
[130.25,0.6654500000000001]
[130.30000000000001,0.6654000000000001]
[130.35,0.66532000000000002]
[130.4,0.66525000000000001]
[130.44999999999999,0.66520000000000001]
[130.5,0.66515000000000002]
[130.55000000000001,0.66510000000000002]
[130.6,0.66505000000000003]
[130.65,0.66497000000000006]
[130.69999999999999,0.66490000000000005]
[130.75,0.66485000000000005]
[130.80000000000001,0.66480000000000006]
[130.85,0.66472000000000009]
[130.9,0.66465000000000007]
[130.94999999999999,0.66460000000000008]
[131,0.66455000000000009]
[131.05000000000001,0.66447000000000001]
[131.1,0.6644000000000001]
[131.15,0.66435000000000011]
[131.19999999999999,0.6643]
[131.25,0.66425000000000001]
[131.30000000000001,0.66420000000000001]
[131.35,0.66415000000000002]
[131.4,0.66410000000000002]
[131.44999999999999,0.66402000000000005]
[131.5,0.66395000000000004]
[131.55000000000001,0.66390000000000005]
[131.6,0.66385000000000005]
[131.65,0.66380000000000006]
[131.69999999999999,0.66374999999999995]
[131.75,0.66370000000000007]
[131.80000000000001,0.66365000000000007]
[131.85,0.66355000000000008]
[131.9,0.6634500000000001]
[131.94999999999999,0.6634000000000001]
[132,0.66335000000000011]
[132.05000000000001,0.6633]
[132.1,0.66325000000000001]
[132.15,0.66320000000000001]
[132.19999999999999,0.66315000000000002]
[132.25,0.66307000000000005]
[132.30000000000001,0.66300000000000003]
[132.35,0.66295000000000004]
[132.4,0.66290000000000004]
[132.44999999999999,0.66285000000000005]
[132.5,0.66280000000000006]
[132.55000000000001,0.66275000000000006]
[132.6,0.66270000000000007]
[132.65,0.6626200000000001]
[132.69999999999999,0.66255000000000008]
[132.75,0.66249999999999998]
[132.80000000000001,0.66245000000000009]
[132.85,0.6624000000000001]
[132.9,0.66235000000000011]
[132.94999999999999,0.66227000000000003]
[133,0.66220000000000001]
[133.05000000000001,0.66212000000000004]
[133.1,0.66205000000000003]
[133.15,0.66200000000000003]
[133.19999999999999,0.66195000000000004]
[133.25,0.66190000000000004]
[133.30000000000001,0.68185000000000007]
[133.35,0.66180000000000005]
[133.4,0.66175000000000006]
[133.44999999999999,0.66167000000000009]
[133.5,0.66160000000000008]
[133.55000000000001,0.66155000000000008]
[133.6,0.66150000000000009]
[133.65,0.66145000000000009]
[133.69999999999999,0.6614000000000001]
[133.75,0.6613500000000001]
[133.80000000000001,0.6613]
[133.85,0.66122000000000003]
[133.9,0.66115000000000002]
[133.94999999999999,0.66110000000000002]
[134,0.66105000000000003]
[134.05000000000001,0.66097000000000006]
[134.1,0.66090000000000004]
[134.15,0.66085000000000005]
[134.19999999999999,0.66080000000000005]
[134.25,0.66075000000000006]
[134.30000000000001,0.66070000000000007]
[134.35,0.6606200000000001]
[134.4,0.66055000000000008]
[134.44999999999999,0.66050000000000009]
[134.5,0.66045000000000009]
[134.55000000000001,0.6604000000000001]
[134.6,0.6603500000000001]
[134.65,0.66030000000000011]
[134.69999999999999,0.66025]
[134.75,0.66017000000000003]
[134.80000000000001,0.66010000000000002]
[134.85,0.66005000000000003]
[134.9,0.66]
[134.94999999999999,0.65995000000000004]
[135,0.65990000000000004]
[135.05000000000001,0.65985000000000005]
[135.1,0.65980000000000005]
[135.15,0.65972000000000008]
[135.19999999999999,0.65965000000000007]
[135.25,0.6595700000000001]
[135.30000000000001,0.65950000000000009]
[135.35,0.65945000000000009]
[135.4,0.6594000000000001]
[135.44999999999999,0.6593500000000001]
[135.5,0.65930000000000011]
[135.55000000000001,0.65922000000000003]
[135.6,0.65915000000000001]
[135.65,0.65910000000000002]
[135.69999999999999,0.65905000000000002]
[135.75,0.65900000000000003]
[135.80000000000001,0.65895000000000004]
[135.85,0.65890000000000004]
[135.9,0.65885000000000005]
[135.94999999999999,0.65880000000000005]
[136,0.65874999999999995]
[136.05000000000001,0.65867000000000009]
[136.1,0.65860000000000007]
[136.15,0.65855000000000008]
[136.19999999999999,0.65850000000000009]
[136.25,0.65845000000000009]
[136.30000000000001,0.6584000000000001]
[136.35,0.6583500000000001]
[136.4,0.65830000000000011]
[136.44999999999999,0.65822000000000003]
[136.5,0.65815000000000001]
[136.55000000000001,0.65810000000000002]
[136.6,0.65805000000000002]
[136.65,0.65800000000000003]
[136.69999999999999,0.65795000000000003]
[136.75,0.65787000000000007]
[136.80000000000001,0.65780000000000005]
[136.85,0.65775000000000006]
[136.9,0.65770000000000006]
[136.94999999999999,0.65762000000000009]
[137,0.65755000000000008]
[137.05000000000001,0.65749999999999997]
[137.1,0.65745000000000009]
[137.15,0.6574000000000001]
[137.19999999999999,0.6573500000000001]
[137.25,0.65730000000000011]
[137.30000000000001,0.65725]
[137.35,0.65717000000000003]
[137.4,0.65710000000000002]
[137.44999999999999,0.65705000000000002]
[137.5,0.65700000000000003]
[137.55000000000001,0.65965000000000007]
[137.6,0.65690000000000004]
[137.65,0.65685000000000004]
[137.69999999999999,0.65680000000000005]
[137.75,0.65675000000000006]
[137.80000000000001,0.65670000000000006]
[137.85,0.65662000000000009]
[137.9,0.65655000000000008]
[137.94999999999999,0.65650000000000008]
[138,0.65645000000000009]
[138.05000000000001,0.65640000000000009]
[138.1,0.6563500000000001]
[138.15,0.65630000000000011]
[138.19999999999999,0.65625]
[138.25,0.65617000000000003]
[138.30000000000001,0.65610000000000002]
[138.35,0.65605000000000002]
[138.4,0.65600000000000003]
[138.44999999999999,0.65595000000000003]
[138.5,0.65590000000000004]
[138.55000000000001,0.65585000000000004]
[138.6,0.65580000000000005]
[138.65,0.65575000000000006]
[138.69999999999999,0.65570000000000006]
[138.75,0.65562000000000009]
[138.80000000000001,0.65555000000000008]
[138.85,0.65547000000000011]
[138.9,0.65540000000000009]
[138.94999999999999,0.6553500000000001]
[139,0.6553000000000001]
[139.05000000000001,0.65525]
[139.1,0.6552]
[139.15,0.65515000000000001]
[139.19999999999999,0.65510000000000002]
[139.25,0.65502000000000005]
[139.30000000000001,0.65495000000000003]
[139.35,0.65490000000000004]
[139.4,0.65485000000000004]
[139.44999999999999,0.65480000000000005]
[139.5,0.65475000000000005]
[139.55000000000001,0.65470000000000006]
[139.6,0.65465000000000007]
[139.65,0.65460000000000007]
[139.69999999999999,0.65455000000000008]
[139.75,0.65447000000000011]
[139.80000000000001,0.65440000000000009]
[139.85,0.6543500000000001]
[139.9,0.6543000000000001]
[139.94999999999999,0.65425]
[140,0.6542]
[140.05000000000001,0.65417000000000003]
[140.1,0.65414000000000005]
[140.15,0.65409000000000006]
[140.19999999999999,0.65404000000000007]
[140.25,0.65398000000000001]
[140.30000000000001,0.65393000000000001]
[140.35,0.65388000000000002]
[140.4,0.65383000000000002]
[140.44999999999999,0.65377000000000007]
[140.5,0.65372000000000008]
[140.55000000000001,0.65367000000000008]
[140.6,0.65362000000000009]
[140.65,0.65356000000000003]
[140.69999999999999,0.65351000000000004]
[140.75,0.65346000000000004]
[140.80000000000001,0.65341000000000005]
[140.85,0.6533500000000001]
[140.9,0.6533000000000001]
[140.94999999999999,0.65325000000000011]
[141,0.6532]
[141.05000000000001,0.65314000000000005]
[141.1,0.65309000000000006]
[141.15,0.65304000000000006]
[141.19999999999999,0.65299000000000007]
[141.25,0.65293000000000001]
[141.30000000000001,0.65288000000000002]
[141.35,0.65283000000000002]
[141.4,0.65278000000000003]
[141.44999999999999,0.65272000000000008]
[141.5,0.65267000000000008]
[141.55000000000001,0.65262000000000009]
[141.6,0.65257000000000009]
[141.65,0.65251000000000003]
[141.69999999999999,0.65246000000000004]
[141.75,0.65243000000000007]
[141.80000000000001,0.65241000000000005]
[141.85,0.6523500000000001]
[141.9,0.6523000000000001]
[141.94999999999999,0.65225000000000011]
[142,0.6522]
[142.05000000000001,0.65214000000000005]
[142.1,0.65209000000000006]
[142.15,0.65204000000000006]
[142.19999999999999,0.65199000000000007]
[142.25,0.65193000000000001]
[142.30000000000001,0.65188000000000001]
[142.35,0.65183000000000002]
[142.4,0.65179000000000009]
[142.44999999999999,0.65173000000000003]
[142.5,0.65168000000000004]
[142.55000000000001,0.65163000000000004]
[142.6,0.65158000000000005]
[142.65,0.6515200000000001]
[142.69999999999999,0.6514700000000001]
[142.75,0.65142]
[142.80000000000001,0.65137]
[142.85,0.65131000000000006]
[142.9,0.65126000000000006]
[142.94999999999999,0.65121000000000007]
[143,0.65116000000000007]
[143.05000000000001,0.65110000000000001]
[143.1,0.65105000000000002]
[143.15,0.65100000000000002]
[143.19999999999999,0.65095000000000003]
[143.25,0.65089000000000008]
[143.30000000000001,0.65084000000000009]
[143.35,0.65081]
[143.4,0.65076000000000001]
[143.44999999999999,0.65071000000000001]
[143.5,0.65068000000000004]
[143.55000000000001,0.65063000000000004]
[143.6,0.65058000000000005]
[143.65,0.65053000000000005]
[143.69999999999999,0.6504700000000001]
[143.75,0.65042]
[143.80000000000001,0.65037]
[143.85,0.65031000000000005]
[143.9,0.65026000000000006]
[143.94999999999999,0.65021000000000007]
[144,0.65016000000000007]
[144.05000000000001,0.65010000000000001]
[144.1,0.65005000000000002]
[144.15,0.65]
[144.19999999999999,0.64995000000000003]
[144.25,0.64992000000000005]
[144.30000000000001,0.64989000000000008]
[144.35,0.64984000000000008]
[144.4,0.64979000000000009]
[144.44999999999999,0.64973000000000003]
[144.5,0.64968000000000004]
[144.55000000000001,0.64963000000000004]
[144.6,0.64958000000000005]
[144.65,0.6495200000000001]
[144.69999999999999,0.6494700000000001]
[144.75,0.64942000000000011]
[144.80000000000001,0.64937]
[144.85,0.64931000000000005]
[144.9,0.64926000000000006]
[144.94999999999999,0.64923000000000008]
[145,0.64921000000000006]
[145.05000000000001,0.64916000000000007]
[145.1,0.64911000000000008]
[145.15,0.64906000000000008]
[145.19999999999999,0.64901000000000009]
[145.25,0.64896000000000009]
[145.30000000000001,0.6489100000000001]
[145.35,0.6488600000000001]
[145.4,0.64881]
[145.44999999999999,0.64876]
[145.5,0.64871000000000001]
[145.55000000000001,0.64868000000000003]
[145.6,0.64866000000000001]
[145.65,0.64861000000000002]
[145.69999999999999,0.64856000000000003]
[145.75,0.64851000000000003]
[145.80000000000001,0.64846000000000004]
[145.85,0.64841000000000004]
[145.9,0.64826000000000006]
[145.94999999999999,0.64831000000000005]
[146,0.64826000000000006]
[146.05000000000001,0.64823000000000008]
[146.1,0.64821000000000006]
[146.15,0.64816000000000007]
[146.19999999999999,0.64811000000000007]
[146.25,0.64806000000000008]
[146.30000000000001,0.64801000000000009]
[146.35,0.64796000000000009]
[146.4,0.6479100000000001]
[146.44999999999999,0.6478600000000001]
[146.5,0.64781000000000011]
[146.55000000000001,0.64778000000000002]
[146.6,0.64776]
[146.65,0.64771000000000001]
[146.69999999999999,0.64766000000000001]
[146.75,0.64761000000000002]
[146.80000000000001,0.64756000000000002]
[146.85,0.64751000000000003]
[146.9,0.64746000000000004]
[146.94999999999999,0.64743000000000006]
[147,0.64741000000000004]
[147.05000000000001,0.64736000000000005]
[147.1,0.64731000000000005]
[147.15,0.64726000000000006]
[147.19999999999999,0.64721000000000006]
[147.25,0.64718000000000009]
[147.30000000000001,0.64716000000000007]
[147.35,0.64711000000000007]
[147.4,0.64706000000000008]
[147.44999999999999,0.64701000000000009]
[147.5,0.64696000000000009]
[147.55000000000001,0.6469100000000001]
[147.6,0.6468600000000001]
[147.65,0.64683000000000002]
[147.69999999999999,0.64681000000000011]
[147.75,0.64676]
[147.80000000000001,0.64671000000000001]
[147.85,0.64666000000000001]
[147.9,0.64661000000000002]
[147.94999999999999,0.64658000000000004]
[148,0.64656000000000002]
[148.05000000000001,0.64651000000000003]
[148.1,0.64646000000000003]
[148.15,0.64641000000000004]
[148.19999999999999,0.64636000000000005]
[148.25,0.64633000000000007]
[148.30000000000001,0.64631000000000005]
[148.35,0.64626000000000006]
[148.4,0.64621000000000006]
[148.44999999999999,0.64616000000000007]
[148.5,0.64611000000000007]
[148.55000000000001,0.6460800000000001]
[148.6,0.64606000000000008]
[148.65,0.64601000000000008]
[148.69999999999999,0.64596000000000009]
[148.75,0.64593]
[148.80000000000001,0.6459100000000001]
[148.85,0.6458600000000001]
[148.9,0.64581000000000011]
[148.94999999999999,0.64576]
[149,0.64571000000000001]
[149.05000000000001,0.64568000000000003]
[149.1,0.64566000000000001]
[149.15,0.64561000000000002]
[149.19999999999999,0.64556000000000002]
[149.25,0.64553000000000005]
[149.30000000000001,0.64551000000000003]
[149.35,0.64546000000000003]
[149.4,0.64541000000000004]
[149.44999999999999,0.64538000000000006]
[149.5,0.6458600000000001]
[149.55000000000001,0.64531000000000005]
[149.6,0.64526000000000006]
[149.65,0.64521000000000006]
[149.69999999999999,0.64516000000000007]
[149.75,0.64513000000000009]
[149.80000000000001,0.64511000000000007]
[149.85,0.64506000000000008]
[149.9,0.64501000000000008]
[149.94999999999999,0.64498]
[150,0.64496000000000009]
[150.05000000000001,0.64491000000000009]
[150.1,0.6448600000000001]
[150.15,0.64483000000000001]
[150.19999999999999,0.64481000000000011]
[150.25,0.64476]
[150.30000000000001,0.64471000000000001]
[150.35,0.64468000000000003]
[150.4,0.64466000000000001]
[150.44999999999999,0.64461000000000002]

{"sheet":"Classes","index":8,"n_rows":680,"n_cols":6,"rows_kept":680,"cut":false,"hidden":true,"merged":[]}
["Class","AF","WF","BL","Kmax","Stat"]
["Men AAPF Guest",0,1,0,227.5,"A"]
[]
[]
["Men AAPF Novice",0,1,0,227.5,"A"]
["Men AAPF Teen",1,1,1,227.5,"A"]
["Men AAPF Teen 13-15",1,1,1,227.5,"A"]
["Men AAPF Teen 13-15 114 1/2",1,1,1,52,"A"]
["Men AAPF Teen 13-15 123 1/2",1,1,1,56,"A"]
["Men AAPF Teen 13-15 132 1/4",1,1,1,60,"A"]
["Men AAPF Teen 13-15 148 3/4",1,1,1,67.5,"A"]
["Men AAPF Teen 13-15 165 1/4",1,1,1,75,"A"]
["Men AAPF Teen 13-15 181 3/4",1,1,1,82.5,"A"]
["Men AAPF Teen 13-15 198 1/4",1,1,1,90,"A"]
["Men AAPF Teen 13-15 220 1/4",1,1,1,100,"A"]
["Men AAPF Teen 13-15 242 1/2",1,1,1,110,"A"]
["Men AAPF Teen 13-15 275 1/4",1,1,1,125,"A"]
["Men AAPF Teen 13-15 308",1,1,1,140,"A"]
["Men AAPF Teen 13-15 SHW",1,1,1,227.5,"A"]
["Men AAPF Teen 16-17",1,1,1,227.5,"A"]
["Men AAPF Teen 16-17 114 1/2",1,1,1,52,"A"]
["Men AAPF Teen 16-17 123 1/2",1,1,1,56,"A"]
["Men AAPF Teen 16-17 132 1/4",1,1,1,60,"A"]
["Men AAPF Teen 16-17 148 3/4",1,1,1,67.5,"A"]
["Men AAPF Teen 16-17 165 1/4",1,1,1,75,"A"]
["Men AAPF Teen 16-17 181 3/4",1,1,1,82.5,"A"]
["Men AAPF Teen 16-17 198 1/4",1,1,1,90,"A"]
["Men AAPF Teen 16-17 220 1/4",1,1,1,100,"A"]
["Men AAPF Teen 16-17 242 1/2",1,1,1,110,"A"]
["Men AAPF Teen 16-17 275 1/4",1,1,1,125,"A"]
["Men AAPF Teen 16-17 308",1,1,1,140,"A"]
["Men AAPF Teen 16-17 SHW",1,1,1,227.5,"A"]
["Men AAPF Teen 18-19",1,1,1,227.5,"A"]
["Men AAPF Teen 18-19 114 1/2",1,1,1,52,"A"]
["Men AAPF Teen 18-19 123 1/2",1,1,1,56,"A"]
["Men AAPF Teen 18-19 132 1/4",1,1,1,60,"A"]
["Men AAPF Teen 18-19 148 3/4",1,1,1,67.5,"A"]
["Men AAPF Teen 18-19 165 1/4",1,1,1,75,"A"]
["Men AAPF Teen 18-19 181 3/4",1,1,1,82.5,"A"]
["Men AAPF Teen 18-19 198 1/4",1,1,1,90,"A"]
["Men AAPF Teen 18-19 220 1/4",1,1,1,100,"A"]
["Men AAPF Teen 18-19 242 1/2",1,1,1,110,"A"]
["Men AAPF Teen 18-19 275 1/4",1,1,1,125,"A"]
["Men AAPF Teen 18-19 308",1,1,1,140,"A"]
["Men AAPF Teen 18-19 SHW",1,1,1,227.5,"A"]
["Men AAPF JR",1,1,1,227.5,"A"]
["Men AAPF JR 114 1/2",1,1,1,52,"A"]
["Men AAPF JR 123 1/2",1,1,1,56,"A"]
["Men AAPF JR 132 1/4",1,1,1,60,"A"]
["Men AAPF JR 148 3/4",1,1,1,67.5,"A"]
["Men AAPF JR 165 1/4",1,1,1,75,"A"]
["Men AAPF JR 181 3/4",1,1,1,82.5,"A"]
["Men AAPF JR 198 1/4",1,1,1,90,"A"]
["Men AAPF JR 220 1/4",1,1,1,100,"A"]
["Men AAPF JR 242 1/2",1,1,1,110,"A"]
["Men AAPF JR 275 1/4",1,1,1,125,"A"]
["Men AAPF JR 308",1,1,1,140,"A"]
["Men AAPF JR SHW",1,1,1,227.5,"A"]
["Men AAPF",0,1,1,227.5,"A"]
["Men AAPF 114 1/2",0,1,1,52,"A"]
["Men AAPF 123 1/2",0,1,1,56,"A"]
["Men AAPF 132 1/4",0,1,1,60,"A"]
["Men AAPF 148 3/4",0,1,1,67.5,"A"]
["Men AAPF 165 1/4",0,1,1,75,"A"]
["Men AAPF 181 3/4",0,1,1,82.5,"A"]
["Men AAPF 198 1/4",0,1,1,90,"A"]
["Men AAPF 220 1/4",0,1,1,100,"A"]
["Men AAPF 242 1/2",0,1,1,110,"A"]
["Men AAPF 275 1/4",0,1,1,125,"A"]
["Men AAPF 308",0,1,1,140,"A"]
["Men AAPF SHW",0,1,1,227.5,"A"]
["Men AAPF SubMaster",0,0,1,227.5,"A"]
["Men AAPF SubMaster 114 1/2",0,0,1,52,"A"]
["Men AAPF SubMaster 123 1/2",0,0,1,56,"A"]
["Men AAPF SubMaster 132 1/4",0,0,1,60,"A"]
["Men AAPF SubMaster 148 3/4",0,0,1,67.5,"A"]
["Men AAPF SubMaster 165 1/4",0,0,1,75,"A"]
["Men AAPF SubMaster 181 3/4",0,0,1,82.5,"A"]
["Men AAPF SubMaster 198 1/4",0,0,1,90,"A"]
["Men AAPF SubMaster 220 1/4",0,0,1,100,"A"]
["Men AAPF SubMaster 242 1/2",0,0,1,110,"A"]
["Men AAPF SubMaster 275 1/4",0,0,1,125,"A"]
["Men AAPF SubMaster 308",0,0,1,140,"A"]
["Men AAPF SubMaster SHW",0,0,1,227.5,"A"]
["Men AAPF Master",1,1,1,227.5,"A"]
["Men AAPF Master (40-49)",1,1,1,227.5,"A"]
["Men AAPF Master (50+)",1,1,1,227.5,"A"]
["Men AAPF Master 40-44",1,1,1,227.5,"A"]
["Men AAPF Master 40-44 114 1/2",1,1,1,52,"A"]
["Men AAPF Master 40-44 123 1/2",1,1,1,56,"A"]
["Men AAPF Master 40-44 132 1/4",1,1,1,60,"A"]
["Men AAPF Master 40-44 148 3/4",1,1,1,67.5,"A"]
["Men AAPF Master 40-44 165 1/4",1,1,1,75,"A"]
["Men AAPF Master 40-44 181 3/4",1,1,1,82.5,"A"]
["Men AAPF Master 40-44 198 1/4",1,1,1,90,"A"]
["Men AAPF Master 40-44 220 1/4",1,1,1,100,"A"]
["Men AAPF Master 40-44 242 1/2",1,1,1,110,"A"]
["Men AAPF Master 40-44 275 1/4",1,1,1,125,"A"]
["Men AAPF Master 40-44 308",1,1,1,140,"A"]
["Men AAPF Master 40-44 SHW",1,1,1,227.5,"A"]
["Men AAPF Master 45-49",1,1,1,227.5,"A"]
["Men AAPF Master 45-49 114 1/2",1,1,1,52,"A"]
["Men AAPF Master 45-49 123 1/2",1,1,1,56,"A"]
["Men AAPF Master 45-49 132 1/4",1,1,1,60,"A"]
["Men AAPF Master 45-49 148 3/4",1,1,1,67.5,"A"]
["Men AAPF Master 45-49 165 1/4",1,1,1,75,"A"]
["Men AAPF Master 45-49 181 3/4",1,1,1,82.5,"A"]
["Men AAPF Master 45-49 198 1/4",1,1,1,90,"A"]
["Men AAPF Master 45-49 220 1/4",1,1,1,100,"A"]
["Men AAPF Master 45-49 242 1/2",1,1,1,110,"A"]
["Men AAPF Master 45-49 275 1/4",1,1,1,125,"A"]
["Men AAPF Master 45-49 308",1,1,1,140,"A"]
["Men AAPF Master 45-49 SHW",1,1,1,227.5,"A"]
["Men AAPF Master 50-54",1,1,1,227.5,"A"]
["Men AAPF Master 50-54 114 1/2",1,1,1,52,"A"]
["Men AAPF Master 50-54 123 1/2",1,1,1,56,"A"]
["Men AAPF Master 50-54 132 1/4",1,1,1,60,"A"]
["Men AAPF Master 50-54 148 3/4",1,1,1,67.5,"A"]
["Men AAPF Master 50-54 165 1/4",1,1,1,75,"A"]
["Men AAPF Master 50-54 181 3/4",1,1,1,82.5,"A"]
["Men AAPF Master 50-54 198 1/4",1,1,1,90,"A"]
["Men AAPF Master 50-54 220 1/4",1,1,1,100,"A"]
["Men AAPF Master 50-54 242 1/2",1,1,1,110,"A"]
["Men AAPF Master 50-54 275 1/4",1,1,1,125,"A"]
["Men AAPF Master 50-54 308",1,1,1,140,"A"]
["Men AAPF Master 50-54 SHW",1,1,1,227.5,"A"]
["Men AAPF Master 55-59",1,1,1,227.5,"A"]
["Men AAPF Master 55-59 114 1/2",1,1,1,52,"A"]
["Men AAPF Master 55-59 123 1/2",1,1,1,56,"A"]
["Men AAPF Master 55-59 132 1/4",1,1,1,60,"A"]
["Men AAPF Master 55-59 148 3/4",1,1,1,67.5,"A"]
["Men AAPF Master 55-59 165 1/4",1,1,1,75,"A"]
["Men AAPF Master 55-59 181 3/4",1,1,1,82.5,"A"]
["Men AAPF Master 55-59 198 1/4",1,1,1,90,"A"]
["Men AAPF Master 55-59 220 1/4",1,1,1,100,"A"]
["Men AAPF Master 55-59 242 1/2",1,1,1,110,"A"]
["Men AAPF Master 55-59 275 1/4",1,1,1,125,"A"]
["Men AAPF Master 55-59 308",1,1,1,140,"A"]
["Men AAPF Master 55-59 SHW",1,1,1,227.5,"A"]
["Men AAPF Master 60-64",1,1,1,227.5,"A"]
["Men AAPF Master 60-64 114 1/2",1,1,1,52,"A"]
["Men AAPF Master 60-64 123 1/2",1,1,1,56,"A"]
["Men AAPF Master 60-64 132 1/4",1,1,1,60,"A"]
["Men AAPF Master 60-64 148 3/4",1,1,1,67.5,"A"]
["Men AAPF Master 60-64 165 1/4",1,1,1,75,"A"]
["Men AAPF Master 60-64 181 3/4",1,1,1,82.5,"A"]
["Men AAPF Master 60-64 198 1/4",1,1,1,90,"A"]
["Men AAPF Master 60-64 220 1/4",1,1,1,100,"A"]
["Men AAPF Master 60-64 242 1/2",1,1,1,110,"A"]
["Men AAPF Master 60-64 275 1/4",1,1,1,125,"A"]
["Men AAPF Master 60-64 308",1,1,1,140,"A"]
["Men AAPF Master 60-64 SHW",1,1,1,227.5,"A"]
["Men AAPF Master 65-69",1,1,1,227.5,"A"]
["Men AAPF Master 65-69 114 1/2",1,1,1,52,"A"]
["Men AAPF Master 65-69 123 1/2",1,1,1,56,"A"]
["Men AAPF Master 65-69 132 1/4",1,1,1,60,"A"]
["Men AAPF Master 65-69 148 3/4",1,1,1,67.5,"A"]
["Men AAPF Master 65-69 165 1/4",1,1,1,75,"A"]
["Men AAPF Master 65-69 181 3/4",1,1,1,82.5,"A"]
["Men AAPF Master 65-69 198 1/4",1,1,1,90,"A"]
["Men AAPF Master 65-69 220 1/4",1,1,1,100,"A"]
["Men AAPF Master 65-69 242 1/2",1,1,1,110,"A"]
["Men AAPF Master 65-69 275 1/4",1,1,1,125,"A"]
["Men AAPF Master 65-69 308",1,1,1,140,"A"]
["Men AAPF Master 65-69 SHW",1,1,1,227.5,"A"]
["Men AAPF Master 70-74",1,1,1,227.5,"A"]
["Men AAPF Master 70-74 114 1/2",1,1,1,52,"A"]
["Men AAPF Master 70-74 123 1/2",1,1,1,56,"A"]
["Men AAPF Master 70-74 132 1/4",1,1,1,60,"A"]
["Men AAPF Master 70-74 148 3/4",1,1,1,67.5,"A"]
["Men AAPF Master 70-74 165 1/4",1,1,1,75,"A"]
["Men AAPF Master 70-74 181 3/4",1,1,1,82.5,"A"]
["Men AAPF Master 70-74 198 1/4",1,1,1,90,"A"]
["Men AAPF Master 70-74 220 1/4",1,1,1,100,"A"]
["Men AAPF Master 70-74 242 1/2",1,1,1,110,"A"]
["Men AAPF Master 70-74 275 1/4",1,1,1,125,"A"]
["Men AAPF Master 70-74 308",1,1,1,140,"A"]
["Men AAPF Master 70-74 SHW",1,1,1,227.5,"A"]
["Men AAPF Master 75-79",1,1,1,227.5,"A"]
["Men AAPF Master 75-79 114 1/2",1,1,1,52,"A"]
["Men AAPF Master 75-79 123 1/2",1,1,1,56,"A"]
["Men AAPF Master 75-79 132 1/4",1,1,1,60,"A"]
["Men AAPF Master 75-79 148 3/4",1,1,1,67.5,"A"]
["Men AAPF Master 75-79 165 1/4",1,1,1,75,"A"]
["Men AAPF Master 75-79 181 3/4",1,1,1,82.5,"A"]
["Men AAPF Master 75-79 198 1/4",1,1,1,90,"A"]
["Men AAPF Master 75-79 220 1/4",1,1,1,100,"A"]
["Men AAPF Master 75-79 242 1/2",1,1,1,110,"A"]
["Men AAPF Master 75-79 275 1/4",1,1,1,125,"A"]
["Men AAPF Master 75-79 308",1,1,1,140,"A"]
["Men AAPF Master 75-79 SHW",1,1,1,227.5,"A"]
["Men AAPF Master 80-84",1,1,1,227.5,"A"]
["Men AAPF Master 80-84 114 1/2",1,1,1,52,"A"]
["Men AAPF Master 80-84 123 1/2",1,1,1,56,"A"]
["Men AAPF Master 80-84 132 1/4",1,1,1,60,"A"]
["Men AAPF Master 80-84 148 3/4",1,1,1,67.5,"A"]
["Men AAPF Master 80-84 165 1/4",1,1,1,75,"A"]
["Men AAPF Master 80-84 181 3/4",1,1,1,82.5,"A"]
["Men AAPF Master 80-84 198 1/4",1,1,1,90,"A"]
["Men AAPF Master 80-84 220 1/4",1,1,1,100,"A"]
["Men AAPF Master 80-84 242 1/2",1,1,1,110,"A"]
["Men AAPF Master 80-84 275 1/4",1,1,1,125,"A"]
["Men AAPF Master 80-84 308",1,1,1,140,"A"]
["Men AAPF Master 80-84 SHW",1,1,1,227.5,"A"]
["Men Guest",0,1,0,227.5,"A"]
["Men Novice",0,1,0,227.5,"A"]
["Men Teen",1,1,1,227.5,"A"]
["Men Teen 13-15",1,1,1,227.5,"A"]
["Men Teen 13-15 114 1/2",1,1,1,52,"A"]
["Men Teen 13-15 123 1/2",1,1,1,56,"A"]
["Men Teen 13-15 132 1/4",1,1,1,60,"A"]
["Men Teen 13-15 148 3/4",1,1,1,67.5,"A"]
["Men Teen 13-15 165 1/4",1,1,1,75,"A"]
["Men Teen 13-15 181 3/4",1,1,1,82.5,"A"]
["Men Teen 13-15 198 1/4",1,1,1,90,"A"]
["Men Teen 13-15 220 1/4",1,1,1,100,"A"]
["Men Teen 13-15 242 1/2",1,1,1,110,"A"]
["Men Teen 13-15 275 1/4",1,1,1,125,"A"]
["Men Teen 13-15 308",1,1,1,140,"A"]
["Men Teen 13-15 SHW",1,1,1,227.5,"A"]
["Men Teen 16-17",1,1,1,227.5,"A"]
["Men Teen 16-17 114 1/2",1,1,1,52,"A"]
["Men Teen 16-17 123 1/2",1,1,1,56,"A"]
["Men Teen 16-17 132 1/4",1,1,1,60,"A"]
["Men Teen 16-17 148 3/4",1,1,1,67.5,"A"]
["Men Teen 16-17 165 1/4",1,1,1,75,"A"]
["Men Teen 16-17 181 3/4",1,1,1,82.5,"A"]
["Men Teen 16-17 198 1/4",1,1,1,90,"A"]
["Men Teen 16-17 220 1/4",1,1,1,100,"A"]
["Men Teen 16-17 242 1/2",1,1,1,110,"A"]
["Men Teen 16-17 275 1/4",1,1,1,125,"A"]
["Men Teen 16-17 308",1,1,1,140,"A"]
["Men Teen 16-17 SHW",1,1,1,227.5,"A"]
["Men Teen 18-19",1,1,1,227.5,"A"]
["Men Teen 18-19 114 1/2",1,1,1,52,"A"]
["Men Teen 18-19 123 1/2",1,1,1,56,"A"]
["Men Teen 18-19 132 1/4",1,1,1,60,"A"]
["Men Teen 18-19 148 3/4",1,1,1,67.5,"A"]
["Men Teen 18-19 165 1/4",1,1,1,75,"A"]
["Men Teen 18-19 181 3/4",1,1,1,82.5,"A"]
["Men Teen 18-19 198 1/4",1,1,1,90,"A"]
["Men Teen 18-19 220 1/4",1,1,1,100,"A"]
["Men Teen 18-19 242 1/2",1,1,1,110,"A"]
["Men Teen 18-19 275 1/4",1,1,1,125,"A"]
["Men Teen 18-19 308",1,1,1,140,"A"]
["Men Teen 18-19 SHW",1,1,1,227.5,"A"]
["Men JR",1,1,1,227.5,"A"]
["Men JR 114 1/2",1,1,1,52,"A"]
["Men JR 123 1/2",1,1,1,56,"A"]
["Men JR 132 1/4",1,1,1,60,"A"]
["Men JR 148 3/4",1,1,1,67.5,"A"]
["Men JR 165 1/4",1,1,1,75,"A"]
["Men JR 181 3/4",1,1,1,82.5,"A"]
["Men JR 198 1/4",1,1,1,90,"A"]
["Men JR 220 1/4",1,1,1,100,"A"]
["Men JR 242 1/2",1,1,1,110,"A"]
["Men JR 275 1/4",1,1,1,125,"A"]
["Men JR 308",1,1,1,140,"A"]
["Men JR SHW",1,1,1,227.5,"A"]
["Men Open",0,0,1,227.5,"A"]
["Men Open 114 1/2",0,0,1,52,"A"]
["Men Open 123 1/2",0,0,1,56,"A"]
["Men Open 132 1/4",0,0,1,60,"A"]
["Men Open 148 3/4",0,0,1,67.5,"A"]
["Men Open 165 1/4",0,0,1,75,"A"]
["Men Open 181 1/4",0,0,1,82.5,"A"]
["Men Open 198 1/4",0,0,1,90,"A"]
["Men Open 220 1/4",0,0,1,100,"A"]
["Men Open 242 1/2",0,0,1,110,"A"]
["Men Open 275 1/4",0,0,1,125,"A"]
["Men Open 308",0,0,1,140,"A"]
["Men Open SHW",0,0,1,227.5,"A"]
["Men SubMaster",0,0,1,227.5,"A"]
["Men SubMaster 114 1/2",0,0,1,52,"A"]
["Men SubMaster 123 1/2",0,0,1,56,"A"]
["Men SubMaster 132 1/4",0,0,1,60,"A"]
["Men SubMaster 148 3/4",0,0,1,67.5,"A"]
["Men SubMaster 165 1/4",0,0,1,75,"A"]
["Men SubMaster 181 3/4",0,0,1,82.5,"A"]
["Men SubMaster 198 1/4",0,0,1,90,"A"]
["Men SubMaster 220 1/4",0,0,1,100,"A"]
["Men SubMaster 242 1/2",0,0,1,110,"A"]
["Men SubMaster 275 1/4",0,0,1,125,"A"]
["Men SubMaster 308",0,0,1,140,"A"]
["Men SubMaster SHW",0,0,1,227.5,"A"]
["Men Master",1,1,1,227.5,"A"]
["Men Master (40-49)",1,1,1,227.5,"A"]
["Men Master (50+)",1,1,1,227.5,"A"]
["Men Master 40-44",1,1,1,227.5,"A"]
["Men Master 40-44 114 1/2",1,1,1,52,"A"]
["Men Master 40-44 123 1/2",1,1,1,56,"A"]
["Men Master 40-44 132 1/4",1,1,1,60,"A"]
["Men Master 40-44 148 3/4",1,1,1,67.5,"A"]
["Men Master 40-44 165 1/4",1,1,1,75,"A"]
["Men Master 40-44 181 3/4",1,1,1,82.5,"A"]
["Men Master 40-44 198 1/4",1,1,1,90,"A"]
["Men Master 40-44 220 1/4",1,1,1,100,"A"]
["Men Master 40-44 242 1/2",1,1,1,110,"A"]
["Men Master 40-44 275 1/4",1,1,1,125,"A"]
["Men Master 40-44 308",1,1,1,140,"A"]
["Men Master 40-44 SHW",1,1,1,227.5,"A"]
["Men Master 45-49",1,1,1,227.5,"A"]
["Men Master 45-49 114 1/2",1,1,1,52,"A"]
["Men Master 45-49 123 1/2",1,1,1,56,"A"]
["Men Master 45-49 132 1/4",1,1,1,60,"A"]
["Men Master 45-49 148 3/4",1,1,1,67.5,"A"]
["Men Master 45-49 165 1/4",1,1,1,75,"A"]
["Men Master 45-49 181 3/4",1,1,1,82.5,"A"]
["Men Master 45-49 198 1/4",1,1,1,90,"A"]
["Men Master 45-49 220 1/4",1,1,1,100,"A"]
["Men Master 45-49 242 1/2",1,1,1,110,"A"]
["Men Master 45-49 275 1/4",1,1,1,125,"A"]
["Men Master 45-49 308",1,1,1,140,"A"]
["Men Master 45-49 SHW",1,1,1,227.5,"A"]
["Men Master 50-54",1,1,1,227.5,"A"]
["Men Master 50-54 114 1/2",1,1,1,52,"A"]
["Men Master 50-54 123 1/2",1,1,1,56,"A"]
["Men Master 50-54 132 1/4",1,1,1,60,"A"]
["Men Master 50-54 148 3/4",1,1,1,67.5,"A"]
["Men Master 50-54 165 1/4",1,1,1,75,"A"]
["Men Master 50-54 181 3/4",1,1,1,82.5,"A"]
["Men Master 50-54 198 1/4",1,1,1,90,"A"]
["Men Master 50-54 220 1/4",1,1,1,100,"A"]
["Men Master 50-54 242 1/2",1,1,1,110,"A"]
["Men Master 50-54 275 1/4",1,1,1,125,"A"]
["Men Master 50-54 308",1,1,1,140,"A"]
["Men Master 50-54 SHW",1,1,1,227.5,"A"]
["Men Master 55-59",1,1,1,227.5,"A"]
["Men Master 55-59 114 1/2",1,1,1,52,"A"]
["Men Master 55-59 123 1/2",1,1,1,56,"A"]
["Men Master 55-59 132 1/4",1,1,1,60,"A"]
["Men Master 55-59 148 3/4",1,1,1,67.5,"A"]
["Men Master 55-59 165 1/4",1,1,1,75,"A"]
["Men Master 55-59 181 3/4",1,1,1,82.5,"A"]
["Men Master 55-59 198 1/4",1,1,1,90,"A"]
["Men Master 55-59 220 1/4",1,1,1,100,"A"]
["Men Master 55-59 242 1/2",1,1,1,110,"A"]
["Men Master 55-59 275 1/4",1,1,1,125,"A"]
["Men Master 55-59 308",1,1,1,140,"A"]
["Men Master 55-59 SHW",1,1,1,227.5,"A"]
["Men Master 60-64",1,1,1,227.5,"A"]
["Men Master 60-64 114 1/2",1,1,1,52,"A"]
["Men Master 60-64 123 1/2",1,1,1,56,"A"]
["Men Master 60-64 132 1/4",1,1,1,60,"A"]
["Men Master 60-64 148 3/4",1,1,1,67.5,"A"]
["Men Master 60-64 165 1/4",1,1,1,75,"A"]
["Men Master 60-64 181 3/4",1,1,1,82.5,"A"]
["Men Master 60-64 198 1/4",1,1,1,90,"A"]
["Men Master 60-64 220 1/4",1,1,1,100,"A"]
["Men Master 60-64 242 1/2",1,1,1,110,"A"]
["Men Master 60-64 275 1/4",1,1,1,125,"A"]
["Men Master 60-64 308",1,1,1,140,"A"]
["Men Master 60-64 SHW",1,1,1,227.5,"A"]
["Men Master 65-69",1,1,1,227.5,"A"]
["Men Master 65-69 114 1/2",1,1,1,52,"A"]
["Men Master 65-69 123 1/2",1,1,1,56,"A"]
["Men Master 65-69 132 1/4",1,1,1,60,"A"]
["Men Master 65-69 148 3/4",1,1,1,67.5,"A"]
["Men Master 65-69 165 1/4",1,1,1,75,"A"]
["Men Master 65-69 181 3/4",1,1,1,82.5,"A"]
["Men Master 65-69 198 1/4",1,1,1,90,"A"]
["Men Master 65-69 220 1/4",1,1,1,100,"A"]
["Men Master 65-69 242 1/2",1,1,1,110,"A"]
["Men Master 65-69 275 1/4",1,1,1,125,"A"]
["Men Master 65-69 308",1,1,1,140,"A"]
["Men Master 65-69 SHW",1,1,1,227.5,"A"]
["Men Master 70-74",1,1,1,227.5,"A"]
["Men Master 70-74 114 1/2",1,1,1,52,"A"]
["Men Master 70-74 123 1/2",1,1,1,56,"A"]
["Men Master 70-74 132 1/4",1,1,1,60,"A"]
["Men Master 70-74 148 3/4",1,1,1,67.5,"A"]
["Men Master 70-74 165 1/4",1,1,1,75,"A"]
["Men Master 70-74 181 3/4",1,1,1,82.5,"A"]
["Men Master 70-74 198 1/4",1,1,1,90,"A"]
["Men Master 70-74 220 1/4",1,1,1,100,"A"]
["Men Master 70-74 242 1/2",1,1,1,110,"A"]
["Men Master 70-74 275 1/4",1,1,1,125,"A"]
["Men Master 70-74 308",1,1,1,140,"A"]
["Men Master 70-74 SHW",1,1,1,227.5,"A"]
["Men Master 75-79",1,1,1,227.5,"A"]
["Men Master 75-79 114 1/2",1,1,1,52,"A"]
["Men Master 75-79 123 1/2",1,1,1,56,"A"]
["Men Master 75-79 132 1/4",1,1,1,60,"A"]
["Men Master 75-79 148 3/4",1,1,1,67.5,"A"]
["Men Master 75-79 165 1/4",1,1,1,75,"A"]
["Men Master 75-79 181 3/4",1,1,1,82.5,"A"]
["Men Master 75-79 198 1/4",1,1,1,90,"A"]
["Men Master 75-79 220 1/4",1,1,1,100,"A"]
["Men Master 75-79 242 1/2",1,1,1,110,"A"]
["Men Master 75-79 275 1/4",1,1,1,125,"A"]
["Men Master 75-79 308",1,1,1,140,"A"]
["Men Master 75-79 SHW",1,1,1,227.5,"A"]
["Men Master 80-84",1,1,1,227.5,"A"]
["Men Master 80-84 114 1/2",1,1,1,52,"A"]
["Men Master 80-84 123 1/2",1,1,1,56,"A"]
["Men Master 80-84 132 1/4",1,1,1,60,"A"]
["Men Master 80-84 148 3/4",1,1,1,67.5,"A"]
["Men Master 80-84 165 1/4",1,1,1,75,"A"]
["Men Master 80-84 181 3/4",1,1,1,82.5,"A"]
["Men Master 80-84 198 1/4",1,1,1,90,"A"]
["Men Master 80-84 220 1/4",1,1,1,100,"A"]
["Men Master 80-84 242 1/2",1,1,1,110,"A"]
["Men Master 80-84 275 1/4",1,1,1,125,"A"]
["Men Master 80-84 308",1,1,1,140,"A"]
["Men Master 80-84 SHW",1,1,1,227.5,"A"]
["Women AAPF Guest",0,1,0,137.5,"A"]
["Women AAPF Novice",0,1,0,137.5,"A"]
["Women AAPF Teen",1,1,1,137.5,"A"]
["Women AAPF Teen 13-15",1,1,1,137.5,"A"]
["Women AAPF Teen 13-15 097",1,1,1,44,"A"]
["Women AAPF Teen 13-15 105 3/4",1,1,1,48,"A"]
[]
["Women AAPF Teen 13-15 114 1/2",1,1,1,52,"A"]
["Women AAPF Teen 13-15 123 1/2",1,1,1,56,"A"]
["Women AAPF Teen 13-15 132 1/4",1,1,1,60,"A"]
["Women AAPF Teen 13-15 148 3/4",1,1,1,67.5,"A"]
["Women AAPF Teen 13-15 165 1/4",1,1,1,75,"A"]
["Women AAPF Teen 13-15 181 3/4",1,1,1,82.5,"A"]
["Women AAPF Teen 13-15 198 1/4",1,1,1,90,"A"]
["Women AAPF Teen 16-17",1,1,1,137.5,"A"]
["Women AAPF Teen 16-17 097",1,1,1,44,"A"]
["Women AAPF Teen 16-17 105 3/4",1,1,1,48,"A"]
["Women AAPF Teen 16-17 114 1/2",1,1,1,52,"A"]
["Women AAPF Teen 16-17 123 1/2",1,1,1,56,"A"]
["Women AAPF Teen 16-17 132 1/4",1,1,1,60,"A"]
["Women AAPF Teen 16-17 148 3/4",1,1,1,67.5,"A"]
["Women AAPF Teen 16-17 165 1/4",1,1,1,75,"A"]
["Women AAPF Teen 16-17 181 3/4",1,1,1,82.5,"A"]
["Women AAPF Teen 16-17 198 1/4",1,1,1,90,"A"]
["Women AAPF Teen 18-19",1,1,1,137.5,"A"]
["Women AAPF Teen 18-19 097",1,1,1,44,"A"]
["Women AAPF Teen 18-19 105 3/4",1,1,1,48,"A"]
["Women AAPF Teen 18-19 114 1/2",1,1,1,52,"A"]
["Women AAPF Teen 18-19 123 1/2",1,1,1,56,"A"]
["Women AAPF Teen 18-19 132 1/4",1,1,1,60,"A"]
["Women AAPF Teen 18-19 148 3/4",1,1,1,67.5,"A"]
["Women AAPF Teen 18-19 165 1/4",1,1,1,75,"A"]
["Women AAPF Teen 18-19 181 3/4",1,1,1,82.5,"A"]
["Women AAPF Teen 18-19 198 1/4",1,1,1,90,"A"]
["Women AAPF JR",1,1,1,137.5,"A"]
["Women AAPF JR 097",1,1,1,44,"A"]
["Women AAPF JR 105 3/4",1,1,1,48,"A"]
["Women AAPF JR 114 1/2",1,1,1,52,"A"]
["Women AAPF JR 123 1/2",1,1,1,56,"A"]
["Women AAPF JR 132 1/4",1,1,1,60,"A"]
["Women AAPF JR 148 3/4",1,1,1,67.5,"A"]
["Women AAPF JR 165 1/4",1,1,1,75,"A"]
["Women AAPF JR 181 3/4",1,1,1,82.5,"A"]
["Women AAPF JR 198 1/4",1,1,1,90,"A"]
["Women AAPF",0,1,1,137.5,"A"]
["Women AAPF 097",0,1,1,44,"A"]
["Women AAPF 105 3/4",0,1,1,48,"A"]
["Women AAPF 114 1/2",0,1,1,52,"A"]
["Women AAPF 123 1/2",0,1,1,56,"A"]
["Women AAPF 132 1/4",0,1,1,60,"A"]
["Women AAPF 148 3/4",0,1,1,67.5,"A"]
["Women AAPF 165 1/4",0,1,1,75,"A"]
["Women AAPF 181 3/4",0,1,1,82.5,"A"]
["Women AAPF 198 1/4",0,1,1,90,"A"]
["Women AAPF SHW",0,1,1,137.5,"A"]
["Women AAPF SubMstr",0,0,1,137.5,"I"]
["Women AAPF SubMstr 097",0,0,1,44,"A"]
["Women AAPF SubMstr 105-3/4",0,0,1,48,"A"]
["Women AAPF SubMstr 114-1/2",0,0,1,52,"A"]
["Women AAPF SubMstr 123-1/2",0,0,1,56,"A"]
["Women AAPF SubMstr 132-1/4",0,0,1,60,"A"]
["Women AAPF SubMstr 148-3/4",0,0,1,67.5,"A"]
["Women AAPF SubMstr 165-1/4",0,0,1,75,"A"]
["Women AAPF SubMstr 181-3/4",0,0,1,82.5,"A"]
["Women AAPF SubMstr 198-1/4",0,0,1,90,"A"]
["Women AAPF Master",1,1,1,137.5,"A"]
["Women AAPF Master (40-49)",1,1,1,137.5,"A"]
["Women AAPF Master (50+)",1,1,1,137.5,"A"]
["Women AAPF Master 40-44",1,1,1,137.5,"A"]
["Women AAPF Master 40-44 097",1,1,1,44,"A"]
["Women AAPF Master 40-44 105 3/4",1,1,1,48,"A"]
["Women AAPF Master 40-44 114 1/2",1,1,1,52,"A"]
["Women AAPF Master 40-44 123 1/2",1,1,1,56,"A"]
["Women AAPF Master 40-44 132 1/4",1,1,1,60,"A"]
["Women AAPF Master 40-44 148 3/4",1,1,1,67.5,"A"]
["Women AAPF Master 40-44 165 1/4",1,1,1,75,"A"]
["Women AAPF Master 40-44 181 3/4",1,1,1,82.5,"A"]
["Women AAPF Master 40-44 198 1/4",1,1,1,90,"A"]
["Women AAPF Master 45-49",1,1,1,137.5,"A"]
["Women AAPF Master 45-49 097",1,1,1,44,"A"]
["Women AAPF Master 45-49 105 3/4",1,1,1,48,"A"]
["Women AAPF Master 45-49 114 1/2",1,1,1,52,"A"]
["Women AAPF Master 45-49 123 1/2",1,1,1,56,"A"]
["Women AAPF Master 45-49 132 1/4",1,1,1,60,"A"]
["Women AAPF Master 45-49 148 3/4",1,1,1,67.5,"A"]
["Women AAPF Master 45-49 165 1/4",1,1,1,75,"A"]
["Women AAPF Master 45-49 181 3/4",1,1,1,82.5,"A"]
["Women AAPF Master 45-49 198 1/4",1,1,1,90,"A"]
["Women AAPF Master 50-54",1,1,1,137.5,"A"]
["Women AAPF Master 50-54 097",1,1,1,44,"A"]
["Women AAPF Master 50-54 105 3/4",1,1,1,48,"A"]
["Women AAPF Master 50-54 114 1/2",1,1,1,52,"A"]
["Women AAPF Master 50-54 123 1/2",1,1,1,56,"A"]
["Women AAPF Master 50-54 132 1/4",1,1,1,60,"A"]
["Women AAPF Master 50-54 148 3/4",1,1,1,67.5,"A"]
["Women AAPF Master 50-54 165 1/4",1,1,1,75,"A"]
["Women AAPF Master 50-54 181 3/4",1,1,1,82.5,"A"]
["Women AAPF Master 50-54 198 1/4",1,1,1,90,"A"]
["Women AAPF Master 55-59",1,1,1,137.5,"A"]
["Women AAPF Master 55-59 097",1,1,1,44,"A"]
["Women AAPF Master 55-59 105 3/4",1,1,1,48,"A"]
["Women AAPF Master 55-59 114 1/2",1,1,1,52,"A"]
["Women AAPF Master 55-59 123 1/2",1,1,1,56,"A"]
["Women AAPF Master 55-59 132 1/4",1,1,1,60,"A"]
["Women AAPF Master 55-59 148 3/4",1,1,1,67.5,"A"]
["Women AAPF Master 55-59 165 1/4",1,1,1,75,"A"]
["Women AAPF Master 55-59 181 3/4",1,1,1,82.5,"A"]
["Women AAPF Master 55-59 198 1/4",1,1,1,90,"A"]
["Women AAPF Master 60-64",1,1,1,137.5,"A"]
["Women AAPF Master 60-64 097",1,1,1,44,"A"]
["Women AAPF Master 60-64 105 3/4",1,1,1,48,"A"]
["Women AAPF Master 60-64 114 1/2",1,1,1,52,"A"]
["Women AAPF Master 60-64 123 1/2",1,1,1,56,"A"]
["Women AAPF Master 60-64 132 1/4",1,1,1,60,"A"]
["Women AAPF Master 60-64 148 3/4",1,1,1,67.5,"A"]
["Women AAPF Master 60-64 165 1/4",1,1,1,75,"A"]
["Women AAPF Master 60-64 181 3/4",1,1,1,82.5,"A"]
["Women AAPF Master 60-64 198 1/4",1,1,1,90,"A"]
["Women AAPF Master 65-69",1,1,1,137.5,"A"]
["Women AAPF Master 65-69 097",1,1,1,44,"A"]
["Women AAPF Master 65-69 105 3/4",1,1,1,48,"A"]
["Women AAPF Master 65-69 114 1/2",1,1,1,52,"A"]
["Women AAPF Master 65-69 123 1/2",1,1,1,56,"A"]
["Women AAPF Master 65-69 132 1/4",1,1,1,60,"A"]
["Women AAPF Master 65-69 148 3/4",1,1,1,67.5,"A"]
["Women AAPF Master 65-69 165 1/4",1,1,1,75,"A"]
["Women AAPF Master 65-69 181 3/4",1,1,1,82.5,"A"]
["Women AAPF Master 65-69 198 1/4",1,1,1,90,"A"]
["Women AAPF Master 70-74",1,1,1,137.5,"A"]
["Women AAPF Master 70-74 097",1,1,1,44,"A"]
["Women AAPF Master 70-74 105 3/4",1,1,1,48,"A"]
["Women AAPF Master 70-74 114 1/2",1,1,1,52,"A"]
["Women AAPF Master 70-74 123 1/2",1,1,1,56,"A"]
["Women AAPF Master 70-74 132 1/4",1,1,1,60,"A"]
["Women AAPF Master 70-74 148 3/4",1,1,1,67.5,"A"]
["Women AAPF Master 70-74 165 1/4",1,1,1,75,"A"]
["Women AAPF Master 70-74 181 3/4",1,1,1,82.5,"A"]
["Women AAPF Master 70-74 198 1/4",1,1,1,90,"A"]
["Women Guest",0,1,0,137.5,"A"]
["Women Novice",0,1,0,137.5,"A"]
["Women Teen",1,1,1,137.5,"A"]
["Women Teen 13-15",1,1,1,137.5,"A"]
["Women Teen 13-15 097",1,1,1,44,"A"]
["Women Teen 13-15 105 3/4",1,1,1,48,"A"]
["Women Teen 13-15 114 1/2",1,1,1,52,"A"]
["Women Teen 13-15 123 1/2",1,1,1,56,"A"]
["Women Teen 13-15 132 1/4",1,1,1,60,"A"]
["Women Teen 13-15 148 3/4",1,1,1,67.5,"A"]
["Women Teen 13-15 165 1/4",1,1,1,75,"A"]
["Women Teen 13-15 181 3/4",1,1,1,82.5,"A"]
["Women Teen 13-15 198 1/4",1,1,1,90,"A"]
["Women Teen 16-17",1,1,1,137.5,"A"]
["Women Teen 16-17 097",1,1,1,44,"A"]
["Women Teen 16-17 105 3/4",1,1,1,48,"A"]
["Women Teen 16-17 114 1/2",1,1,1,52,"A"]
["Women Teen 16-17 123 1/2",1,1,1,56,"A"]
["Women Teen 16-17 132 1/4",1,1,1,60,"A"]
["Women Teen 16-17 148 3/4",1,1,1,67.5,"A"]
["Women Teen 16-17 165 1/4",1,1,1,75,"A"]
["Women Teen 16-17 181 3/4",1,1,1,82.5,"A"]
["Women Teen 16-17 198 1/4",1,1,1,90,"A"]
["Women Teen 18-19",1,1,1,137.5,"A"]
["Women Teen 18-19 097",1,1,1,44,"A"]
["Women Teen 18-19 105 3/4",1,1,1,48,"A"]
["Women Teen 18-19 114 1/2",1,1,1,52,"A"]
["Women Teen 18-19 123 1/2",1,1,1,56,"A"]
["Women Teen 18-19 132 1/4",1,1,1,60,"A"]
["Women Teen 18-19 148 3/4",1,1,1,67.5,"A"]
["Women Teen 18-19 165 1/4",1,1,1,75,"A"]
["Women Teen 18-19 181 3/4",1,1,1,82.5,"A"]
["Women Teen 18-19 198 1/4",1,1,1,90,"A"]
["Women JR",1,1,1,137.5,"A"]
["Women JR 097",1,1,1,44,"A"]
["Women JR 105-3/4",1,1,1,48,"A"]
["Women JR 114-1/2",1,1,1,52,"A"]
["Women JR 123-1/2",1,1,1,56,"A"]
["Women JR 132-1/4",1,1,1,60,"A"]
["Women JR 148-3/4",1,1,1,67.5,"A"]
["Women JR 165-1/4",1,1,1,75,"A"]
["Women JR 181-3/4",1,1,1,82.5,"A"]
["Women JR 198-1/4",1,1,1,90,"A"]
["Women Open",0,0,1,137.5,"A"]
["Women Open 097",0,0,1,44,"A"]
["Women Open 105-3/4",0,0,1,48,"A"]
["Women Open 114-1/2",0,0,1,52,"A"]
["Women Open 123-1/2",0,0,1,56,"A"]
["Women Open 132-1/4",0,0,1,60,"A"]
["Women Open 148-3/4",0,0,1,67.5,"A"]
["Women Open 165-1/4",0,0,1,75,"A"]
["Women Open 181-3/4",0,0,1,82.5,"A"]
["Women Open 198-1/4",0,0,1,90,"A"]
["Women Open SHW",0,0,1,137.5,"A"]
["Women SubMstr",0,0,1,137.5,"I"]
["Women SubMstr 097",0,0,1,44,"A"]
["Women SubMstr 105-3/4",0,0,1,48,"A"]
["Women SubMstr 114-1/2",0,0,1,52,"A"]
["Women SubMstr 123-1/2",0,0,1,56,"A"]
["Women SubMstr 132-1/4",0,0,1,60,"A"]
["Women SubMstr 148-3/4",0,0,1,67.5,"A"]
["Women SubMstr 165-1/4",0,0,1,75,"A"]
["Women SubMstr 181-3/4",0,0,1,82.5,"A"]
["Women SubMstr 198-1/4",0,0,1,90,"A"]
["Women Master",1,1,1,137.5,"A"]
["Women Master (40-49)",1,1,1,137.5,"A"]
["Women Master (50+)",1,1,1,137.5,"A"]
["Women Master 40-44",1,1,1,137.5,"A"]
["Women Master 40-44 097",1,1,1,44,"A"]
["Women Master 40-44 105 3/4",1,1,1,48,"A"]
["Women Master 40-44 114 1/2",1,1,1,52,"A"]
["Women Master 40-44 123 1/2",1,1,1,56,"A"]
["Women Master 40-44 132 1/4",1,1,1,60,"A"]
["Women Master 40-44 148 3/4",1,1,1,67.5,"A"]
["Women Master 40-44 165 1/4",1,1,1,75,"A"]
["Women Master 40-44 181 3/4",1,1,1,82.5,"A"]
["Women Master 40-44 198 1/4",1,1,1,90,"A"]
["Women Master 45-49",1,1,1,137.5,"A"]
["Women Master 45-49 097",1,1,1,44,"A"]
["Women Master 45-49 105 3/4",1,1,1,48,"A"]
["Women Master 45-49 114 1/2",1,1,1,52,"A"]
["Women Master 45-49 123 1/2",1,1,1,56,"A"]
["Women Master 45-49 132 1/4",1,1,1,60,"A"]
["Women Master 45-49 148 3/4",1,1,1,67.5,"A"]
["Women Master 45-49 165 1/4",1,1,1,75,"A"]
["Women Master 45-49 181 3/4",1,1,1,82.5,"A"]
["Women Master 45-49 198 1/4",1,1,1,90,"A"]
["Women Master 50-54",1,1,1,137.5,"A"]
["Women Master 50-54 097",1,1,1,44,"A"]
["Women Master 50-54 105 3/4",1,1,1,48,"A"]
["Women Master 50-54 114 1/2",1,1,1,52,"A"]
["Women Master 50-54 123 1/2",1,1,1,56,"A"]
["Women Master 50-54 132 1/4",1,1,1,60,"A"]
["Women Master 50-54 148 3/4",1,1,1,67.5,"A"]
["Women Master 50-54 165 1/4",1,1,1,75,"A"]
["Women Master 50-54 181 3/4",1,1,1,82.5,"A"]
["Women Master 50-54 198 1/4",1,1,1,90,"A"]
["Women Master 55-59",1,1,1,137.5,"A"]
["Women Master 55-59 097",1,1,1,44,"A"]
["Women Master 55-59 105 3/4",1,1,1,48,"A"]
["Women Master 55-59 114 1/2",1,1,1,52,"A"]
["Women Master 55-59 123 1/2",1,1,1,56,"A"]
["Women Master 55-59 132 1/4",1,1,1,60,"A"]
["Women Master 55-59 148 3/4",1,1,1,67.5,"A"]
["Women Master 55-59 165 1/4",1,1,1,75,"A"]
["Women Master 55-59 181 3/4",1,1,1,82.5,"A"]
["Women Master 55-59 198 1/4",1,1,1,90,"A"]
["Women Master 60-64",1,1,1,137.5,"A"]
["Women Master 60-64 097",1,1,1,44,"A"]
["Women Master 60-64 105 3/4",1,1,1,48,"A"]
["Women Master 60-64 114 1/2",1,1,1,52,"A"]
["Women Master 60-64 123 1/2",1,1,1,56,"A"]
["Women Master 60-64 132 1/4",1,1,1,60,"A"]
["Women Master 60-64 148 3/4",1,1,1,67.5,"A"]
["Women Master 60-64 165 1/4",1,1,1,75,"A"]
["Women Master 60-64 181 3/4",1,1,1,82.5,"A"]
["Women Master 60-64 198 1/4",1,1,1,90,"A"]
["Women Master 65-69",1,1,1,137.5,"A"]
["Women Master 65-69 097",1,1,1,44,"A"]
["Women Master 65-69 105 3/4",1,1,1,48,"A"]
["Women Master 65-69 114 1/2",1,1,1,52,"A"]
["Women Master 65-69 123 1/2",1,1,1,56,"A"]
["Women Master 65-69 132 1/4",1,1,1,60,"A"]
["Women Master 65-69 148 3/4",1,1,1,67.5,"A"]
["Women Master 65-69 165 1/4",1,1,1,75,"A"]
["Women Master 65-69 181 3/4",1,1,1,82.5,"A"]
["Women Master 65-69 198 1/4",1,1,1,90,"A"]
["Women Master 70-74",1,1,1,137.5,"A"]
["Women Master 70-74 097",1,1,1,44,"A"]
["Women Master 70-74 105 3/4",1,1,1,48,"A"]
["Women Master 70-74 114 1/2",1,1,1,52,"A"]
["Women Master 70-74 123 1/2",1,1,1,56,"A"]
["Women Master 70-74 132 1/4",1,1,1,60,"A"]
["Women Master 70-74 148 3/4",1,1,1,67.5,"A"]
["Women Master 70-74 165 1/4",1,1,1,75,"A"]
["Women Master 70-74 181 3/4",1,1,1,82.5,"A"]
["Women Master 70-74 198 1/4",1,1,1,90,"A"]

{"sheet":"Module1","index":9,"n_rows":0,"n_cols":0,"rows_kept":0,"cut":false,"hidden":true,"merged":[]}